000
CXUS53 KUNR 011030
CF6GCC
PRELIMINARY LOCAL CLIMATOLOGICAL DATA (WS FORM: F-6)
STATION: GILLETTE AIRPORT WY
MONTH: DECEMBER
YEAR: 2023
LATITUDE: 44 20 N
LONGITUDE: 105 32 W
TEMPERATURE IN F: :PCPN: SNOW: WIND :SUNSHINE: SKY :PK WND
================================================================================
1 2 3 4 5 6A 6B 7 8 9 10 11 12 13 14 15 16 17 18
12Z AVG MX 2MIN
DY MAX MIN AVG DEP HDD CDD WTR SNW DPTH SPD SPD DIR MIN PSBL S-S WX SPD DR
================================================================================
1 37 18 28 0 37 0 0.00 M M 5.2 13 190 M M 2 16 180
2 39 20 30 2 35 0 0.00 M M 10.5 23 230 M M 4 30 230
3 38 20 29 2 36 0 T M M 14.8 31 310 M M 7 40 320
4 40 28 34 7 31 0 0.12 M M 13.8 24 330 M M 4 1 30 330
5 57 28 43 16 22 0 0.00 M M 14.7 23 230 M M 5 31 230
6 60 44 52 26 13 0 0.00 M M 19.7 36 210 M M 0 48 220
7 58 30 44 18 21 0 0.01 M M 19.6 35 220 M M 4 46 220
8 34 28 31 5 34 0 T M M 16.1 25 320 M M 6 33 320
9 34 18 26 0 39 0 T M M 12.2 22 310 M M 6 1 28 310
10 46 25 36 10 29 0 0.00 M M 11.0 24 330 M M 7 35 320
11 45 26 36 11 29 0 0.01 M M 8.9 20 310 M M 6 18 27 310
12 38 19 29 4 36 0 0.00 M M 9.5 24 170 M M 3 32 170
13 36 19 28 3 37 0 0.00 M M 11.2 21 170 M M 0 29 170
14 47 25 36 11 29 0 0.00 M M 10.1 28 170 M M 0 1 37 180
15 45 17 31 6 34 0 0.00 M M 6.6 21 330 M M 0 27 320
16 60 19 40 15 25 0 0.00 M M 6.9 20 230 M M 0 24 230
17 48 18 33 8 32 0 0.00 M M 9.0 23 320 M M 0 33 320
18 57 24 41 16 24 0 0.00 M M 9.8 22 160 M M 0 27 210
19 59 29 44 19 21 0 0.00 M M 5.8 20 240 M M 2 25 240
20 59 24 42 17 23 0 0.00 M M 3.8 15 220 M M 0 20 220
21 55 24 40 15 25 0 0.00 M M 5.0 12 170 M M 0 16 330
22 56 20 38 13 27 0 0.00 M M 6.0 18 210 M M 0 24 200
23 48 24 36 11 29 0 0.05 M M 14.9 31 320 M M 4 18 42 320
24 28 0 14 -11 51 0 T M M 11.9 26 330 M M 2 1 34 330
25 29 -1 14 -11 51 0 0.00 M M 7.6 16 350 M M 2 21 340
26 37 15 26 1 39 0 0.00 M M 9.1 17 350 M M 8 24 350
27 44 16 30 5 35 0 0.00 M M 7.6 16 320 M M 0 21 330
28 51 13 32 7 33 0 0.00 M M 4.8 14 270 M M 0 17 270
29 50 25 38 13 27 0 0.00 M M 6.7 15 270 M M 3 17 240
30 48 18 33 8 32 0 0.00 M M 3.5 10 160 M M 0 12 160
31 43 18 31 6 34 0 0.00 M M 11.0 20 150 M M 0 24 160
================================================================================
SM 1426 651 970 0 0.19 M 307.3 M 75
================================================================================
AV 46.0 21.0 9.9 FASTST M M 2 MAX(MPH)
MISC ----> 36 210 48 220
================================================================================
NOTES:
# LAST OF SEVERAL OCCURRENCES
COLUMN 17 PEAK WIND IN M.P.H.
PRELIMINARY LOCAL CLIMATOLOGICAL DATA (WS FORM: F-6) , PAGE 2
STATION: GILLETTE AIRPORT WY
MONTH: DECEMBER
YEAR: 2023
LATITUDE: 44 20 N
LONGITUDE: 105 32 W
[TEMPERATURE DATA] [PRECIPITATION DATA] SYMBOLS USED IN COLUMN 16
AVERAGE MONTHLY: 33.5 TOTAL FOR MONTH: 0.19 1 = FOG OR MIST
DPTR FM NORMAL: 8.1 DPTR FM NORMAL: -0.17 2 = FOG REDUCING VISIBILITY
HIGHEST: 60 ON 16, 6 GRTST 24HR 0.12 ON 4- 4 TO 1/4 MILE OR LESS
LOWEST: -1 ON 25 3 = THUNDER
SNOW, ICE PELLETS, HAIL 4 = ICE PELLETS
TOTAL MONTH: M 5 = HAIL
GRTST 24HR M ON M 6 = FREEZING RAIN OR DRIZZLE
GRTST DEPTH: M ON M 7 = DUSTSTORM OR SANDSTORM:
VSBY 1/2 MILE OR LESS
8 = SMOKE OR HAZE
[NO. OF DAYS WITH] [WEATHER - DAYS WITH] 9 = BLOWING SNOW
X = TORNADO
MAX 32 OR BELOW: 2 0.01 INCH OR MORE: 4
MAX 90 OR ABOVE: 0 0.10 INCH OR MORE: 1
MIN 32 OR BELOW: 30 0.50 INCH OR MORE: 0
MIN 0 OR BELOW: 2 1.00 INCH OR MORE: 0
[HDD (BASE 65) ]
TOTAL THIS MO. 970 CLEAR (SCALE 0-3) 20
DPTR FM NORMAL -256 PTCLDY (SCALE 4-7) 11
TOTAL FM JUL 1 2360 CLOUDY (SCALE 8-10) 0
DPTR FM NORMAL -681
[CDD (BASE 65) ]
TOTAL THIS MO. 0
DPTR FM NORMAL 0 [PRESSURE DATA]
TOTAL FM JAN 1 479 HIGHEST SLP 30.52 ON 13
DPTR FM NORMAL -40 LOWEST SLP 29.37 ON 7
[REMARKS]
#FINAL-12-23#