000
CXUS53 KUNR 011030
CF6GCC
PRELIMINARY LOCAL CLIMATOLOGICAL DATA (WS FORM: F-6)
STATION: GILLETTE AIRPORT WY
MONTH: DECEMBER
YEAR: 2020
LATITUDE: 44 20 N
LONGITUDE: 105 32 W
TEMPERATURE IN F: :PCPN: SNOW: WIND :SUNSHINE: SKY :PK WND
================================================================================
1 2 3 4 5 6A 6B 7 8 9 10 11 12 13 14 15 16 17 18
12Z AVG MX 2MIN
DY MAX MIN AVG DEP HDD CDD WTR SNW DPTH SPD SPD DIR MIN PSBL S-S WX SPD DR
================================================================================
1 38 16 27 1 38 0 T M M 18.2 32 320 M M 4 18 42 320
2 36 12 24 -2 41 0 0.00 M M 8.2 15 250 M M 0 20 240
3 48 22 35 10 30 0 0.00 M M 9.8 16 260 M M 0 22 250
4 54 22 38 13 27 0 0.00 M M 9.9 20 330 M M 0 24 340
5 53 18 36 11 29 0 0.00 M M 5.9 15 250 M M 0 18 250
6 57 20 39 15 26 0 0.00 M M 6.5 14 270 M M 0 19 250
7 58 25 42 18 23 0 0.00 M M 8.3 18 240 M M 0 8 22 240
8 66 36 51 27 14 0 0.00 M M 11.3 22 230 M M 0 28 220
9 64 28 46 22 19 0 0.00 M M 13.9 30 240 M M 0 40 210
10 34 18 26 2 39 0 0.00 M M 6.5 17 350 M M 8 22 360
11 31 14 23 -1 42 0 0.05 M M 9.1 17 170 M M 10 18 22 180
12 27 8 18 -6 47 0 0.10 M M 9.7 20 310 M M 10 18 23 160
13 25 5 15 -9 50 0 0.00 M M 7.1 17 260 M M 2 22 260
14 25 15 20 -4 45 0 0.04 M M 5.1 13 290 M M 8 1 17 290
15 29 20 25 2 40 0 0.00 M M 11.4 22 210 M M 6 27 210
16 38 23 31 8 34 0 T M M 11.6 25 300 M M 7 18 35 300
17 41 24 33 10 32 0 0.01 M M 14.1 28 220 M M 2 36 230
18 38 24 31 7 34 0 0.03 M M 11.3 22 210 M M 3 1 27 220
19 48 24 36 12 29 0 0.00 M M 15.7 26 210 M M 2 37 210
20 51 28 40 16 25 0 0.00 M M 18.3 30 230 M M 1 38 230
21 48 25 37 13 28 0 0.00 M M 11.8 32 210 M M 1 46 230
22 59 21 40 16 25 0 0.05 M M 28.8 43 320 M M 3 18 57 320
23 24 9 17 -7 48 0 T M M 19.8 46 330 M M 5 1 58 340
24 46 23 35 11 30 0 0.00 M M 16.1 28 230 M M 5 35 230
25 48 23 36 12 29 0 0.00 M M 8.5 26 230 M M 0 39 220
26 43 25 34 10 31 0 0.01 M M 6.7 20 250 M M 4 1 26 250
27 34 27 31 7 34 0 0.04 M M 11.0 18 320 M M 10 18 24 310
28 31 12 22 -2 43 0 0.00 M M 9.4 21 160 M M 3 25 160
29 31 14 23 -2 42 0 0.00 M M 11.3 28 310 M M 4 34 310
30 38 16 27 2 38 0 0.00 M M 9.9 18 210 M M 1 24 220
31 43 26 35 10 30 0 0.00 M M 8.9 23 230 M M 3 33 240
================================================================================
SM 1306 623 1042 0 0.33 M 354.1 M 102
================================================================================
AV 42.1 20.1 11.4 FASTST M M 3 MAX(MPH)
MISC ----> 46 330 58 340
================================================================================
NOTES:
# LAST OF SEVERAL OCCURRENCES
COLUMN 17 PEAK WIND IN M.P.H.
PRELIMINARY LOCAL CLIMATOLOGICAL DATA (WS FORM: F-6) , PAGE 2
STATION: GILLETTE AIRPORT WY
MONTH: DECEMBER
YEAR: 2020
LATITUDE: 44 20 N
LONGITUDE: 105 32 W
[TEMPERATURE DATA] [PRECIPITATION DATA] SYMBOLS USED IN COLUMN 16
AVERAGE MONTHLY: 31.1 TOTAL FOR MONTH: 0.33 1 = FOG OR MIST
DPTR FM NORMAL: 6.9 DPTR FM NORMAL: -0.07 2 = FOG REDUCING VISIBILITY
HIGHEST: 66 ON 8 GRTST 24HR 0.14 ON 11-12 TO 1/4 MILE OR LESS
LOWEST: 5 ON 13 3 = THUNDER
SNOW, ICE PELLETS, HAIL 4 = ICE PELLETS
TOTAL MONTH: M 5 = HAIL
GRTST 24HR M ON M 6 = FREEZING RAIN OR DRIZZLE
GRTST DEPTH: M ON M 7 = DUSTSTORM OR SANDSTORM:
VSBY 1/2 MILE OR LESS
8 = SMOKE OR HAZE
[NO. OF DAYS WITH] [WEATHER - DAYS WITH] 9 = BLOWING SNOW
X = TORNADO
MAX 32 OR BELOW: 8 0.01 INCH OR MORE: 8
MAX 90 OR ABOVE: 0 0.10 INCH OR MORE: 1
MIN 32 OR BELOW: 30 0.50 INCH OR MORE: 0
MIN 0 OR BELOW: 0 1.00 INCH OR MORE: 0
[HDD (BASE 65) ]
TOTAL THIS MO. 1042 CLEAR (SCALE 0-3) 17
DPTR FM NORMAL -224 PTCLDY (SCALE 4-7) 11
TOTAL FM JUL 1 2744 CLOUDY (SCALE 8-10) 3
DPTR FM NORMAL -396
[CDD (BASE 65) ]
TOTAL THIS MO. 0
DPTR FM NORMAL 0 [PRESSURE DATA]
TOTAL FM JAN 1 666 HIGHEST SLP 30.69 ON 2
DPTR FM NORMAL 164 LOWEST SLP 29.26 ON 22
[REMARKS]
#FINAL-12-20#