000
CXUS56 KFGZ 010910
CF6GCN
PRELIMINARY LOCAL CLIMATOLOGICAL DATA (WS FORM: F-6)
STATION: GRAND CANYON AZ AIRPORT
MONTH: APRIL
YEAR: 2023
LATITUDE: 35 57 N
LONGITUDE: 112 9 W
TEMPERATURE IN F: :PCPN: SNOW: WIND :SUNSHINE: SKY :PK WND
================================================================================
1 2 3 4 5 6A 6B 7 8 9 10 11 12 13 14 15 16 17 18
12Z AVG MX 2MIN
DY MAX MIN AVG DEP HDD CDD WTR SNW DPTH SPD SPD DIR MIN PSBL S-S WX SPD DR
================================================================================
1 61 21 41 0 24 0 0.00 M M 3.9 21 230 M M 0 27 230
2 63 21 42 1 23 0 0.00 M M 12.5 29 230 M M 0 40 230
3 56 24 40 -1 25 0 T M M 21.1 45 230 M M 4 8 59 230
4 29 14 22 -20 43 0 0.03 M M 7.9 20 250 M M 6 18 33 320
5 41 9 25 -17 40 0 0.00 M M 2.8 16 240 M M 0 23 260
6 51 17 34 -8 31 0 0.00 M M 12.4 22 60 M M 0 29 60
7 62 27 45 3 20 0 0.00 M M 7.9 24 220 M M 0 31 220
8 62 23 43 1 22 0 0.00 M M 2.9 14 220 M M 0 19 220
9 68 23 46 4 19 0 0.00 M M 4.6 16 60 M M 0 23 90
10 73 28 51 9 14 0 0.00 M M 7.6 18 80 M M 0 26 70
11 79 29 54 12 11 0 0.00 M M 7.0 25 220 M M 1 32 220
12 70 29 50 8 15 0 0.00 M M 10.1 32 220 M M 0 43 210
13 61 28 45 2 20 0 0.00 M M 10.9 29 220 M M 2 40 210
14 59 25 42 -1 23 0 0.00 M M 8.2 22 240 M M 4 27 230
15 64 18 41 -2 24 0 0.00 M M 3.5 14 40 M M 0 23 40
16 69 24 47 4 18 0 0.00 M M 4.5 18 220 M M 0 26 210
17 70 25 48 5 17 0 0.00 M M 8.0 26 230 M M 0 35 200
18 66 37 52 9 13 0 0.00 M M 18.3 37 220 M M 1 51 230
19 53 23 38 -6 27 0 0.00 M M 9.3 21 250 M M 1 29 260
20 56 16 36 -8 29 0 0.00 M M 5.1 16 280 M M 0 25 280
21 66 20 43 -1 22 0 0.00 M M 4.6 17 260 M M 0 25 250
22 65 30 48 4 17 0 0.00 M M 4.3 15 260 M M 0 22 230
23 66 29 48 4 17 0 0.00 M M 3.9 18 220 M M 2 21 220
24 69 31 50 5 15 0 0.00 M M 6.9 22 270 M M 2 35 260
25 61 26 44 -1 21 0 0.00 M M 8.2 21 260 M M 0 35 350
26 65 22 44 -1 21 0 0.00 M M 5.4 18 40 M M 0 25 50
27 72 27 50 5 15 0 0.00 M M 4.2 16 350 M M 0 26 350
28 68 29 49 3 16 0 0.00 M M 6.4 21 50 M M 0 25 40
29 79 28 54 8 11 0 0.00 M M 3.1 14 260 M M 0 21 220
30 80 29 55 9 10 0 0.00 M M 5.1 22 220 M M 0 30 220
================================================================================
SM 1904 732 623 0 0.03 M 220.6 M 23
================================================================================
AV 63.5 24.4 7.4 FASTST M M 1 MAX(MPH)
MISC ----> 45 230 59 230
================================================================================
NOTES:
# LAST OF SEVERAL OCCURRENCES
COLUMN 17 PEAK WIND IN M.P.H.
PRELIMINARY LOCAL CLIMATOLOGICAL DATA (WS FORM: F-6) , PAGE 2
STATION: GRAND CANYON AZ AIRPORT
MONTH: APRIL
YEAR: 2023
LATITUDE: 35 57 N
LONGITUDE: 112 9 W
[TEMPERATURE DATA] [PRECIPITATION DATA] SYMBOLS USED IN COLUMN 16
AVERAGE MONTHLY: 43.9 TOTAL FOR MONTH: 0.03 1 = FOG OR MIST
DPTR FM NORMAL: 0.7 DPTR FM NORMAL: -0.66 2 = FOG REDUCING VISIBILITY
HIGHEST: 80 ON 30 GRTST 24HR 0.03 ON 3- 4 TO 1/4 MILE OR LESS
LOWEST: 9 ON 5 3 = THUNDER
SNOW, ICE PELLETS, HAIL 4 = ICE PELLETS
TOTAL MONTH: M 5 = HAIL
GRTST 24HR M ON M 6 = FREEZING RAIN OR DRIZZLE
GRTST DEPTH: M ON M 7 = DUSTSTORM OR SANDSTORM:
VSBY 1/2 MILE OR LESS
8 = SMOKE OR HAZE
[NO. OF DAYS WITH] [WEATHER - DAYS WITH] 9 = BLOWING SNOW
X = TORNADO
MAX 32 OR BELOW: 1 0.01 INCH OR MORE: 1
MAX 90 OR ABOVE: 0 0.10 INCH OR MORE: 0
MIN 32 OR BELOW: 29 0.50 INCH OR MORE: 0
MIN 0 OR BELOW: 0 1.00 INCH OR MORE: 0
[HDD (BASE 65) ]
TOTAL THIS MO. 623 CLEAR (SCALE 0-3) 27
DPTR FM NORMAL -29 PTCLDY (SCALE 4-7) 3
TOTAL FM JUL 1 6790 CLOUDY (SCALE 8-10) 0
DPTR FM NORMAL 576
[CDD (BASE 65) ]
TOTAL THIS MO. 0
DPTR FM NORMAL 0 [PRESSURE DATA]
TOTAL FM JAN 1 0 HIGHEST SLP M ON M
DPTR FM NORMAL 0 LOWEST SLP 29.31 ON 3
[REMARKS]
#FINAL-04-23#