000
CXUS54 KMAF 011722
CF6GDP
PRELIMINARY LOCAL CLIMATOLOGICAL DATA (WS FORM: F-6)
STATION: GUADALUPE PASS
MONTH: JANUARY
YEAR: 2022
LATITUDE: 31 49 N
LONGITUDE: 104 48 W
TEMPERATURE IN F: :PCPN: SNOW: WIND :SUNSHINE: SKY :PK WND
================================================================================
1 2 3 4 5 6A 6B 7 8 9 10 11 12 13 14 15 16 17 18
12Z AVG MX 2MIN
DY MAX MIN AVG DEP HDD CDD WTR SNW DPTH SPD SPD DIR MIN PSBL S-S WX SPD DR
================================================================================
1 M M M M M M M M M M M M M M M M M
2 M M M M M M M M M M M M M M M M M
3 M M M M M M M M M M M M M M M M M
4 M M M M M M M M M M M M M M M M M
5 M M M M M M 0.00 M M M 37 250 M M M 42 250
6 54 33 44 2 21 0 0.00 M M 16.6 32 260 M M M 36 260
7 64 40 52 10 13 0 0.00 M M 20.3 33 250 M M M 38 230
8 63 42 53 11 12 0 0.00 M M 26.7 52 250 M M M 61 250
9 53 33 43 1 22 0 0.00 M M 29.2 40 60 M M M 44 50
10 38 32 35 -7 30 0 T M M 33.9 44 50 M M M 47 50
11 50 31 41 -1 24 0 T M M 16.6 25 50 M M 0 27 60
12 50 34 42 0 23 0 M M M 18.8 32 240 M M 0 36 240
13 61 39 50 7 15 0 0.00 M M 15.8 29 240 M M M 33 240
14 64 38 51 8 14 0 0.00 M M 24.1 51 50 M M M 58 40
15 46 30 38 -5 27 0 0.00 M M 23.5 47 40 M M M 55 40
16 57 28 43 0 22 0 0.00 M M 20.4 35 240 M M 0 42 240
17 60 38 49 6 16 0 0.00 0.0 M 18.7 37 250 M M M 41 250
18 61 40 51 8 14 0 0.00 0.0 M 34.0 59 250 M M M 69 240
19 58 28 43 0 22 0 M M M M 47 50 M M 7 51 50
20 31 19 25 -18 40 0 0.00 M M 29.6 44 50 M M 4 18 47 50
21 48 20 34 -10 31 0 0.00 M M 18.0 29 240 M M 0 8 33 230
22 39 22 31 -13 34 0 0.00 M M 36.7 51 60 M M 0 8 54 60
23 41 25 33 -11 32 0 0.00 M M 26.2 49 50 M M 4 53 60
24 54 27 41 -3 24 0 0.00 M M 18.1 35 250 M M 1 18 42 250
25 53 37 45 1 20 0 M M M 13.4 25 240 M M 0 30 240
26 49 23 36 -8 29 0 T M M 21.6 43 50 M M 0 189 46 40
27 57 29 43 -1 22 0 0.00 M M 18.7 49 50 M M 0 58 60
28 42 23 33 -11 32 0 0.00 M M 20.0 43 50 M M 0 49 40
29 52 27 40 -5 25 0 0.00 M M 13.0 26 240 M M 0 32 240
30 61 37 49 4 16 0 0.00 M M 14.3 26 270 M M 3 34 280
31 58 33 46 1 19 0 0.00 M M 20.1 35 250 M M 1 41 240
================================================================================
SM 1364 808 599 0 T 0.0 548.3 M 20
================================================================================
AV 52.5 31.1 21.9 FASTST M M 1 MAX(MPH)
MISC ----> 59 250 69 240
================================================================================
NOTES:
# LAST OF SEVERAL OCCURRENCES
COLUMN 17 PEAK WIND IN M.P.H.
PRELIMINARY LOCAL CLIMATOLOGICAL DATA (WS FORM: F-6) , PAGE 2
STATION: GUADALUPE PASS
MONTH: JANUARY
YEAR: 2022
LATITUDE: 31 49 N
LONGITUDE: 104 48 W
[TEMPERATURE DATA] [PRECIPITATION DATA] SYMBOLS USED IN COLUMN 16
AVERAGE MONTHLY: 41.8 TOTAL FOR MONTH: T 1 = FOG OR MIST
DPTR FM NORMAL: -1.3 DPTR FM NORMAL: -0.30 2 = FOG REDUCING VISIBILITY
HIGHEST: 64 ON 14, 7 GRTST 24HR 0.01 ON 20-20 TO 1/4 MILE OR LESS
LOWEST: 19 ON 20 3 = THUNDER
SNOW, ICE PELLETS, HAIL 4 = ICE PELLETS
TOTAL MONTH: 0.0 INCH 5 = HAIL
GRTST 24HR 0.0 6 = FREEZING RAIN OR DRIZZLE
GRTST DEPTH: M ON M 7 = DUSTSTORM OR SANDSTORM:
VSBY 1/2 MILE OR LESS
8 = SMOKE OR HAZE
[NO. OF DAYS WITH] [WEATHER - DAYS WITH] 9 = BLOWING SNOW
X = TORNADO
MAX 32 OR BELOW: 1 0.01 INCH OR MORE: 0
MAX 90 OR ABOVE: 0 0.10 INCH OR MORE: 0
MIN 32 OR BELOW: 14 0.50 INCH OR MORE: 0
MIN 0 OR BELOW: 0 1.00 INCH OR MORE: 0
[HDD (BASE 65) ]
TOTAL THIS MO. 599 CLEAR (SCALE 0-3) 13
DPTR FM NORMAL -81 PTCLDY (SCALE 4-7) 3
TOTAL FM JUL 1 1222 CLOUDY (SCALE 8-10) 15
DPTR FM NORMAL -747
[CDD (BASE 65) ]
TOTAL THIS MO. 0
DPTR FM NORMAL 0 [PRESSURE DATA]
TOTAL FM JAN 1 0 HIGHEST SLP 30.57 ON 28
DPTR FM NORMAL 0 LOWEST SLP 29.82 ON 31
[REMARKS]
#FINAL-01-22#