000
CXUS51 KPHI 010815
CF6GED
PRELIMINARY LOCAL CLIMATOLOGICAL DATA (WS FORM: F-6)
STATION: GEORGETOWN DE
MONTH: AUGUST
YEAR: 2023
LATITUDE: 38 41 N
LONGITUDE: 75 22 W
TEMPERATURE IN F: :PCPN: SNOW: WIND :SUNSHINE: SKY :PK WND
================================================================================
1 2 3 4 5 6A 6B 7 8 9 10 11 12 13 14 15 16 17 18
12Z AVG MX 2MIN
DY MAX MIN AVG DEP HDD CDD WTR SNW DPTH SPD SPD DIR MIN PSBL S-S WX SPD DR
================================================================================
1 80 63 72 -6 0 7 0.00 M M 4.5 14 50 M M 0 1 18 30
2 81 59 70 -8 0 5 0.00 M M 3.5 12 120 M M 0 16 40
3 81 62 72 -6 0 7 0.01 M M 5.0 14 190 M M 7 19 180
4 74 67 71 -7 0 6 0.01 M M 6.3 16 190 M M 10 1 22 190
5 84 67 76 -2 0 11 0.00 M M 4.4 14 50 M M 5 12 18 40
6 87 64 76 -2 0 11 0.00 M M 5.3 15 160 M M 2 18 19 160
7 88 70 79 1 0 14 1.47 M M 9.0 22 170 M M 7 13 26 160
8 83 70 77 -1 0 12 0.00 M M 7.7 18 270 M M 2 1 29 290
9 85 65 75 -3 0 10 0.00 M M 5.2 13 290 M M 0 18 280
10 85 70 78 0 0 13 0.02 M M 8.3 24 210 M M 3 1 30 210
11 85 68 77 0 0 12 0.00 M M 4.8 13 230 M M 0 18 240
12 90 68 79 2 0 14 0.00 M M 7.2 14 240 M M 2 1 23 240
13 90 73 82 5 0 17 0.00 M M 5.1 13 290 M M 2 17 280
14 89 71 80 3 0 15 0.04 M M 5.6 17 170 M M 4 1 23 160
15 93 73 83 6 0 18 0.13 M M 6.8 15 210 M M 3 13 21 220
16 89 69 79 2 0 14 0.00 M M 2.5 9 310 M M 3 1 14 360
17 87 67 77 0 0 12 0.00 M M 4.7 12 160 M M 3 1 16 180
18 84 66 75 -2 0 10 0.10 M M 6.7 15 280 M M 2 1 24 280
19 80 60 70 -6 0 5 0.00 M M 4.2 13 250 M M 1 19 280
20 88 59 74 -2 0 9 0.00 M M 4.7 14 240 M M 0 19 220
21 91 69 80 4 0 15 0.00 M M 2.7 8 270 M M 1 12 13 290
22 81 61 71 -5 0 6 0.00 M M 6.6 17 50 M M 3 21 40
23 84 59 72 -4 0 7 0.00 M M 3.9 12 130 M M 4 15 40
24 79 68 74 -2 0 9 0.01 M M 4.8 12 160 M M 9 16 160
25 90 71 81 5 0 16 T M M 9.6 21 170 M M 5 3 28 170
26 91 72 82 7 0 17 0.19 M M 3.9 16 360 M M 6 1 23 360
27 86 70 78 3 0 13 0.00 M M 4.9 13 100 M M 4 1 16 90
28 78 72 75 0 0 10 0.12 M M 8.1 16 110 M M 7 1 21 110
29 81 71 76 1 0 11 0.06 M M 5.9 12 60 M M 10 13 18 20
30 86 71 79 4 0 14 0.00 M M 5.1 14 270 M M 5 1 20 350
31 77 58 68 -6 0 3 0.00 M M 9.5 22 30 M M 2 30 30
================================================================================
SM 2627 2073 0 343 2.16 M 176.5 M 112
================================================================================
AV 84.7 66.9 5.7 FASTST M M 4 MAX(MPH)
MISC ----> 24 210 # 30 210
================================================================================
NOTES:
# LAST OF SEVERAL OCCURRENCES
COLUMN 17 PEAK WIND IN M.P.H.
PRELIMINARY LOCAL CLIMATOLOGICAL DATA (WS FORM: F-6) , PAGE 2
STATION: GEORGETOWN DE
MONTH: AUGUST
YEAR: 2023
LATITUDE: 38 41 N
LONGITUDE: 75 22 W
[TEMPERATURE DATA] [PRECIPITATION DATA] SYMBOLS USED IN COLUMN 16
AVERAGE MONTHLY: 75.8 TOTAL FOR MONTH: 2.16 1 = FOG OR MIST
DPTR FM NORMAL: -0.9 DPTR FM NORMAL: -1.83 2 = FOG REDUCING VISIBILITY
HIGHEST: 93 ON 15 GRTST 24HR 1.47 ON 7- 7 TO 1/4 MILE OR LESS
LOWEST: 58 ON 31 3 = THUNDER
SNOW, ICE PELLETS, HAIL 4 = ICE PELLETS
TOTAL MONTH: M 5 = HAIL
GRTST 24HR M ON M 6 = FREEZING RAIN OR DRIZZLE
GRTST DEPTH: M ON M 7 = DUSTSTORM OR SANDSTORM:
VSBY 1/2 MILE OR LESS
8 = SMOKE OR HAZE
[NO. OF DAYS WITH] [WEATHER - DAYS WITH] 9 = BLOWING SNOW
X = TORNADO
MAX 32 OR BELOW: 0 0.01 INCH OR MORE: 11
MAX 90 OR ABOVE: 6 0.10 INCH OR MORE: 5
MIN 32 OR BELOW: 0 0.50 INCH OR MORE: 1
MIN 0 OR BELOW: 0 1.00 INCH OR MORE: 1
[HDD (BASE 65) ]
TOTAL THIS MO. 0 CLEAR (SCALE 0-3) 16
DPTR FM NORMAL 0 PTCLDY (SCALE 4-7) 12
TOTAL FM JUL 1 0 CLOUDY (SCALE 8-10) 3
DPTR FM NORMAL 0
[CDD (BASE 65) ]
TOTAL THIS MO. 343
DPTR FM NORMAL -20 [PRESSURE DATA]
TOTAL FM JAN 1 1090 HIGHEST SLP 30.23 ON 2
DPTR FM NORMAL -80 LOWEST SLP 29.62 ON 10
[REMARKS]
#FINAL-08-23#