000
CXUS51 KPHI 012230
CLMGED
CLIMATE REPORT
NATIONAL WEATHER SERVICE MOUNT HOLLY NJ
530 PM EST FRI DEC 01 2023
...................................
...THE GEORGETOWN DE CLIMATE SUMMARY FOR THE MONTH OF NOVEMBER 2023...
CLIMATE NORMAL PERIOD: 1991 TO 2020
CLIMATE RECORD PERIOD: 1948 TO 2023
WEATHER OBSERVED NORMAL DEPART LAST YEAR`S
VALUE DATE(S) VALUE FROM VALUE
NORMAL
..............................................................
TEMPERATURE (F)
RECORD
HIGH 86 11/01/1950
LOW 15 11/24/1976
HIGHEST 75 MM MM 83
LOWEST 20 MM MM 20
AVG. MAXIMUM 58.0 58.7 -0.7 62.9
AVG. MINIMUM 34.7 39.6 -4.9 40.5
MEAN 46.3 49.2 -2.9 51.7
DAYS MAX >= 90 0 0.0 0.0 0
DAYS MAX <= 32 0 0.0 0.0 0
DAYS MIN <= 32 13 7.7 5.3 10
DAYS MIN <= 0 0 0.0 0.0 0
PRECIPITATION (INCHES)
RECORD
MAXIMUM 6.94 1948
MINIMUM 0.01 2012
TOTALS 1.74 3.19 -1.45 2.91
DAILY AVG. 0.06 0.11 -0.05 0.10
DAYS >= .01 4 9.1 -5.1 8
DAYS >= .10 3 4.9 -1.9 8
DAYS >= .50 2 2.0 0.0 2
DAYS >= 1.00 1 0.7 0.3 1
GREATEST
24 HR. TOTAL 1.61 11/21 TO 11/22 1.15
DEGREE DAYS
HEATING TOTAL 554 478 76 415
SINCE 7/1 744 716 28 MM
COOLING TOTAL 0 2 -2 21
SINCE 1/1 1316 1394 -78 MM
..............................................................
WIND (MPH)
AVERAGE WIND SPEED 4.9
HIGHEST WIND SPEED/DIRECTION 26/160 DATE 11/22
HIGHEST GUST SPEED/DIRECTION 38/160 DATE 11/22
SKY COVER
POSSIBLE SUNSHINE (PERCENT) MM
AVERAGE SKY COVER 0.19
NUMBER OF DAYS FAIR 23
NUMBER OF DAYS PC 4
NUMBER OF DAYS CLOUDY 3
AVERAGE RH (PERCENT) 70
WEATHER CONDITIONS. NUMBER OF DAYS WITH
THUNDERSTORM 0 MIXED PRECIP 0
HEAVY RAIN 1 RAIN 3
LIGHT RAIN 6 FREEZING RAIN 0
LT FREEZING RAIN 0 HEAVY SNOW 0
SNOW 0 LIGHT SNOW 0
SLEET 0 FOG 11
FOG W/VIS <= 1/4 MILE 3 HAZE 1
- INDICATES NEGATIVE NUMBERS.
R INDICATES RECORD WAS SET OR TIED.
MM INDICATES DATA IS MISSING.
T INDICATES TRACE AMOUNT.
$$