000
CXUS56 KOTX 011010
CF6GEG
PRELIMINARY LOCAL CLIMATOLOGICAL DATA (WS FORM: F-6)
STATION: SPOKANE WA AIRPORT
MONTH: JANUARY
YEAR: 2023
LATITUDE: 47 37 N
LONGITUDE: 117 32 W
TEMPERATURE IN F: :PCPN: SNOW: WIND :SUNSHINE: SKY :PK WND
================================================================================
1 2 3 4 5 6A 6B 7 8 9 10 11 12 13 14 15 16 17 18
12Z AVG MX 2MIN
DY MAX MIN AVG DEP HDD CDD WTR SNW DPTH SPD SPD DIR MIN PSBL S-S WX SPD DR
================================================================================
1 35 29 32 4 33 0 0.00 0.0 7 1.9 7 210 M M 10 1 8 200
2 33 19 26 -2 39 0 0.00 0.0 6 3.1 9 90 M M 6 12 12 90
3 29 25 27 -1 38 0 0.00 0.0 6 3.0 9 200 M M 10 12 12 190
4 35 25 30 2 35 0 0.00 0.0 6 9.3 15 50 M M 8 18 40
5 37 31 34 6 31 0 T T 6 11.6 22 70 M M 9 28 70
6 43 31 37 8 28 0 T T 6 4.2 10 60 M M 7 12 50
7 42 32 37 8 28 0 T 0.0 6 6.9 10 70 M M 9 14 60
8 40 34 37 8 28 0 0.21 0.0 6 8.0 17 200 M M 10 1 22 200
9 38 30 34 5 31 0 0.25 T 5 7.5 14 70 M M 9 12 17 150
10 35 29 32 3 33 0 0.00 0.0 4 6.5 13 40 M M 9 12 14 50
11 34 27 31 2 34 0 0.04 0.4 5 6.1 14 60 M M 9 12 17 60
12 40 32 36 7 29 0 0.32 T 4 6.9 12 130 M M 10 12 15 140
13 40 35 38 9 27 0 0.12 0.0 4 6.3 12 60 M M 9 12 14 70
14 45 37 41 12 24 0 0.04 0.0 2 6.7 13 50 M M 9 1 15 60
15 42 34 38 8 27 0 0.04 0.0 1 5.4 13 70 M M 9 12 15 70
16 40 32 36 6 29 0 0.03 0.0 T 4.6 13 200 M M 9 1 15 200
17 35 32 34 4 31 0 0.00 0.0 T 4.1 9 210 M M 10 1 11 200
18 40 33 37 7 28 0 0.11 0.4 T 8.0 14 150 M M 10 1 18 150
19 34 27 31 1 34 0 T T T 8.5 18 230 M M 7 1 22 240
20 31 24 28 -2 37 0 0.00 0.0 T 3.3 8 350 M M 6 9 340
21 33 24 29 -1 36 0 0.06 1.5 T 5.4 15 200 M M 9 128 18 190
22 29 25 27 -3 38 0 0.02 0.3 2 5.6 12 250 M M 9 12 13 240
23 32 25 29 -1 36 0 0.00 0.0 1 3.9 12 220 M M 10 1 16 160
24 31 28 30 0 35 0 T T 1 3.4 9 230 M M 10 1 11 220
25 37 29 33 3 32 0 0.00 0.0 1 1.7 7 190 M M 8 1 8 230
26 38 32 35 4 30 0 T 0.0 1 5.3 14 190 M M 9 1 17 190
27 44 32 38 7 27 0 0.15 0.7 1 9.4 17 220 M M 6 1 22 220
28 36 14 25 -6 40 0 0.08 2.0 1 15.2 26 40 M M 6 1 35 50
29 21 7 14 -17 51 0 0.00 0.0 2 6.4 15 70 M M 1 19 50
30 22 5 14 -17 51 0 0.00 0.0 1 5.5 10 210 M M 4 13 200
31 27 17 22 -9 43 0 0.05 0.8 1 5.0 14 230 M M 9 18 16 210
================================================================================
SM 1098 836 1043 0 1.52 6.1 188.7 M 256
================================================================================
AV 35.4 27.0 6.1 FASTST M M 8 MAX(MPH)
MISC ----> 26 40 35 50
================================================================================
NOTES:
# LAST OF SEVERAL OCCURRENCES
COLUMN 17 PEAK WIND IN M.P.H.
PRELIMINARY LOCAL CLIMATOLOGICAL DATA (WS FORM: F-6) , PAGE 2
STATION: SPOKANE WA AIRPORT
MONTH: JANUARY
YEAR: 2023
LATITUDE: 47 37 N
LONGITUDE: 117 32 W
[TEMPERATURE DATA] [PRECIPITATION DATA] SYMBOLS USED IN COLUMN 16
AVERAGE MONTHLY: 31.2 TOTAL FOR MONTH: 1.52 1 = FOG OR MIST
DPTR FM NORMAL: 1.6 DPTR FM NORMAL: -0.45 2 = FOG REDUCING VISIBILITY
HIGHEST: 45 ON 14 GRTST 24HR 0.32 ON 12-12 TO 1/4 MILE OR LESS
LOWEST: 5 ON 30 3 = THUNDER
SNOW, ICE PELLETS, HAIL 4 = ICE PELLETS
TOTAL MONTH: 6.1 INCHES 5 = HAIL
GRTST 24HR 2.0 ON 28-28 6 = FREEZING RAIN OR DRIZZLE
GRTST DEPTH: 7 ON 1 7 = DUSTSTORM OR SANDSTORM:
VSBY 1/2 MILE OR LESS
8 = SMOKE OR HAZE
[NO. OF DAYS WITH] [WEATHER - DAYS WITH] 9 = BLOWING SNOW
X = TORNADO
MAX 32 OR BELOW: 8 0.01 INCH OR MORE: 14
MAX 90 OR ABOVE: 0 0.10 INCH OR MORE: 6
MIN 32 OR BELOW: 26 0.50 INCH OR MORE: 0
MIN 0 OR BELOW: 0 1.00 INCH OR MORE: 0
[HDD (BASE 65) ]
TOTAL THIS MO. 1043 CLEAR (SCALE 0-3) 1
DPTR FM NORMAL -54 PTCLDY (SCALE 4-7) 7
TOTAL FM JUL 1 3781 CLOUDY (SCALE 8-10) 23
DPTR FM NORMAL -39
[CDD (BASE 65) ]
TOTAL THIS MO. 0
DPTR FM NORMAL 0 [PRESSURE DATA]
TOTAL FM JAN 1 0 HIGHEST SLP M ON M
DPTR FM NORMAL 0 LOWEST SLP 27.68 ON 31
[REMARKS]
#FINAL-01-23#