000
CXUS55 KRIW 011110
CF6GEY
PRELIMINARY LOCAL CLIMATOLOGICAL DATA (WS FORM: F-6)
STATION: GREYBULL WY
MONTH: FEBRUARY
YEAR: 2023
LATITUDE: 44 30 N
LONGITUDE: 108 4 W
TEMPERATURE IN F: :PCPN: SNOW: WIND :SUNSHINE: SKY :PK WND
================================================================================
1 2 3 4 5 6A 6B 7 8 9 10 11 12 13 14 15 16 17 18
12Z AVG MX 2MIN
DY MAX MIN AVG DEP HDD CDD WTR SNW DPTH SPD SPD DIR MIN PSBL S-S WX SPD DR
================================================================================
1 20 -8 6 -13 59 0 0.00 M M 1.2 7 310 M M 4 10 100
2 28 -3 13 -6 52 0 0.00 M M 2.4 9 240 M M 2 11 120
3 26 -1 13 -6 52 0 0.00 M M 2.6 12 210 M M 0 13 210
4 35 4 20 0 45 0 0.00 M M 4.4 10 30 M M 0 13 30
5 32 4 18 -2 47 0 0.00 M M 3.6 12 110 M M 5 14 270
6 45 22 34 14 31 0 T M M 6.4 25 330 M M 6 1 33 330
7 37 12 25 5 40 0 0.00 M M 3.9 10 100 M M 0 13 100
8 37 12 25 4 40 0 T M M 13.2 33 340 M M 5 1 48 340
9 31 14 23 2 42 0 0.00 M M 10.3 36 340 M M 0 49 330
10 34 7 21 0 44 0 0.00 M M 3.8 10 90 M M 0 13 80
11 37 6 22 0 43 0 0.00 M M 2.7 12 330 M M 0 14 330
12 39 7 23 1 42 0 0.00 M M 4.1 9 120 M M 0 12 120
13 41 9 25 3 40 0 0.00 M M 2.6 8 100 M M 1 10 100
14 35 16 26 3 39 0 0.00 M M 23.5 40 340 M M 9 54 340
15 19 1 10 -13 55 0 0.00 M M 8.9 28 340 M M 1 37 330
16 26 -5 11 -13 54 0 0.00 M M 3.5 10 150 M M 0 14 170
17 34 3 19 -5 46 0 0.00 M M 2.8 9 100 M M 0 12 100
18 31 0 16 -9 49 0 0.00 M M 2.6 9 220 M M 4 13 310
19 36 17 27 2 38 0 T M M 6.3 15 170 M M 7 1 20 150
20 38 27 33 7 32 0 T M M 4.7 12 330 M M 7 1 15 110
21 36 8 22 -4 43 0 T M M 15.2 38 310 M M 7 1 48 310
22 8 -7 1 -26 64 0 0.01 M M 13.8 25 320 M M 10 18 32 320
23 1 -19 -9 -36 74 0 T M M 3.7 10 300 M M 2 13 300
24 5 -22 -8 -36 73 0 0.00 M M 2.4 7 140 M M 1 12 100
25 29 -14 8 -20 57 0 0.00 M M 2.5 12 100 M M 0 13 100
26 47 3 25 -4 40 0 0.00 M M 3.0 13 330 M M 1 14 330
27 41 13 27 -3 38 0 0.00 M M 3.0 13 190 M M 2 18 190
28 36 14 25 -5 40 0 0.00 M M 5.5 30 270 M M 2 41 270
================================================================================
SM 864 120 1319 0 0.01 M 162.6 M 76
================================================================================
AV 30.9 4.3 5.8 FASTST M M 3 MAX(MPH)
MISC ----> 40 340 54 340
================================================================================
NOTES:
# LAST OF SEVERAL OCCURRENCES
COLUMN 17 PEAK WIND IN M.P.H.
PRELIMINARY LOCAL CLIMATOLOGICAL DATA (WS FORM: F-6) , PAGE 2
STATION: GREYBULL WY
MONTH: FEBRUARY
YEAR: 2023
LATITUDE: 44 30 N
LONGITUDE: 108 4 W
[TEMPERATURE DATA] [PRECIPITATION DATA] SYMBOLS USED IN COLUMN 16
AVERAGE MONTHLY: 17.6 TOTAL FOR MONTH: 0.01 1 = FOG OR MIST
DPTR FM NORMAL: -6.0 DPTR FM NORMAL: -0.11 2 = FOG REDUCING VISIBILITY
HIGHEST: 47 ON 26 GRTST 24HR 0.01 ON 21-22 TO 1/4 MILE OR LESS
LOWEST: -22 ON 24 3 = THUNDER
SNOW, ICE PELLETS, HAIL 4 = ICE PELLETS
TOTAL MONTH: M 5 = HAIL
GRTST 24HR M ON M 6 = FREEZING RAIN OR DRIZZLE
GRTST DEPTH: M ON M 7 = DUSTSTORM OR SANDSTORM:
VSBY 1/2 MILE OR LESS
8 = SMOKE OR HAZE
[NO. OF DAYS WITH] [WEATHER - DAYS WITH] 9 = BLOWING SNOW
X = TORNADO
MAX 32 OR BELOW: 12 0.01 INCH OR MORE: 1
MAX 90 OR ABOVE: 0 0.10 INCH OR MORE: 0
MIN 32 OR BELOW: 28 0.50 INCH OR MORE: 0
MIN 0 OR BELOW: 9 1.00 INCH OR MORE: 0
[HDD (BASE 65) ]
TOTAL THIS MO. 1319 CLEAR (SCALE 0-3) 18
DPTR FM NORMAL 161 PTCLDY (SCALE 4-7) 8
TOTAL FM JUL 1 6231 CLOUDY (SCALE 8-10) 2
DPTR FM NORMAL 407
[CDD (BASE 65) ]
TOTAL THIS MO. 0
DPTR FM NORMAL 0 [PRESSURE DATA]
TOTAL FM JAN 1 0 HIGHEST SLP 30.60 ON 9
DPTR FM NORMAL 0 LOWEST SLP 29.32 ON 14
[REMARKS]
#FINAL-02-23#