000
CXUS55 KRIW 011010
CF6GEY
PRELIMINARY LOCAL CLIMATOLOGICAL DATA (WS FORM: F-6)
STATION: GREYBULL WY
MONTH: JULY
YEAR: 2022
LATITUDE: 44 30 N
LONGITUDE: 108 4 W
TEMPERATURE IN F: :PCPN: SNOW: WIND :SUNSHINE: SKY :PK WND
================================================================================
1 2 3 4 5 6A 6B 7 8 9 10 11 12 13 14 15 16 17 18
12Z AVG MX 2MIN
DY MAX MIN AVG DEP HDD CDD WTR SNW DPTH SPD SPD DIR MIN PSBL S-S WX SPD DR
================================================================================
1 88 52 70 -2 0 5 0.00 M M 6.3 17 210 M M 0 28 140
2 90 53 72 0 0 7 T M M 8.1 25 290 M M 0 37 260
3 97 60 79 7 0 14 T M M 11.4 31 310 M M 1 3 43 310
4 92 58 75 2 0 10 0.00 M M 7.4 29 350 M M 0 36 350
5 91 60 76 3 0 11 0.02 M M 10.2 23 340 M M 1 3 32 330
6 91 63 77 4 0 12 T M M 8.1 40 250 M M 2 3 51 240
7 92 61 77 3 0 12 T M M 9.3 31 350 M M 1 39 340
8 100 57 79 5 0 14 0.00 M M 6.0 17 190 M M 0 25 190
9 105 66 86 12 0 21 0.00 M M 8.9 28 310 M M 0 36 150
10 94 64 79 5 0 14 0.00 M M 12.1 44 340 M M 0 58 350
11 87 60 74 0 0 9 0.00 M M 9.0 21 280 M M 0 26 290
12 95 57 76 1 0 11 0.00 M M 3.5 10 80 M M 0 15 140
13 102 60 81 6 0 16 T M M 7.8 52 310 M M 1 3 70 310
14 93 60 77 2 0 12 0.01 M M 8.1 35 210 M M 1 49 220
15 96 63 80 5 0 15 0.00 M M 9.2 46 340 M M 1 63 340
16 98 64 81 6 0 16 0.00 M M 6.0 23 30 M M 0 3 31 200
17 103 63 83 7 0 18 T M M 8.1 36 300 M M 0 47 290
18 99 68 84 8 0 19 T M M 11.7 30 280 M M 0 39 270
19 92 62 77 1 0 12 0.00 M M 10.1 23 320 M M 0 8 33 360
20 96 55 76 0 0 11 0.00 M M 6.1 20 360 M M 0 27 360
21 97 57 77 1 0 12 0.00 M M 6.4 21 330 M M 0 27 330
22 102 55 79 3 0 14 0.00 M M 4.7 20 320 M M 0 28 320
23 92 65 79 3 0 14 0.00 M M 9.9 25 320 M M 0 33 310
24 93 59 76 0 0 11 0.02 M M 7.1 29 310 M M 1 3 38 300
25 91 57 74 -2 0 9 0.00 M M 8.2 23 330 M M 1 29 340
26 88 62 75 -1 0 10 T M M 9.6 22 340 M M 3 1 28 340
27 94 61 78 2 0 13 0.00 M M 8.9 25 340 M M 2 37 340
28 92 64 78 2 0 13 0.00 M M 7.1 21 330 M M 2 27 340
29 97 56 77 1 0 12 T M M 6.8 40 10 M M 1 3 55 20
30 98 63 81 5 0 16 0.00 M M 5.9 18 330 M M 0 24 330
31 99 58 79 3 0 14 0.00 M M 4.0 14 250 M M 0 8 19 100
================================================================================
SM 2944 1863 0 397 0.05 M 246.0 M 18
================================================================================
AV 95.0 60.1 7.9 FASTST M M 1 MAX(MPH)
MISC ----> 52 310 70 310
================================================================================
NOTES:
# LAST OF SEVERAL OCCURRENCES
COLUMN 17 PEAK WIND IN M.P.H.
PRELIMINARY LOCAL CLIMATOLOGICAL DATA (WS FORM: F-6) , PAGE 2
STATION: GREYBULL WY
MONTH: JULY
YEAR: 2022
LATITUDE: 44 30 N
LONGITUDE: 108 4 W
[TEMPERATURE DATA] [PRECIPITATION DATA] SYMBOLS USED IN COLUMN 16
AVERAGE MONTHLY: 77.5 TOTAL FOR MONTH: 0.05 1 = FOG OR MIST
DPTR FM NORMAL: 2.6 DPTR FM NORMAL: -0.11 2 = FOG REDUCING VISIBILITY
HIGHEST: 105 ON 9 GRTST 24HR 0.02 ON 5- 5 TO 1/4 MILE OR LESS
LOWEST: 52 ON 1 3 = THUNDER
SNOW, ICE PELLETS, HAIL 4 = ICE PELLETS
TOTAL MONTH: M 5 = HAIL
GRTST 24HR M ON M 6 = FREEZING RAIN OR DRIZZLE
GRTST DEPTH: M ON M 7 = DUSTSTORM OR SANDSTORM:
VSBY 1/2 MILE OR LESS
8 = SMOKE OR HAZE
[NO. OF DAYS WITH] [WEATHER - DAYS WITH] 9 = BLOWING SNOW
X = TORNADO
MAX 32 OR BELOW: 0 0.01 INCH OR MORE: 3
MAX 90 OR ABOVE: 28 0.10 INCH OR MORE: 0
MIN 32 OR BELOW: 0 0.50 INCH OR MORE: 0
MIN 0 OR BELOW: 0 1.00 INCH OR MORE: 0
[HDD (BASE 65) ]
TOTAL THIS MO. 0 CLEAR (SCALE 0-3) 31
DPTR FM NORMAL -4 PTCLDY (SCALE 4-7) 0
TOTAL FM JUL 1 0 CLOUDY (SCALE 8-10) 0
DPTR FM NORMAL 0
[CDD (BASE 65) ]
TOTAL THIS MO. 397
DPTR FM NORMAL 88 [PRESSURE DATA]
TOTAL FM JAN 1 520 HIGHEST SLP 30.16 ON 11
DPTR FM NORMAL 65 LOWEST SLP 29.55 ON 3
[REMARKS]
#FINAL-07-22#