000
CXUS55 KRIW 011010
CF6GEY
PRELIMINARY LOCAL CLIMATOLOGICAL DATA (WS FORM: F-6)
STATION: GREYBULL WY
MONTH: AUGUST
YEAR: 2023
LATITUDE: 44 30 N
LONGITUDE: 108 4 W
TEMPERATURE IN F: :PCPN: SNOW: WIND :SUNSHINE: SKY :PK WND
================================================================================
1 2 3 4 5 6A 6B 7 8 9 10 11 12 13 14 15 16 17 18
12Z AVG MX 2MIN
DY MAX MIN AVG DEP HDD CDD WTR SNW DPTH SPD SPD DIR MIN PSBL S-S WX SPD DR
================================================================================
1 98 68 83 7 0 18 0.00 M M 8.1 17 100 M M 0 24 140
2 86 69 78 2 0 13 T M M 6.7 29 110 M M 4 3 39 100
3 73 65 69 -7 0 4 0.09 M M 6.1 16 330 M M 9 1 20 320
4 86 60 73 -2 0 8 0.00 M M 10.4 28 330 M M 5 1 37 350
5 79 63 71 -4 0 6 0.00 M M 14.9 28 350 M M 5 36 330
6 81 59 70 -5 0 5 0.00 M M 8.0 30 290 M M 5 3 44 290
7 80 52 66 -9 0 1 0.02 M M 3.6 20 280 M M 2 3 32 280
8 78 55 67 -8 0 2 0.03 M M 4.0 17 90 M M 2 3 24 110
9 86 52 69 -5 0 4 0.00 M M 4.5 12 160 M M 1 17 140
10 90 63 77 3 0 12 T M M 5.7 26 330 M M 3 3 36 330
11 88 57 73 -1 0 8 0.00 M M 5.8 17 290 M M 0 22 310
12 91 54 73 -1 0 8 0.00 M M 9.6 28 340 M M 0 36 350
13 79 53 66 -8 0 1 0.00 M M 17.4 32 340 M M 2 45 340
14 87 46 67 -6 0 2 0.00 M M 3.9 14 100 M M 0 18 100
15 98 50 74 1 0 9 0.00 M M 3.4 9 120 M M 0 15 120
16 98 57 78 5 0 13 0.00 M M 6.3 21 340 M M 0 26 330
17 100 57 79 7 0 14 0.00 M M 5.6 15 180 M M 0 21 180
18 100 68 84 12 0 19 0.00 M M 10.0 24 280 M M 0 34 260
19 88 61 75 3 0 10 0.01 M M 8.8 21 290 M M 1 29 320
20 74 57 66 -5 0 1 T M M 5.8 20 300 M M 2 25 300
21 101 58 80 9 0 15 0.00 M M 8.1 30 290 M M 0 40 290
22 98 61 80 9 0 15 0.05 M M 6.4 30 260 M M 1 3 42 250
23 92 58 75 5 0 10 0.00 M M 5.4 13 340 M M 0 18 310
24 90 55 73 3 0 8 0.00 M M 3.4 12 350 M M 0 17 110
25 85 62 74 4 0 9 0.00 M M 10.0 21 150 M M 1 27 160
26 93 57 75 6 0 10 0.00 M M 5.2 24 330 M M 0 31 320
27 90 60 75 6 0 10 0.00 M M 7.8 24 300 M M 2 32 300
28 86 59 73 4 0 8 0.00 M M 3.8 12 100 M M 2 18 160
29 93 53 73 5 0 8 0.00 M M 8.5 22 140 M M 0 31 130
30 93 58 76 8 0 11 0.00 M M 9.2 30 300 M M 0 42 300
31 86 46 66 -2 0 1 0.00 M M 4.1 12 100 M M 0 15 90
================================================================================
SM 2747 1793 0 263 0.20 M 220.5 M 47
================================================================================
AV 88.6 57.8 7.1 FASTST M M 2 MAX(MPH)
MISC ----> 32 340 45 340
================================================================================
NOTES:
# LAST OF SEVERAL OCCURRENCES
COLUMN 17 PEAK WIND IN M.P.H.
PRELIMINARY LOCAL CLIMATOLOGICAL DATA (WS FORM: F-6) , PAGE 2
STATION: GREYBULL WY
MONTH: AUGUST
YEAR: 2023
LATITUDE: 44 30 N
LONGITUDE: 108 4 W
[TEMPERATURE DATA] [PRECIPITATION DATA] SYMBOLS USED IN COLUMN 16
AVERAGE MONTHLY: 73.2 TOTAL FOR MONTH: 0.20 1 = FOG OR MIST
DPTR FM NORMAL: 0.9 DPTR FM NORMAL: -0.03 2 = FOG REDUCING VISIBILITY
HIGHEST: 101 ON 21 GRTST 24HR 0.09 ON 3- 3 TO 1/4 MILE OR LESS
LOWEST: 46 ON 31,14 3 = THUNDER
SNOW, ICE PELLETS, HAIL 4 = ICE PELLETS
TOTAL MONTH: M 5 = HAIL
GRTST 24HR M ON M 6 = FREEZING RAIN OR DRIZZLE
GRTST DEPTH: M ON M 7 = DUSTSTORM OR SANDSTORM:
VSBY 1/2 MILE OR LESS
8 = SMOKE OR HAZE
[NO. OF DAYS WITH] [WEATHER - DAYS WITH] 9 = BLOWING SNOW
X = TORNADO
MAX 32 OR BELOW: 0 0.01 INCH OR MORE: 5
MAX 90 OR ABOVE: 15 0.10 INCH OR MORE: 0
MIN 32 OR BELOW: 0 0.50 INCH OR MORE: 0
MIN 0 OR BELOW: 0 1.00 INCH OR MORE: 0
[HDD (BASE 65) ]
TOTAL THIS MO. 0 CLEAR (SCALE 0-3) 26
DPTR FM NORMAL -15 PTCLDY (SCALE 4-7) 4
TOTAL FM JUL 1 5 CLOUDY (SCALE 8-10) 1
DPTR FM NORMAL -11
[CDD (BASE 65) ]
TOTAL THIS MO. 263
DPTR FM NORMAL 22 [PRESSURE DATA]
TOTAL FM JAN 1 652 HIGHEST SLP 30.30 ON 14
DPTR FM NORMAL -44 LOWEST SLP 29.56 ON 18
[REMARKS]
#FINAL-08-23#