000
CXUS53 KIND 010600
CF6GEZ
PRELIMINARY LOCAL CLIMATOLOGICAL DATA (WS FORM: F-6)
STATION: SHELBYVILLE IN
MONTH: APRIL
YEAR: 2021
LATITUDE: 39 35 N
LONGITUDE: 85 48 W
TEMPERATURE IN F: :PCPN: SNOW: WIND :SUNSHINE: SKY :PK WND
================================================================================
1 2 3 4 5 6A 6B 7 8 9 10 11 12 13 14 15 16 17 18
12Z AVG MX 2MIN
DY MAX MIN AVG DEP HDD CDD WTR SNW DPTH SPD SPD DIR MIN PSBL S-S WX SPD DR
================================================================================
1 40 28 34 -14 31 0 T M M 13.4 26 330 M M 5 8 33 360
2 50 23 37 -11 28 0 0.00 M M 4.9 9 280 M M 0 14 170
3 68 31 50 1 15 0 0.00 M M 11.6 23 210 M M 0 30 210
4 76 41 59 10 6 0 0.00 M M 5.8 15 250 M M 0 22 260
5 79 45 62 13 3 0 0.00 M M 8.6 17 240 M M 0 25 240
6 81 48 65 15 0 0 0.00 M M 8.5 22 230 M M 2 26 220
7 83 53 68 18 0 3 0.48 M M 9.9 28 230 M M 4 3 34 230
8 72 57 65 15 0 0 0.05 M M 13.8 25 220 M M 8 35 160
9 81 54 68 17 0 3 0.03 M M 13.7 29 220 M M 4 35 210
10 67 55 61 10 4 0 0.50 M M 11.0 29 160 M M 6 39 160
11 55 50 53 2 12 0 0.10 M M 15.8 24 250 M M 9 8 34 250
12 69 51 60 8 5 0 0.01 M M 11.3 23 270 M M 6 8 31 290
13 68 45 57 5 8 0 0.00 M M 5.7 17 270 M M 3 23 260
14 65 46 56 4 9 0 T M M 9.0 23 300 M M 3 32 330
15 56 38 47 -6 18 0 0.00 M M 9.4 20 300 M M 4 26 300
16 63 34 49 -4 16 0 0.00 M M 4.6 13 310 M M 1 21 240
17 64 44 54 1 11 0 T M M 6.0 16 340 M M 4 22 310
18 67 35 51 -3 14 0 0.00 M M 5.5 15 220 M M 3 25 320
19 70 42 56 2 9 0 0.00 M M 11.2 24 260 M M 1 34 260
20 52 32 42 -12 23 0 M M M 8.7 22 340 M M 8 1 27 350
21 48 28 38 -17 27 0 0.03 M M 9.1 23 270 M M 4 128 31 280
22 55 36 46 -9 19 0 0.00 M M 8.9 22 290 M M 5 33 290
23 63 35 49 -6 16 0 0.00 M M 7.5 16 190 M M 6 24 210
24 57 46 52 -4 13 0 0.11 M M 6.1 12 90 M M 9 18 15 100
25 62 43 53 -3 12 0 0.00 M M 7.8 20 340 M M 2 128 24 340
26 76 40 58 2 7 0 0.00 M M 12.3 24 160 M M 0 8 33 180
27 85 57 71 14 0 6 0.00 M M 15.0 26 180 M M 0 35 200
28 79 66 73 16 0 8 0.25 M M 10.0 20 260 M M 6 18 28 280
29 70 53 62 5 3 0 0.80 M M 12.7 21 310 M M 8 18 27 230
30 71 42 57 -1 8 0 0.00 M M 13.9 31 310 M M 0 44 290
================================================================================
SM 1992 1298 317 20 2.36 M 291.7 M 111
================================================================================
AV 66.4 43.3 9.7 FASTST M M 4 MAX(MPH)
MISC ----> 31 310 44 290
================================================================================
NOTES:
# LAST OF SEVERAL OCCURRENCES
COLUMN 17 PEAK WIND IN M.P.H.
PRELIMINARY LOCAL CLIMATOLOGICAL DATA (WS FORM: F-6) , PAGE 2
STATION: SHELBYVILLE IN
MONTH: APRIL
YEAR: 2021
LATITUDE: 39 35 N
LONGITUDE: 85 48 W
[TEMPERATURE DATA] [PRECIPITATION DATA] SYMBOLS USED IN COLUMN 16
AVERAGE MONTHLY: 54.8 TOTAL FOR MONTH: 2.36 1 = FOG OR MIST
DPTR FM NORMAL: 2.0 DPTR FM NORMAL: -1.96 2 = FOG REDUCING VISIBILITY
HIGHEST: 85 ON 27 GRTST 24HR 1.05 ON 28-29 TO 1/4 MILE OR LESS
LOWEST: 23 ON 2 3 = THUNDER
SNOW, ICE PELLETS, HAIL 4 = ICE PELLETS
TOTAL MONTH: M 5 = HAIL
GRTST 24HR M ON M 6 = FREEZING RAIN OR DRIZZLE
GRTST DEPTH: M ON M 7 = DUSTSTORM OR SANDSTORM:
VSBY 1/2 MILE OR LESS
8 = SMOKE OR HAZE
[NO. OF DAYS WITH] [WEATHER - DAYS WITH] 9 = BLOWING SNOW
X = TORNADO
MAX 32 OR BELOW: 0 0.01 INCH OR MORE: 10
MAX 90 OR ABOVE: 0 0.10 INCH OR MORE: 6
MIN 32 OR BELOW: 5 0.50 INCH OR MORE: 2
MIN 0 OR BELOW: 0 1.00 INCH OR MORE: 0
[HDD (BASE 65) ]
TOTAL THIS MO. 317 CLEAR (SCALE 0-3) 12
DPTR FM NORMAL -60 PTCLDY (SCALE 4-7) 16
TOTAL FM JUL 1 4444 CLOUDY (SCALE 8-10) 2
DPTR FM NORMAL -816
[CDD (BASE 65) ]
TOTAL THIS MO. 20
DPTR FM NORMAL 8 [PRESSURE DATA]
TOTAL FM JAN 1 20 HIGHEST SLP M ON M
DPTR FM NORMAL 7 LOWEST SLP 29.37 ON 11
[REMARKS]
#FINAL-04-21#