000
CXUS53 KFGF 010915
CF6GFK
PRELIMINARY LOCAL CLIMATOLOGICAL DATA (WS FORM: F-6)
STATION: GRAND FORKS INTL AP ND
MONTH: NOVEMBER
YEAR: 2021
LATITUDE: 47 57 N
LONGITUDE: 97 11 W
TEMPERATURE IN F: :PCPN: SNOW: WIND :SUNSHINE: SKY :PK WND
================================================================================
1 2 3 4 5 6A 6B 7 8 9 10 11 12 13 14 15 16 17 18
12Z AVG MX 2MIN
DY MAX MIN AVG DEP HDD CDD WTR SNW DPTH SPD SPD DIR MIN PSBL S-S WX SPD DR
================================================================================
1 42 25 34 0 31 0 0.00 0.0 0 8.7 17 340 M M 9 23 330
2 43 22 33 -1 32 0 0.00 0.0 0 5.7 12 250 M M 6 16 270
3 47 19 33 0 32 0 0.00 0.0 0 8.3 16 190 M M 1 20 180
4 54 23 39 6 26 0 0.00 0.0 0 11.0 18 190 M M 2 24 190
5 52 35 44 12 21 0 0.00 0.0 0 10.9 22 200 M M 7 18 29 190
6 62 30 46 14 19 0 0.00 0.0 0 5.8 14 220 M M 3 20 210
7 57 32 45 14 20 0 0.00 0.0 0 6.9 14 340 M M 4 18 310
8 53 25 39 8 26 0 0.00 0.0 0 10.7 16 280 M M 3 M M
9 54 26 40 10 25 0 0.00 0.0 0 7.0 12 280 M M 3 16 100
10 42 33 38 8 27 0 0.60 0.0 0 9.4 21 100 M M 9 1 27 100
11 40 29 35 6 30 0 0.07 1.3 0 18.2 40 350 M M 10 129 54 350
12 30 25 28 0 37 0 T 0.1 1 26.5 45 350 M M 10 19 60 350
13 28 22 25 -3 40 0 0.32 3.8 T 11.3 22 140 M M 10 125 29 170
14 26 24 25 -2 40 0 0.00 0.0 4 9.0 17 340 M M 10 22 340
15 32 25 29 2 36 0 0.02 0.7 4 12.2 21 140 M M 10 16 26 150
16 39 31 35 9 30 0 0.00 0.0 3 15.5 29 150 M M 7 1 36 150
17 35 24 30 4 35 0 T T 2 23.8 35 280 M M 8 50 270
18 26 15 21 -4 44 0 T T 1 14.2 29 310 M M 9 38 300
19 35 19 27 2 38 0 0.00 0.0 1 12.4 23 190 M M 5 34 170
20 36 17 27 3 38 0 0.00 0.0 1 9.1 18 200 M M 2 26 210
21 37 8 23 -1 42 0 T T 1 15.8 36 340 M M 4 50 340
22 28 9 19 -4 46 0 0.00 0.0 1 6.8 14 150 M M 7 17 140
23 40 21 31 8 34 0 0.00 0.0 1 10.4 21 190 M M 6 29 180
24 28 4 16 -6 49 0 T T 1 18.6 31 350 M M 5 41 350
25 19 -1 9 -13 56 0 0.00 0.0 1 9.9 18 160 M M 4 26 160
26 32 19 26 5 39 0 T 0.0 1 12.1 20 180 M M 8 26 180
27 42 22 32 11 33 0 0.00 0.0 1 10.4 24 320 M M 3 33 310
28 33 20 27 7 38 0 T 0.0 T 9.3 18 160 M M 5 24 150
29 39 25 32 12 33 0 T 0.0 T 9.1 21 330 M M 3 6 27 320
30 36 22 29 10 36 0 0.11 1.0 T 10.5 21 180 M M 6 1 27 180
================================================================================
SM 1167 650 1033 0 1.12 6.9 349.5 M 179
================================================================================
AV 38.9 21.7 11.6 FASTST M M 6 MAX(MPH)
MISC ----> 45 350 60 350
================================================================================
NOTES:
# LAST OF SEVERAL OCCURRENCES
COLUMN 17 PEAK WIND IN M.P.H.
PRELIMINARY LOCAL CLIMATOLOGICAL DATA (WS FORM: F-6) , PAGE 2
STATION: GRAND FORKS INTL AP ND
MONTH: NOVEMBER
YEAR: 2021
LATITUDE: 47 57 N
LONGITUDE: 97 11 W
[TEMPERATURE DATA] [PRECIPITATION DATA] SYMBOLS USED IN COLUMN 16
AVERAGE MONTHLY: 30.3 TOTAL FOR MONTH: 1.12 1 = FOG OR MIST
DPTR FM NORMAL: 3.6 DPTR FM NORMAL: 0.20 2 = FOG REDUCING VISIBILITY
HIGHEST: 62 ON 6 GRTST 24HR 0.60 ON 10-10 TO 1/4 MILE OR LESS
LOWEST: -1 ON 25 3 = THUNDER
SNOW, ICE PELLETS, HAIL 4 = ICE PELLETS
TOTAL MONTH: 6.9 INCHES 5 = HAIL
GRTST 24HR 3.8 ON 13-13 6 = FREEZING RAIN OR DRIZZLE
GRTST DEPTH: 4 ON 15,14 7 = DUSTSTORM OR SANDSTORM:
VSBY 1/2 MILE OR LESS
8 = SMOKE OR HAZE
[NO. OF DAYS WITH] [WEATHER - DAYS WITH] 9 = BLOWING SNOW
X = TORNADO
MAX 32 OR BELOW: 9 0.01 INCH OR MORE: 5
MAX 90 OR ABOVE: 0 0.10 INCH OR MORE: 3
MIN 32 OR BELOW: 28 0.50 INCH OR MORE: 1
MIN 0 OR BELOW: 1 1.00 INCH OR MORE: 0
[HDD (BASE 65) ]
TOTAL THIS MO. 1033 CLEAR (SCALE 0-3) 6
DPTR FM NORMAL -115 PTCLDY (SCALE 4-7) 15
TOTAL FM JUL 1 1647 CLOUDY (SCALE 8-10) 9
DPTR FM NORMAL -499
[CDD (BASE 65) ]
TOTAL THIS MO. 0
DPTR FM NORMAL 0 [PRESSURE DATA]
TOTAL FM JAN 1 672 HIGHEST SLP 30.58 ON 25
DPTR FM NORMAL 289 LOWEST SLP 29.45 ON 16
[REMARKS]
#FINAL-11-21#