000
CXUS55 KALY 010710
CF6GFL
PRELIMINARY LOCAL CLIMATOLOGICAL DATA (WS FORM: F-6)
STATION: GLENS FALLS NY
MONTH: JULY
YEAR: 2020
LATITUDE: 43 20 N
LONGITUDE: 73 37 W
TEMPERATURE IN F: :PCPN: SNOW: WIND :SUNSHINE: SKY :PK WND
================================================================================
1 2 3 4 5 6A 6B 7 8 9 10 11 12 13 14 15 16 17 18
12Z AVG MX 2MIN
DY MAX MIN AVG DEP HDD CDD WTR SNW DPTH SPD SPD DIR MIN PSBL S-S WX SPD DR
================================================================================
1 77 58 68 0 0 3 0.07 M M 2.4 9 320 M M 6 123 15 320
2 87 58 73 5 0 8 0.13 M M 3.6 22 340 M M 5 123 31 330
3 84 62 73 5 0 8 0.02 M M 2.6 13 40 M M 7 1 15 30
4 88 61 75 7 0 10 0.00 M M 2.0 8 60 M M 3 1 11 30
5 87 57 72 4 0 7 0.00 M M 3.3 14 200 M M 2 18 200
6 86 55 71 3 0 6 0.00 M M 2.7 12 60 M M 0 1 16 30
7 84 58 71 3 0 6 0.00 M M 7.6 16 190 M M 6 21 190
8 86 65 76 7 0 11 0.41 M M 6.5 18 210 M M 7 13 22 210
9 90 65 78 9 0 13 0.00 M M 3.0 10 190 M M 5 1 15 200
10 88 64 76 7 0 11 0.01 M M 4.9 15 140 M M 3 1 20 130
11 86 71 79 10 0 14 0.61 M M 9.3 21 200 M M 7 13 29 210
12 87 66 77 8 0 12 0.09 M M 7.2 18 200 M M 5 26 210
13 85 65 75 6 0 10 0.01 M M 4.4 22 340 M M 6 3 27 350
14 78 59 69 0 0 4 0.01 M M 3.8 13 10 M M 3 13 16 10
15 83 56 70 1 0 5 0.00 M M 2.7 9 30 M M 3 1 12 140
16 77 65 71 2 0 6 0.35 M M 7.7 17 160 M M 10 1 26 160
17 82 59 71 2 0 6 0.07 M M 5.8 16 200 M M 6 1 23 190
18 87 56 72 3 0 7 0.00 M M 4.6 16 190 M M 1 1 21 200
19 93 60 77 8 0 12 0.00 M M 6.9 17 200 M M 1 1 23 200
20 89 62 76 7 0 11 T M M 7.7 18 230 M M 3 24 220
21 86 56 71 2 0 6 0.00 M M 3.9 13 50 M M 1 1 18 230
22 76 60 68 -1 0 3 0.63 M M 1.3 9 360 M M 7 13 11 360
23 87 64 76 7 0 11 0.37 M M 5.2 17 10 M M 7 13 21 30
24 84 61 73 4 0 8 0.00 M M 2.2 10 40 M M 2 1 14 80
25 86 57 72 3 0 7 0.00 M M 3.1 12 210 M M 2 1 14 220
26 88 58 73 4 0 8 0.00 M M 6.6 16 190 M M 0 1 22 240
27 93 70 82 13 0 17 0.08 M M 6.0 20 250 M M 2 26 260
28 84 60 72 3 0 7 0.18 M M 5.6 15 220 M M 2 3 22 230
29 84 57 71 2 0 6 T M M 4.7 14 220 M M 2 1 19 180
30 86 59 73 4 0 8 0.00 M M 5.3 16 200 M M 3 24 200
31 86 54 70 1 0 5 0.00 M M 2.9 13 40 M M 1 1 17 80
================================================================================
SM 2644 1878 0 256 3.04 M 145.5 M 118
================================================================================
AV 85.3 60.6 4.7 FASTST M M 4 MAX(MPH)
MISC ----> # 22 340 31 330
================================================================================
NOTES:
# LAST OF SEVERAL OCCURRENCES
COLUMN 17 PEAK WIND IN M.P.H.
PRELIMINARY LOCAL CLIMATOLOGICAL DATA (WS FORM: F-6) , PAGE 2
STATION: GLENS FALLS NY
MONTH: JULY
YEAR: 2020
LATITUDE: 43 20 N
LONGITUDE: 73 37 W
[TEMPERATURE DATA] [PRECIPITATION DATA] SYMBOLS USED IN COLUMN 16
AVERAGE MONTHLY: 72.9 TOTAL FOR MONTH: 3.04 1 = FOG OR MIST
DPTR FM NORMAL: 4.1 DPTR FM NORMAL: -1.05 2 = FOG REDUCING VISIBILITY
HIGHEST: 93 ON 27,19 GRTST 24HR 0.66 ON 11-12 TO 1/4 MILE OR LESS
LOWEST: 54 ON 31 3 = THUNDER
SNOW, ICE PELLETS, HAIL 4 = ICE PELLETS
TOTAL MONTH: M 5 = HAIL
GRTST 24HR M ON M 6 = FREEZING RAIN OR DRIZZLE
GRTST DEPTH: M ON M 7 = DUSTSTORM OR SANDSTORM:
VSBY 1/2 MILE OR LESS
8 = SMOKE OR HAZE
[NO. OF DAYS WITH] [WEATHER - DAYS WITH] 9 = BLOWING SNOW
X = TORNADO
MAX 32 OR BELOW: 0 0.01 INCH OR MORE: 15
MAX 90 OR ABOVE: 3 0.10 INCH OR MORE: 7
MIN 32 OR BELOW: 0 0.50 INCH OR MORE: 2
MIN 0 OR BELOW: 0 1.00 INCH OR MORE: 0
[HDD (BASE 65) ]
TOTAL THIS MO. 0 CLEAR (SCALE 0-3) 16
DPTR FM NORMAL -21 PTCLDY (SCALE 4-7) 14
TOTAL FM JUL 1 0 CLOUDY (SCALE 8-10) 1
DPTR FM NORMAL -31
[CDD (BASE 65) ]
TOTAL THIS MO. 256
DPTR FM NORMAL 117 [PRESSURE DATA]
TOTAL FM JAN 1 412 HIGHEST SLP M ON M
DPTR FM NORMAL 192 LOWEST SLP 29.48 ON 12
[REMARKS]
#FINAL-07-20#