586
CXUS54 KSHV 011400
CF6GGG
PRELIMINARY LOCAL CLIMATOLOGICAL DATA (WS FORM: F-6)
STATION: LONGVIEW
MONTH: DECEMBER
YEAR: 2020
LATITUDE: 32 22 N
LONGITUDE: 94 43 W
TEMPERATURE IN F: :PCPN: SNOW: WIND :SUNSHINE: SKY :PK WND
================================================================================
1 2 3 4 5 6A 6B 7 8 9 10 11 12 13 14 15 16 17 18
12Z AVG MX 2MIN
DY MAX MIN AVG DEP HDD CDD WTR SNW DPTH SPD SPD DIR MIN PSBL S-S WX SPD DR
================================================================================
1 61 24 43 -8 22 0 0.00 0.0 0 8.1 18 210 M M 0 23 190
2 48 43 46 -5 19 0 1.45 0.0 0 6.9 14 270 M M 9 1 18 270
3 47 34 41 -9 24 0 T 0.0 0 7.4 16 310 M M 7 22 310
4 55 33 44 -6 21 0 0.00 0.0 0 5.1 12 320 M M 3 16 320
5 60 29 45 -5 20 0 0.00 0.0 0 2.8 9 310 M M 1 11 280
6 61 37 49 -1 16 0 T 0.0 0 6.2 18 330 M M 3 22 310
7 61 32 47 -2 18 0 0.00 0.0 0 4.9 13 330 M M 0 17 330
8 72 33 53 4 12 0 0.00 0.0 0 4.4 15 300 M M 0 18 280
9 77 32 55 6 10 0 0.00 0.0 0 4.4 13 270 M M 0 18 260
10 76 39 58 9 7 0 0.00 0.0 0 9.1 18 200 M M 0 23 220
11 67 55 61 13 4 0 0.83 0.0 0 5.9 16 310 M M 7 1 21 190
12 58 37 48 0 17 0 0.00 0.0 0 4.4 14 330 M M 1 19 340
13 45 36 41 -7 24 0 0.84 0.0 0 9.7 24 320 M M 9 13 31 320
14 51 34 43 -5 22 0 0.00 0.0 0 7.2 18 310 M M 4 25 320
15 41 34 38 -10 27 0 0.06 0.0 0 5.9 12 80 M M 9 1 14 100
16 41 30 36 -12 29 0 T 0.0 0 6.5 17 320 M M 9 21 310
17 55 26 41 -6 24 0 0.00 0.0 0 3.5 9 270 M M 0 11 250
18 61 30 46 -1 19 0 T 0.0 0 8.5 21 190 M M 3 25 200
19 56 50 53 6 12 0 0.90 0.0 0 4.9 16 320 M M 10 1 20 330
20 60 39 50 3 15 0 0.01 0.0 0 4.1 13 280 M M 4 17 320
21 70 35 53 6 12 0 0.00 0.0 0 4.4 13 230 M M 0 16 230
22 70 37 54 7 11 0 0.00 0.0 0 8.0 17 160 M M 0 21 200
23 73 41 57 10 8 0 T 0.0 0 14.3 32 330 M M 6 43 320
24 49 30 40 -7 25 0 0.00 0.0 0 11.7 26 300 M M 2 35 320
25 56 28 42 -5 23 0 0.00 0.0 0 4.3 13 320 M M 0 15 340
26 67 34 51 4 14 0 0.00 0.0 0 8.4 18 220 M M 0 23 210
27 71 48 60 13 5 0 0.00 0.0 0 12.9 26 200 M M 2 36 210
28 61 50 56 10 9 0 0.03 0.0 0 6.2 14 90 M M 9 18 20 90
29 72 53 63 17 2 0 T 0.0 0 11.8 23 160 M M 6 30 140
30 73 50 62 16 3 0 0.70 0.0 0 10.1 20 180 M M 10 1 27 180
31 50 42 46 0 19 0 2.12 0.0 0 11.8 22 200 M M 10 1 27 200
================================================================================
SM 1865 1155 493 0 6.94 0.0 223.8 M 124
================================================================================
AV 60.2 37.3 7.2 FASTST M M 4 MAX(MPH)
MISC ----> 32 330 43 320
================================================================================
NOTES:
# LAST OF SEVERAL OCCURRENCES
COLUMN 17 PEAK WIND IN M.P.H.
PRELIMINARY LOCAL CLIMATOLOGICAL DATA (WS FORM: F-6) , PAGE 2
STATION: LONGVIEW
MONTH: DECEMBER
YEAR: 2020
LATITUDE: 32 22 N
LONGITUDE: 94 43 W
[TEMPERATURE DATA] [PRECIPITATION DATA] SYMBOLS USED IN COLUMN 16
AVERAGE MONTHLY: 48.7 TOTAL FOR MONTH: 6.94 1 = FOG OR MIST
DPTR FM NORMAL: 0.7 DPTR FM NORMAL: 2.45 2 = FOG REDUCING VISIBILITY
HIGHEST: 77 ON 9 GRTST 24HR 2.69 ON 30-31 TO 1/4 MILE OR LESS
LOWEST: 24 ON 1 3 = THUNDER
SNOW, ICE PELLETS, HAIL 4 = ICE PELLETS
TOTAL MONTH: 0.0 INCH 5 = HAIL
GRTST 24HR 0.0 6 = FREEZING RAIN OR DRIZZLE
GRTST DEPTH: 0 7 = DUSTSTORM OR SANDSTORM:
VSBY 1/2 MILE OR LESS
8 = SMOKE OR HAZE
[NO. OF DAYS WITH] [WEATHER - DAYS WITH] 9 = BLOWING SNOW
X = TORNADO
MAX 32 OR BELOW: 0 0.01 INCH OR MORE: 9
MAX 90 OR ABOVE: 0 0.10 INCH OR MORE: 6
MIN 32 OR BELOW: 9 0.50 INCH OR MORE: 6
MIN 0 OR BELOW: 0 1.00 INCH OR MORE: 2
[HDD (BASE 65) ]
TOTAL THIS MO. 493 CLEAR (SCALE 0-3) 16
DPTR FM NORMAL -41 PTCLDY (SCALE 4-7) 7
TOTAL FM JUL 1 793 CLOUDY (SCALE 8-10) 8
DPTR FM NORMAL -113
[CDD (BASE 65) ]
TOTAL THIS MO. 0
DPTR FM NORMAL -6 [PRESSURE DATA]
TOTAL FM JAN 1 2513 HIGHEST SLP 30.36 ON 14
DPTR FM NORMAL 90 LOWEST SLP 29.59 ON 31
[REMARKS]
#FINAL-12-20#