000
CXUS55 KGGW 010910
CF6GGW
PRELIMINARY LOCAL CLIMATOLOGICAL DATA (WS FORM: F-6)
STATION: GLASGOW MT
MONTH: FEBRUARY
YEAR: 2024
LATITUDE: 48 13 N
LONGITUDE: 106 37 W
TEMPERATURE IN F: :PCPN: SNOW: WIND :SUNSHINE: SKY :PK WND
================================================================================
1 2 3 4 5 6A 6B 7 8 9 10 11 12 13 14 15 16 17 18
12Z AVG MX 2MIN
DY MAX MIN AVG DEP HDD CDD WTR SNW DPTH SPD SPD DIR MIN PSBL S-S WX SPD DR
================================================================================
1 54 31 43 27 22 0 0.00 0.0 0 15.2 20 130 M M 0 25 120
2 48 33 41 25 24 0 T 0.0 0 16.1 23 120 M M 2 28 120
3 38 32 35 19 30 0 T 0.0 0 9.4 18 120 M M 9 12 23 120
4 41 33 37 21 28 0 0.03 0.0 0 9.7 18 110 M M 10 1 26 100
5 37 28 33 17 32 0 T 0.0 0 6.9 14 120 M M 9 12 17 140
6 35 30 33 17 32 0 0.00 0.0 0 13.7 25 100 M M 10 12 34 90
7 34 31 33 16 32 0 0.32 2.3 0 10.2 22 100 M M 10 146 28 90
8 31 24 28 11 37 0 0.25 3.3 4 11.9 21 320 M M 10 1 29 320
9 29 21 25 8 40 0 0.05 0.7 6 8.0 18 340 M M 10 18 23 320
10 23 8 16 -1 49 0 0.00 0.0 6 6.3 13 130 M M 6 12 15 330
11 37 11 24 7 41 0 0.00 0.0 6 6.2 12 260 M M 8 14 260
12 35 24 30 12 35 0 T T 5 7.0 18 280 M M 9 22 280
13 33 16 25 7 40 0 0.00 0.0 4 11.6 22 300 M M 5 32 300
14 25 12 19 1 46 0 T T 3 5.8 13 270 M M 6 16 330
15 15 4 10 -8 55 0 0.00 0.0 3 8.3 17 340 M M 4 8 21 330
16 19 8 14 -5 51 0 0.00 0.0 3 9.3 23 280 M M 5 33 270
17 35 7 21 2 44 0 0.00 0.0 3 10.9 22 280 M M 0 27 270
18 37 7 22 3 43 0 0.00 0.0 3 6.2 16 120 M M 0 19 120
19 33 11 22 2 43 0 0.00 0.0 3 7.1 16 340 M M 0 18 340
20 41 16 29 9 36 0 0.00 0.0 3 3.4 14 100 M M 4 16 90
21 46 22 34 14 31 0 0.00 0.0 3 5.1 16 320 M M 0 19 320
22 47 20 34 13 31 0 0.00 0.0 1 7.8 18 290 M M 2 128 25 290
23 49 30 40 19 25 0 0.00 0.0 T 9.9 24 300 M M 0 31 300
24 47 32 40 18 25 0 T T 0 10.3 22 290 M M 6 33 290
25 51 30 41 19 24 0 0.01 0.3 T 11.1 20 240 M M 9 1 29 230
26 49 4 27 5 38 0 T T 0 17.5 31 340 M M 6 42 340
27 14 -1 7 -16 58 0 0.00 0.0 0 8.7 21 350 M M 4 26 330
28 45 11 28 5 37 0 0.00 0.0 0 10.5 16 130 M M 3 20 150
29 62 29 46 22 19 0 0.00 0.0 0 10.3 16 220 M M 0 21 210
================================================================================
SM 1090 564 1048 0 0.66 6.6 274.4 M 147
================================================================================
AV 37.6 19.4 9.5 FASTST M M 5 MAX(MPH)
MISC ----> 31 340 42 340
================================================================================
NOTES:
# LAST OF SEVERAL OCCURRENCES
COLUMN 17 PEAK WIND IN M.P.H.
PRELIMINARY LOCAL CLIMATOLOGICAL DATA (WS FORM: F-6) , PAGE 2
STATION: GLASGOW MT
MONTH: FEBRUARY
YEAR: 2024
LATITUDE: 48 13 N
LONGITUDE: 106 37 W
[TEMPERATURE DATA] [PRECIPITATION DATA] SYMBOLS USED IN COLUMN 16
AVERAGE MONTHLY: 28.5 TOTAL FOR MONTH: 0.66 1 = FOG OR MIST
DPTR FM NORMAL: 9.8 DPTR FM NORMAL: 0.31 2 = FOG REDUCING VISIBILITY
HIGHEST: 62 ON 29 GRTST 24HR 0.47 ON 7- 8 TO 1/4 MILE OR LESS
LOWEST: -1 ON 27 3 = THUNDER
SNOW, ICE PELLETS, HAIL 4 = ICE PELLETS
TOTAL MONTH: 6.6 INCHES 5 = HAIL
GRTST 24HR 3.3 ON 8- 8 6 = FREEZING RAIN OR DRIZZLE
GRTST DEPTH: 6 ON 11,10 7 = DUSTSTORM OR SANDSTORM:
VSBY 1/2 MILE OR LESS
8 = SMOKE OR HAZE
[NO. OF DAYS WITH] [WEATHER - DAYS WITH] 9 = BLOWING SNOW
X = TORNADO
MAX 32 OR BELOW: 7 0.01 INCH OR MORE: 5
MAX 90 OR ABOVE: 0 0.10 INCH OR MORE: 2
MIN 32 OR BELOW: 27 0.50 INCH OR MORE: 0
MIN 0 OR BELOW: 1 1.00 INCH OR MORE: 0
[HDD (BASE 65) ]
TOTAL THIS MO. 1048 CLEAR (SCALE 0-3) 9
DPTR FM NORMAL -248 PTCLDY (SCALE 4-7) 11
TOTAL FM JUL 1 5279 CLOUDY (SCALE 8-10) 9
DPTR FM NORMAL -1010
[CDD (BASE 65) ]
TOTAL THIS MO. 0
DPTR FM NORMAL 0 [PRESSURE DATA]
TOTAL FM JAN 1 0 HIGHEST SLP M ON M
DPTR FM NORMAL 0 LOWEST SLP 29.23 ON 26
[REMARKS]
#FINAL-02-24#