135
CXUS54 KFWD 010731
CF6GKY
PRELIMINARY LOCAL CLIMATOLOGICAL DATA (WS FORM: F-6)
STATION: ARLINGTON
MONTH: MAY
YEAR: 2020
LATITUDE: 32 39 N
LONGITUDE: 97 6 W
TEMPERATURE IN F: :PCPN: SNOW: WIND :SUNSHINE: SKY :PK WND
================================================================================
1 2 3 4 5 6A 6B 7 8 9 10 11 12 13 14 15 16 17 18
12Z AVG MX 2MIN
DY MAX MIN AVG DEP HDD CDD WTR SNW DPTH SPD SPD DIR MIN PSBL S-S WX SPD DR
================================================================================
1 89 62 76 7 0 11 0.00 0.0 0 13.8 26 150 M M 0 37 170
2 89 68 79 9 0 14 0.00 0.0 0 16.3 26 160 M M 1 39 160
3 91 71 81 11 0 16 0.00 0.0 0 13.1 20 150 M M 1 31 190
4 93 72 83 13 0 18 0.01 0.0 0 14.1 26 170 M M 1 3 37 170
5 81 60 71 1 0 6 0.04 0.0 0 13.3 25 360 M M 4 3 36 350
6 85 51 68 -3 0 3 0.00 0.0 0 4.3 13 90 M M 0 17 80
7 86 56 71 0 0 6 0.19 0.0 0 13.4 29 170 M M 3 3 45 170
8 75 M M M M M T 0.0 0 M 32 350 M M 6 18 43 10
9 M M M M M M 0.00 0.0 0 M 13 120 M M 2 23 120
10 M M M M M M 0.00 0.0 0 M M M M M 0 22 90
11 M M M M M M 0.00 0.0 0 M 20 120 M M M 29 140
12 77 69 73 1 0 8 0.03 0.0 0 11.6 M M M M M 3 30 150
13 86 69 78 5 0 13 0.00 0.0 0 12.1 21 150 M M 7 29 140
14 92 73 83 10 0 18 0.00 0.0 0 12.9 22 150 M M 4 30 160
15 90 66 78 5 0 13 0.09 0.0 0 12.4 33 50 M M 7 3 48 50
16 68 65 67 -7 0 2 3.49 0.0 0 12.3 25 330 M M 8 13 36 320
17 87 65 76 2 0 11 0.53 0.0 0 8.7 21 320 M M 2 1 28 310
18 92 61 77 3 0 12 0.00 0.0 0 4.8 14 150 M M 0 20 160
19 95 71 83 9 0 18 0.00 0.0 0 7.3 18 30 M M 0 25 30
20 82 73 78 3 0 13 0.00 0.0 0 8.9 14 80 M M 6 20 90
21 89 72 81 6 0 16 T 0.0 0 9.8 18 150 M M 6 8 25 160
22 93 75 84 9 0 19 0.02 0.0 0 11.3 33 130 M M 3 44 140
23 92 68 80 4 0 15 0.46 0.0 0 12.0 28 10 M M 4 3 35 10
24 91 70 81 5 0 16 T 0.0 0 12.2 36 140 M M 5 3 52 140
25 74 65 70 -6 0 5 M 0.0 0 6.4 20 310 M M 7 1 26 320
26 77 62 70 -6 0 5 0.01 0.0 0 5.4 15 280 M M 4 21 300
27 88 59 74 -3 0 9 T 0.0 0 3.6 10 160 M M 1 15 210
28 88 65 77 0 0 12 T 0.0 0 6.5 16 350 M M 1 23 40
29 90 66 78 1 0 13 0.00 0.0 0 8.4 20 30 M M 0 28 10
30 89 62 76 -2 0 11 0.00 0.0 0 5.5 14 100 M M 0 18 90
31 89 64 77 -1 0 12 0.00 0.0 0 6.2 13 100 M M 1 17 90
================================================================================
SM 2418 1780 0 315 4.87 0.0 266.6 M 84
================================================================================
AV 86.4 65.9 9.9 FASTST M M 3 MAX(MPH)
MISC ----> # 36 140 # 52 140
================================================================================
NOTES:
# LAST OF SEVERAL OCCURRENCES
COLUMN 17 PEAK WIND IN M.P.H.
PRELIMINARY LOCAL CLIMATOLOGICAL DATA (WS FORM: F-6) , PAGE 2
STATION: ARLINGTON
MONTH: MAY
YEAR: 2020
LATITUDE: 32 39 N
LONGITUDE: 97 6 W
[TEMPERATURE DATA] [PRECIPITATION DATA] SYMBOLS USED IN COLUMN 16
AVERAGE MONTHLY: 76.1 TOTAL FOR MONTH: 4.87 1 = FOG OR MIST
DPTR FM NORMAL: 2.6 DPTR FM NORMAL: 0.35 2 = FOG REDUCING VISIBILITY
HIGHEST: 95 ON 19 GRTST 24HR 3.49 ON 16-16 TO 1/4 MILE OR LESS
LOWEST: 51 ON 6 3 = THUNDER
SNOW, ICE PELLETS, HAIL 4 = ICE PELLETS
TOTAL MONTH: 0.0 INCH 5 = HAIL
GRTST 24HR 0.0 6 = FREEZING RAIN OR DRIZZLE
GRTST DEPTH: 0 7 = DUSTSTORM OR SANDSTORM:
VSBY 1/2 MILE OR LESS
8 = SMOKE OR HAZE
[NO. OF DAYS WITH] [WEATHER - DAYS WITH] 9 = BLOWING SNOW
X = TORNADO
MAX 32 OR BELOW: 0 0.01 INCH OR MORE: 10
MAX 90 OR ABOVE: 10 0.10 INCH OR MORE: 4
MIN 32 OR BELOW: 0 0.50 INCH OR MORE: 2
MIN 0 OR BELOW: 0 1.00 INCH OR MORE: 1
[HDD (BASE 65) ]
TOTAL THIS MO. 0 CLEAR (SCALE 0-3) 17
DPTR FM NORMAL -7 PTCLDY (SCALE 4-7) 12
TOTAL FM JUL 1 1988 CLOUDY (SCALE 8-10) 0
DPTR FM NORMAL -243
[CDD (BASE 65) ]
TOTAL THIS MO. 315
DPTR FM NORMAL 43 [PRESSURE DATA]
TOTAL FM JAN 1 551 HIGHEST SLP M ON M
DPTR FM NORMAL 141 LOWEST SLP 29.63 ON M
[REMARKS]
#FINAL-05-20#