000
CXUS53 KGLD 011719
CF6GLD
PRELIMINARY LOCAL CLIMATOLOGICAL DATA (WS FORM: F-6)
STATION: GOODLAND KS
MONTH: NOVEMBER
YEAR: 2022
LATITUDE: 39 22 N
LONGITUDE: 101 42 W
TEMPERATURE IN F: :PCPN: SNOW: WIND :SUNSHINE: SKY :PK WND
================================================================================
1 2 3 4 5 6A 6B 7 8 9 10 11 12 13 14 15 16 17 18
12Z AVG MX 2MIN
DY MAX MIN AVG DEP HDD CDD WTR SNW DPTH SPD SPD DIR MIN PSBL S-S WX SPD DR
================================================================================
1 75 31 53 8 12 0 0.00 0.0 0 M M M M M 0 M M
2 77 46 62 17 3 0 0.00 0.0 0 13.0 22 220 M M 0 28 220
3 58 31 45 1 20 0 0.01 T 0 16.3 25 350 M M 3 6 36 350
4 45 22 34 -10 31 0 T T 0 11.7 21 350 M M 5 28 340
5 70 25 48 4 17 0 0.00 0.0 0 11.2 23 220 M M 0 30 220
6 57 30 44 1 21 0 0.00 0.0 0 9.0 15 40 M M 0 23 360
7 57 29 43 0 22 0 0.00 0.0 0 19.6 40 180 M M 3 50 170
8 74 49 62 20 3 0 0.00 0.0 0 25.0 37 180 M M 1 48 180
9 76 29 53 11 12 0 0.00 0.0 0 M M M M M M 8 M M
10 54 18 36 -6 29 0 0.00 0.0 0 M 0 0 M M 0 0 0
11 37 15 26 -15 39 0 0.00 0.0 0 M M M M M 0 M M
12 48 14 31 -10 34 0 0.00 0.0 0 M M M M M 0 M M
13 43 15 29 -12 36 0 0.00 0.0 0 M M M M M 0 M M
14 38 17 28 -12 37 0 0.00 0.0 0 M M M M M 1 M M
15 43 14 29 -11 36 0 0.00 0.0 0 M M M M M M M M
16 40 8 24 -15 41 0 0.00 0.0 0 15.5 29 340 M M 0 38 330
17 29 9 19 -20 46 0 0.02 0.5 1 M M M M M 0 M M
18 26 3 15 -24 50 0 0.00 0.0 T M M M M M 0 M M
19 39 12 26 -12 39 0 0.00 0.0 0 M M M M M 0 M M
20 52 19 36 -2 29 0 0.00 0.0 0 M M M M M 0 M M
21 55 16 36 -1 29 0 0.00 0.0 0 M M M M M 0 M M
22 55 18 37 0 28 0 0.00 0.0 0 M M M M M 0 M M
23 59 22 41 4 24 0 0.00 0.0 0 M M M M M 0 M M
24 47 22 35 -1 30 0 0.00 0.0 0 M M M M M 0 M M
25 58 19 39 3 26 0 0.00 0.0 0 M M M M M 0 M M
26 62 31 47 11 18 0 0.00 0.0 0 M M M M M 0 M M
27 47 29 38 3 27 0 0.00 0.0 0 M M M M M 0 M M
28 59 22 41 6 24 0 0.00 0.0 0 M M M M M 0 M M
29 30 9 20 -14 45 0 T 0.2 0 M M M M M 0 M M
30 39 8 24 -10 41 0 T 0.0 T M M M M M 0 M M
================================================================================
SM 1549 632 849 0 0.03 0.7 121.3 M 13
================================================================================
AV 51.6 21.1 15.2 FASTST M M 0 MAX(MPH)
MISC ----> 40 180 50 170
================================================================================
NOTES:
# LAST OF SEVERAL OCCURRENCES
COLUMN 17 PEAK WIND IN M.P.H.
PRELIMINARY LOCAL CLIMATOLOGICAL DATA (WS FORM: F-6) , PAGE 2
STATION: GOODLAND KS
MONTH: NOVEMBER
YEAR: 2022
LATITUDE: 39 22 N
LONGITUDE: 101 42 W
[TEMPERATURE DATA] [PRECIPITATION DATA] SYMBOLS USED IN COLUMN 16
AVERAGE MONTHLY: 36.4 TOTAL FOR MONTH: 0.03 1 = FOG OR MIST
DPTR FM NORMAL: -3.2 DPTR FM NORMAL: -0.51 2 = FOG REDUCING VISIBILITY
HIGHEST: 77 ON 2 GRTST 24HR 0.02 ON 17-17 TO 1/4 MILE OR LESS
LOWEST: 3 ON 18 3 = THUNDER
SNOW, ICE PELLETS, HAIL 4 = ICE PELLETS
TOTAL MONTH: 0.7 INCH 5 = HAIL
GRTST 24HR 0.5 ON 17-17 6 = FREEZING RAIN OR DRIZZLE
GRTST DEPTH: 0 7 = DUSTSTORM OR SANDSTORM:
VSBY 1/2 MILE OR LESS
8 = SMOKE OR HAZE
[NO. OF DAYS WITH] [WEATHER - DAYS WITH] 9 = BLOWING SNOW
X = TORNADO
MAX 32 OR BELOW: 3 0.01 INCH OR MORE: 2
MAX 90 OR ABOVE: 0 0.10 INCH OR MORE: 0
MIN 32 OR BELOW: 28 0.50 INCH OR MORE: 0
MIN 0 OR BELOW: 0 1.00 INCH OR MORE: 0
[HDD (BASE 65) ]
TOTAL THIS MO. 849 CLEAR (SCALE 0-3) 26
DPTR FM NORMAL 87 PTCLDY (SCALE 4-7) 2
TOTAL FM JUL 1 1219 CLOUDY (SCALE 8-10) 2
DPTR FM NORMAL -72
[CDD (BASE 65) ]
TOTAL THIS MO. 0
DPTR FM NORMAL 0 [PRESSURE DATA]
TOTAL FM JAN 1 1352 HIGHEST SLP 30.46 ON 15
DPTR FM NORMAL 363 LOWEST SLP 30.26 ON 15
[REMARKS]
#FINAL-11-22#