000
CXUS54 KJAN 011414
CF6GLH
PRELIMINARY LOCAL CLIMATOLOGICAL DATA (WS FORM: F-6)
STATION: GREENVILLE
MONTH: MAY
YEAR: 2020
LATITUDE: 33 29 N
LONGITUDE: 90 59 W
TEMPERATURE IN F: :PCPN: SNOW: WIND :SUNSHINE: SKY :PK WND
================================================================================
1 2 3 4 5 6A 6B 7 8 9 10 11 12 13 14 15 16 17 18
12Z AVG MX 2MIN
DY MAX MIN AVG DEP HDD CDD WTR SNW DPTH SPD SPD DIR MIN PSBL S-S WX SPD DR
================================================================================
1 80 54 67 -1 0 2 0.00 0.0 0 7.5 15 200 M M 0 8 23 200
2 83 60 72 3 0 7 0.00 0.0 0 11.2 22 200 M M 0 32 180
3 84 62 73 4 0 8 0.00 0.0 0 11.6 22 200 M M 2 29 190
4 85 68 77 8 0 12 0.00 0.0 0 11.1 21 180 M M 1 8 29 160
5 78 62 70 1 0 5 0.11 0.0 0 11.5 25 350 M M 2 138 33 350
6 76 54 65 -5 0 0 0.00 0.0 0 12.0 28 340 M M 0 38 330
7 75 47 61 -9 4 0 0.03 0.0 0 5.6 17 360 M M 0 3 23 360
8 69 51 60 -10 5 0 0.56 0.0 0 13.4 33 190 M M 8 13 48 200
9 68 48 58 -13 7 0 0.00 0.0 0 6.9 16 30 M M 0 23 50
10 77 45 61 -10 4 0 0.00 0.0 0 2.5 14 350 M M 0 8 18 360
11 76 55 66 -5 0 1 0.00 0.0 0 9.6 17 60 M M 1 22 40
12 82 56 69 -2 0 4 T 0.0 0 10.0 20 170 M M 2 25 180
13 85 67 76 4 0 11 T 0.0 0 9.8 18 180 M M 3 26 180
14 86 68 77 5 0 12 0.10 0.0 0 11.9 28 150 M M 4 3 37 130
15 84 65 75 3 0 10 0.11 0.0 0 8.0 16 130 M M 5 1 22 120
16 85 72 79 7 0 14 0.02 0.0 0 14.2 24 130 M M 8 1 32 140
17 85 71 78 5 0 13 0.04 0.0 0 12.3 25 170 M M 6 1 34 170
18 83 65 74 1 0 9 T 0.0 0 11.2 18 320 M M 3 25 320
19 78 56 67 -6 0 2 0.00 0.0 0 6.3 15 340 M M 1 23 330
20 81 55 68 -5 0 3 0.00 0.0 0 4.4 14 50 M M 3 18 30
21 85 59 72 -2 0 7 0.00 0.0 0 5.5 14 180 M M 5 18 190
22 91 69 80 6 0 15 0.00 0.0 0 10.7 23 180 M M 3 35 190
23 91 73 82 8 0 17 0.08 0.0 0 M M M M M M M M
24 93 70 82 8 0 17 0.00 0.0 0 8.6 18 140 M M 1 23 140
25 93 70 82 7 0 17 0.00 0.0 0 13.2 24 120 M M 2 3 32 120
26 85 70 78 3 0 13 0.29 0.0 0 7.7 18 50 M M 6 38 31 60
27 83 64 74 -1 0 9 0.42 0.0 0 5.8 24 280 M M 2 1 33 270
28 82 64 73 -2 0 8 0.07 0.0 0 8.6 23 230 M M 1 3 29 240
29 86 63 75 0 0 10 0.00 0.0 0 6.1 14 10 M M 3 19 330
30 87 61 74 -2 0 9 0.00 0.0 0 6.7 16 30 M M 1 23 40
31 87 60 74 -2 0 9 T 0.0 0 9.0 21 50 M M 0 28 20
================================================================================
SM 2563 1904 20 244 1.83 0.0 272.9 M 73
================================================================================
AV 82.7 61.4 9.1 FASTST M M 2 MAX(MPH)
MISC ----> # 33 190 # 48 200
================================================================================
NOTES:
# LAST OF SEVERAL OCCURRENCES
COLUMN 17 PEAK WIND IN M.P.H.
PRELIMINARY LOCAL CLIMATOLOGICAL DATA (WS FORM: F-6) , PAGE 2
STATION: GREENVILLE
MONTH: MAY
YEAR: 2020
LATITUDE: 33 29 N
LONGITUDE: 90 59 W
[TEMPERATURE DATA] [PRECIPITATION DATA] SYMBOLS USED IN COLUMN 16
AVERAGE MONTHLY: 72.1 TOTAL FOR MONTH: 1.83 1 = FOG OR MIST
DPTR FM NORMAL: -0.2 DPTR FM NORMAL: -3.08 2 = FOG REDUCING VISIBILITY
HIGHEST: 93 ON 25,24 GRTST 24HR 0.56 ON 8- 8 TO 1/4 MILE OR LESS
LOWEST: 45 ON 10 3 = THUNDER
SNOW, ICE PELLETS, HAIL 4 = ICE PELLETS
TOTAL MONTH: 0.0 INCH 5 = HAIL
GRTST 24HR 0.0 6 = FREEZING RAIN OR DRIZZLE
GRTST DEPTH: 0 7 = DUSTSTORM OR SANDSTORM:
VSBY 1/2 MILE OR LESS
8 = SMOKE OR HAZE
[NO. OF DAYS WITH] [WEATHER - DAYS WITH] 9 = BLOWING SNOW
X = TORNADO
MAX 32 OR BELOW: 0 0.01 INCH OR MORE: 11
MAX 90 OR ABOVE: 4 0.10 INCH OR MORE: 6
MIN 32 OR BELOW: 0 0.50 INCH OR MORE: 1
MIN 0 OR BELOW: 0 1.00 INCH OR MORE: 0
[HDD (BASE 65) ]
TOTAL THIS MO. 20 CLEAR (SCALE 0-3) 22
DPTR FM NORMAL 7 PTCLDY (SCALE 4-7) 7
TOTAL FM JUL 1 2245 CLOUDY (SCALE 8-10) 1
DPTR FM NORMAL -529
[CDD (BASE 65) ]
TOTAL THIS MO. 244
DPTR FM NORMAL 8 [PRESSURE DATA]
TOTAL FM JAN 1 337 HIGHEST SLP M ON M
DPTR FM NORMAL 15 LOWEST SLP 29.71 ON 17
[REMARKS]
#FINAL-05-20#