000
CXUS54 KOUN 010810
CF6GOK
PRELIMINARY LOCAL CLIMATOLOGICAL DATA (WS FORM: F-6)
STATION: GUTHRIE MUNICIPAL
MONTH: SEPTEMBER
YEAR: 2021
LATITUDE: 35 50 N
LONGITUDE: 97 25 W
TEMPERATURE IN F: :PCPN: SNOW: WIND :SUNSHINE: SKY :PK WND
================================================================================
1 2 3 4 5 6A 6B 7 8 9 10 11 12 13 14 15 16 17 18
12Z AVG MX 2MIN
DY MAX MIN AVG DEP HDD CDD WTR SNW DPTH SPD SPD DIR MIN PSBL S-S WX SPD DR
================================================================================
1 98 72 85 6 0 20 0.00 M M 6.3 12 160 M M 0 17 160
2 97 74 86 8 0 21 0.00 M M 9.6 20 200 M M 0 24 180
3 98 77 88 10 0 23 0.00 M M 11.0 22 200 M M 0 27 190
4 93 75 84 6 0 19 T M M 8.8 17 210 M M 2 24 360
5 90 65 78 1 0 13 0.00 M M 6.1 14 70 M M 3 1 18 60
6 92 61 77 0 0 12 0.00 M M 6.4 17 180 M M 0 23 180
7 96 67 82 5 0 17 0.00 M M 9.6 20 180 M M 0 27 210
8 90 66 78 2 0 13 0.00 M M 7.7 15 80 M M 0 22 50
9 93 57 75 -1 0 10 0.00 M M 8.2 15 180 M M 0 20 220
10 93 67 80 4 0 15 0.00 M M 11.6 24 210 M M 0 30 200
11 95 73 84 9 0 19 0.00 M M 14.7 24 200 M M 0 30 200
12 92 65 79 4 0 14 0.00 M M 10.4 18 200 M M 0 24 150
13 92 66 79 4 0 14 0.00 0.0 M 11.3 21 200 M M 0 29 200
14 91 71 81 7 0 16 0.00 0.0 M 9.7 20 200 M M 0 26 200
15 88 67 78 4 0 13 0.00 0.0 M 4.3 10 210 M M 1 3 13 210
16 91 65 78 4 0 13 0.00 M M 7.1 14 160 M M 0 19 130
17 M M M M M M 0.00 M M M M M M M 0 M M
18 93 66 80 7 0 15 0.00 M M 4.3 13 90 M M 0 22 60
19 93 62 78 5 0 13 0.00 M M 6.5 14 160 M M 0 18 190
20 98 72 85 13 0 20 T M M 11.6 21 180 M M 0 27 10
21 79 51 65 -7 0 0 T M M 8.4 20 20 M M 2 30 10
22 79 44 62 -9 3 0 0.00 M M 3.6 13 60 M M 0 18 60
23 85 51 68 -3 0 3 0.00 M M 8.5 16 230 M M 0 21 220
24 89 57 73 2 0 8 0.00 M M 8.9 18 180 M M 0 23 190
25 87 59 73 3 0 8 0.00 M M 7.9 14 150 M M 0 19 120
26 92 65 79 9 0 14 0.00 M M 12.4 24 190 M M 0 30 200
27 93 68 81 11 0 16 0.00 M M 12.1 20 200 M M 0 26 180
28 93 67 80 11 0 15 0.00 M M 10.4 25 190 M M 0 33 180
29 87 67 77 8 0 12 0.00 M M 10.2 20 160 M M 1 26 140
30 72 63 68 0 0 3 1.68 M M 5.6 22 80 M M 4 1238 30 360
================================================================================
SM 2629 1880 3 379 1.68 0.0 253.2 M 13
================================================================================
AV 90.7 64.8 8.7 FASTST M M 0 MAX(MPH)
MISC ----> 25 190 33 180
================================================================================
NOTES:
# LAST OF SEVERAL OCCURRENCES
COLUMN 17 PEAK WIND IN M.P.H.
PRELIMINARY LOCAL CLIMATOLOGICAL DATA (WS FORM: F-6) , PAGE 2
STATION: GUTHRIE MUNICIPAL
MONTH: SEPTEMBER
YEAR: 2021
LATITUDE: 35 50 N
LONGITUDE: 97 25 W
[TEMPERATURE DATA] [PRECIPITATION DATA] SYMBOLS USED IN COLUMN 16
AVERAGE MONTHLY: 77.7 TOTAL FOR MONTH: 1.68 1 = FOG OR MIST
DPTR FM NORMAL: 4.0 DPTR FM NORMAL: -1.04 2 = FOG REDUCING VISIBILITY
HIGHEST: 98 ON 20, 3 GRTST 24HR 1.68 ON 30-30 TO 1/4 MILE OR LESS
LOWEST: 44 ON 22 3 = THUNDER
SNOW, ICE PELLETS, HAIL 4 = ICE PELLETS
TOTAL MONTH: 0.0 INCH 5 = HAIL
GRTST 24HR 0.0 6 = FREEZING RAIN OR DRIZZLE
GRTST DEPTH: M ON M 7 = DUSTSTORM OR SANDSTORM:
VSBY 1/2 MILE OR LESS
8 = SMOKE OR HAZE
[NO. OF DAYS WITH] [WEATHER - DAYS WITH] 9 = BLOWING SNOW
X = TORNADO
MAX 32 OR BELOW: 0 0.01 INCH OR MORE: 1
MAX 90 OR ABOVE: 21 0.10 INCH OR MORE: 1
MIN 32 OR BELOW: 0 0.50 INCH OR MORE: 1
MIN 0 OR BELOW: 0 1.00 INCH OR MORE: 1
[HDD (BASE 65) ]
TOTAL THIS MO. 3 CLEAR (SCALE 0-3) 29
DPTR FM NORMAL -15 PTCLDY (SCALE 4-7) 1
TOTAL FM JUL 1 3 CLOUDY (SCALE 8-10) 0
DPTR FM NORMAL -13
[CDD (BASE 65) ]
TOTAL THIS MO. 379
DPTR FM NORMAL 100 [PRESSURE DATA]
TOTAL FM JAN 1 1875 HIGHEST SLP M ON M
DPTR FM NORMAL -133 LOWEST SLP 29.68 ON 20
[REMARKS]
#FINAL-09-21#