000
CXUS54 KFWD 220503
CF6GOP
PRELIMINARY LOCAL CLIMATOLOGICAL DATA (WS FORM: F-6)
STATION: GATESVILLE
MONTH: JULY
YEAR: 2022
LATITUDE: 31 25 N
LONGITUDE: 97 48 W
TEMPERATURE IN F: :PCPN: SNOW: WIND :SUNSHINE: SKY :PK WND
================================================================================
1 2 3 4 5 6A 6B 7 8 9 10 11 12 13 14 15 16 17 18
12Z AVG MX 2MIN
DY MAX MIN AVG DEP HDD CDD WTR SNW DPTH SPD SPD DIR MIN PSBL S-S WX SPD DR
================================================================================
1 97 72 85 4 0 20 0.00 M M M M M M M 0 M M
2 99 75 87 6 0 22 0.00 M M M M M M M 1 M M
3 99 77 88 7 0 23 0.00 M M M M M M M 0 M M
4 99 75 87 5 0 22 0.00 M M M M M M M 0 M M
5 100 75 88 6 0 23 0.00 M M M M M M M 0 8 M M
6 102 75 89 7 0 24 0.00 M M M M M M M 0 M M
7 100 77 89 7 0 24 0.00 M M M M M M M 0 M M
8 102 77 90 8 0 25 0.00 M M M M M M M 0 M M
9 104 79 92 10 0 27 0.00 M M M M M M M 0 M M
10 106 77 92 10 0 27 0.00 M M M M M M M 0 M M
11 104 77 91 9 0 26 0.00 M M M M M M M 0 M M
12 104 81 93 11 0 28 0.00 M M M M M M M 0 M M
13 106 75 91 9 0 26 0.00 M M M M M M M 0 M M
14 99 73 86 4 0 21 0.00 M M M M M M M 0 M M
15 97 68 83 1 0 18 0.00 M M M M M M M 0 M M
16 99 73 86 4 0 21 0.00 M M M M M M M 0 M M
17 104 77 91 9 0 26 0.00 M M M M M M M 0 M M
18 106 79 93 11 0 28 0.00 M M M M M M M 0 M M
19 106 79 93 11 0 28 0.00 M M M M M M M 0 M M
20 104 77 91 9 0 26 0.00 M M M M M M M 0 M M
21 100 77 89 6 0 24 0.00 M M M M M M M 1 M M
22 100 79 90 7 0 25 0.00 M M M M M M M 0 M M
23 100 77 89 6 0 24 0.00 M M M M M M M 0 M M
24 100 77 89 6 0 24 0.00 M M M M M M M 0 M M
25 102 75 89 6 0 24 0.00 M M M M M M M 0 M M
26 102 75 89 6 0 24 0.00 M M M M M M M 0 M M
27 100 77 89 6 0 24 0.00 M M M M M M M 0 M M
28 100 79 90 7 0 25 0.00 M M M M M M M 0 M M
29 100 77 89 6 0 24 0.00 M M M M M M M 0 M M
30 102 77 90 7 0 25 0.00 M M M M M M M 0 M M
31 102 77 90 7 0 25 0.00 M M M M M M M 0 M M
================================================================================
SM 3145 2365 0 753 0.00 M M M 2
================================================================================
AV101.5 76.3 M FASTST M M 0 MAX(MPH)
MISC ----> M M M M
================================================================================
NOTES:
# LAST OF SEVERAL OCCURRENCES
COLUMN 17 PEAK WIND IN M.P.H.
PRELIMINARY LOCAL CLIMATOLOGICAL DATA (WS FORM: F-6) , PAGE 2
STATION: GATESVILLE
MONTH: JULY
YEAR: 2022
LATITUDE: 31 25 N
LONGITUDE: 97 48 W
[TEMPERATURE DATA] [PRECIPITATION DATA] SYMBOLS USED IN COLUMN 16
AVERAGE MONTHLY: 88.9 TOTAL FOR MONTH: 0.00 1 = FOG OR MIST
DPTR FM NORMAL: 6.7 DPTR FM NORMAL: M 2 = FOG REDUCING VISIBILITY
HIGHEST: 106 ON 18,13 GRTST 24HR 0.00 ON 9- 9 TO 1/4 MILE OR LESS
LOWEST: 68 ON 15 3 = THUNDER
SNOW, ICE PELLETS, HAIL 4 = ICE PELLETS
TOTAL MONTH: M 5 = HAIL
GRTST 24HR M ON M 6 = FREEZING RAIN OR DRIZZLE
GRTST DEPTH: M ON M 7 = DUSTSTORM OR SANDSTORM:
VSBY 1/2 MILE OR LESS
8 = SMOKE OR HAZE
[NO. OF DAYS WITH] [WEATHER - DAYS WITH] 9 = BLOWING SNOW
X = TORNADO
MAX 32 OR BELOW: 0 0.01 INCH OR MORE: 0
MAX 90 OR ABOVE: 31 0.10 INCH OR MORE: 0
MIN 32 OR BELOW: 0 0.50 INCH OR MORE: 0
MIN 0 OR BELOW: 0 1.00 INCH OR MORE: 0
[HDD (BASE 65) ]
TOTAL THIS MO. 0 CLEAR (SCALE 0-3) 31
DPTR FM NORMAL 0 PTCLDY (SCALE 4-7) 0
TOTAL FM JUL 1 0 CLOUDY (SCALE 8-10) 0
DPTR FM NORMAL 0
[CDD (BASE 65) ]
TOTAL THIS MO. 753
DPTR FM NORMAL 218 [PRESSURE DATA]
TOTAL FM JAN 1 2032 HIGHEST SLP M ON M
DPTR FM NORMAL 750 LOWEST SLP M ON M
[REMARKS]
#FINAL-07-22#