000
CXUS55 KMSO 010900
CF6GPI
PRELIMINARY LOCAL CLIMATOLOGICAL DATA (WS FORM: F-6)
STATION: KALISPELL MT
MONTH: SEPTEMBER
YEAR: 2021
LATITUDE: 48 17 N
LONGITUDE: 114 16 W
TEMPERATURE IN F: :PCPN: SNOW: WIND :SUNSHINE: SKY :PK WND
================================================================================
1 2 3 4 5 6A 6B 7 8 9 10 11 12 13 14 15 16 17 18
12Z AVG MX 2MIN
DY MAX MIN AVG DEP HDD CDD WTR SNW DPTH SPD SPD DIR MIN PSBL S-S WX SPD DR
================================================================================
1 71 36 54 -5 11 0 0.00 0.0 0 3.1 15 350 M M 3 19 340
2 73 37 55 -4 10 0 0.00 0.0 0 3.2 12 140 M M 0 18 150
3 75 36 56 -2 9 0 0.00 0.0 0 3.2 12 180 M M 1 16 180
4 79 39 59 1 6 0 0.00 0.0 0 3.1 13 170 M M 0 19 130
5 87 38 63 5 2 0 0.00 0.0 0 5.8 21 230 M M 0 8 36 220
6 83 45 64 6 1 0 0.00 0.0 0 6.8 20 240 M M 2 29 220
7 84 40 62 5 3 0 0.00 0.0 0 2.0 10 160 M M 0 14 150
8 82 41 62 5 3 0 0.00 0.0 0 4.0 15 170 M M 2 8 19 160
9 85 40 63 6 2 0 0.00 0.0 0 4.6 15 160 M M 2 138 21 150
10 77 50 64 8 1 0 0.40 0.0 0 3.9 16 150 M M 7 18 20 140
11 62 54 58 2 7 0 0.07 0.0 0 7.3 16 200 M M 10 1 21 180
12 67 42 55 -1 10 0 T 0.0 0 2.0 13 340 M M 6 123 20 330
13 71 44 58 3 7 0 0.05 0.0 0 2.2 9 360 M M 6 12 16 340
14 72 37 55 0 10 0 T 0.0 0 4.1 14 160 M M 3 12 22 160
15 74 52 63 8 2 0 T 0.0 0 7.7 24 210 M M 8 34 210
16 65 31 48 -6 17 0 0.00 0.0 0 3.3 12 280 M M 3 18 240
17 71 28 50 -4 15 0 0.00 0.0 0 4.6 20 170 M M 4 25 160
18 68 44 56 2 9 0 T 0.0 0 5.7 25 250 M M 5 34 260
19 58 46 52 -1 13 0 0.40 0.0 0 4.4 13 170 M M 10 1 M M
20 58 37 48 -5 17 0 0.40 0.0 0 8.2 18 160 M M 7 1 26 130
21 67 33 50 -3 15 0 0.00 0.0 0 4.3 16 150 M M 3 12 28 230
22 74 31 53 1 12 0 0.00 0.0 0 3.9 14 250 M M 0 18 21 250
23 71 38 55 3 10 0 0.00 0.0 0 3.5 14 170 M M 1 24 180
24 72 34 53 2 12 0 0.00 0.0 0 2.3 9 170 M M 0 1 13 180
25 78 40 59 8 6 0 0.00 0.0 0 3.7 15 170 M M 0 22 140
26 80 37 59 9 6 0 0.00 0.0 0 3.9 17 240 M M 0 1 23 250
27 75 35 55 5 10 0 0.00 0.0 0 2.7 13 10 M M 3 20 280
28 58 43 51 1 14 0 0.08 0.0 0 6.5 16 200 M M 10 25 170
29 61 35 48 -1 17 0 0.00 0.0 0 4.8 18 200 M M 8 24 190
30 67 28 48 -1 17 0 T 0.0 0 4.0 15 160 M M 2 1 23 170
================================================================================
SM 2165 1171 274 0 1.40 0.0 128.8 M 106
================================================================================
AV 72.2 39.0 4.3 FASTST M M 4 MAX(MPH)
MISC ----> 25 250 36 220
================================================================================
NOTES:
# LAST OF SEVERAL OCCURRENCES
COLUMN 17 PEAK WIND IN M.P.H.
PRELIMINARY LOCAL CLIMATOLOGICAL DATA (WS FORM: F-6) , PAGE 2
STATION: KALISPELL MT
MONTH: SEPTEMBER
YEAR: 2021
LATITUDE: 48 17 N
LONGITUDE: 114 16 W
[TEMPERATURE DATA] [PRECIPITATION DATA] SYMBOLS USED IN COLUMN 16
AVERAGE MONTHLY: 55.6 TOTAL FOR MONTH: 1.40 1 = FOG OR MIST
DPTR FM NORMAL: 1.3 DPTR FM NORMAL: 0.23 2 = FOG REDUCING VISIBILITY
HIGHEST: 87 ON 5 GRTST 24HR 0.47 ON 10-11 TO 1/4 MILE OR LESS
LOWEST: 28 ON 30,17 3 = THUNDER
SNOW, ICE PELLETS, HAIL 4 = ICE PELLETS
TOTAL MONTH: 0.0 INCH 5 = HAIL
GRTST 24HR 0.0 6 = FREEZING RAIN OR DRIZZLE
GRTST DEPTH: 0 7 = DUSTSTORM OR SANDSTORM:
VSBY 1/2 MILE OR LESS
8 = SMOKE OR HAZE
[NO. OF DAYS WITH] [WEATHER - DAYS WITH] 9 = BLOWING SNOW
X = TORNADO
MAX 32 OR BELOW: 0 0.01 INCH OR MORE: 6
MAX 90 OR ABOVE: 0 0.10 INCH OR MORE: 3
MIN 32 OR BELOW: 4 0.50 INCH OR MORE: 0
MIN 0 OR BELOW: 0 1.00 INCH OR MORE: 0
[HDD (BASE 65) ]
TOTAL THIS MO. 274 CLEAR (SCALE 0-3) 17
DPTR FM NORMAL -50 PTCLDY (SCALE 4-7) 9
TOTAL FM JUL 1 383 CLOUDY (SCALE 8-10) 4
DPTR FM NORMAL -108
[CDD (BASE 65) ]
TOTAL THIS MO. 0
DPTR FM NORMAL -4 [PRESSURE DATA]
TOTAL FM JAN 1 410 HIGHEST SLP M ON M
DPTR FM NORMAL 267 LOWEST SLP 29.63 ON 18
[REMARKS]
#FINAL-09-21#