000
CXUS53 KGRR 010910
CF6GRR
PRELIMINARY LOCAL CLIMATOLOGICAL DATA (WS FORM: F-6)
STATION: GRAND RAPIDS
MONTH: JUNE
YEAR: 2023
LATITUDE: 42 52 N
LONGITUDE: 85 31 W
TEMPERATURE IN F: :PCPN: SNOW: WIND :SUNSHINE: SKY :PK WND
================================================================================
1 2 3 4 5 6A 6B 7 8 9 10 11 12 13 14 15 16 17 18
12Z AVG MX 2MIN
DY MAX MIN AVG DEP HDD CDD WTR SNW DPTH SPD SPD DIR MIN PSBL S-S WX SPD DR
================================================================================
1 91 63 77 12 0 12 0.01 0.0 0 3.9 16 240 M M 5 3 21 240
2 91 60 76 11 0 11 0.00 0.0 0 3.8 14 70 M M 6 21 130
3 90 62 76 11 0 11 0.00 0.0 0 9.6 18 50 M M 5 8 25 80
4 82 57 70 4 0 5 0.00 0.0 0 9.9 21 80 M M 3 8 28 100
5 85 55 70 4 0 5 0.00 0.0 0 5.2 17 280 M M 5 22 280
6 78 53 66 0 0 1 0.00 0.0 0 6.0 16 70 M M 6 8 21 50
7 77 47 62 -5 3 0 0.00 0.0 0 5.9 21 60 M M 2 8 27 70
8 77 49 63 -4 2 0 0.00 0.0 0 7.1 21 320 M M 2 8 28 270
9 77 50 64 -3 1 0 0.00 0.0 0 5.8 18 250 M M 2 8 25 250
10 82 48 65 -3 0 0 0.00 0.0 0 7.7 23 240 M M 6 29 240
11 67 54 61 -7 4 0 0.11 0.0 0 9.6 18 30 M M 9 1 24 30
12 64 50 57 -11 8 0 0.00 0.0 0 9.8 20 250 M M 8 27 280
13 70 49 60 -8 5 0 0.07 0.0 0 7.3 23 250 M M 7 1 28 250
14 73 50 62 -7 3 0 0.00 0.0 0 5.4 15 260 M M 6 1 19 270
15 75 50 63 -6 2 0 0.02 0.0 0 8.2 18 290 M M 7 18 25 290
16 76 55 66 -3 0 1 0.00 0.0 0 7.4 14 360 M M 6 8 19 20
17 81 52 67 -3 0 2 0.00 0.0 0 6.0 16 290 M M 1 18 24 320
18 84 52 68 -2 0 3 0.00 0.0 0 4.1 14 170 M M 4 18 19 170
19 86 57 72 2 0 7 0.00 0.0 0 8.7 21 90 M M 5 27 90
20 90 59 75 5 0 10 0.00 0.0 0 10.7 20 70 M M 2 27 50
21 91 64 78 8 0 13 0.00 0.0 0 9.6 20 70 M M 2 28 70
22 85 62 74 3 0 9 0.00 0.0 0 7.0 16 80 M M 4 22 90
23 83 63 73 2 0 8 0.00 0.0 0 5.3 15 60 M M 8 21 70
24 90 67 79 8 0 14 0.00 0.0 0 5.0 18 260 M M 6 25 290
25 85 64 75 4 0 10 0.23 0.0 0 8.8 25 160 M M 8 13 36 210
26 71 61 66 -6 0 1 0.38 0.0 0 10.5 21 300 M M 10 18 28 320
27 75 59 67 -5 0 2 0.00 0.0 0 9.2 17 320 M M 9 18 24 320
28 82 53 68 -4 0 3 0.00 0.0 0 2.9 10 90 M M 6 18 14 20
29 88 62 75 3 0 10 0.87 0.0 0 10.5 23 20 M M 6 138 32 30
30 89 64 77 5 0 12 0.00 0.0 0 6.1 21 250 M M 7 128 28 260
================================================================================
SM 2435 1691 28 150 1.69 0.0 217.0 M 163
================================================================================
AV 81.2 56.4 7.2 FASTST M M 5 MAX(MPH)
MISC ----> 25 160 36 210
================================================================================
NOTES:
# LAST OF SEVERAL OCCURRENCES
COLUMN 17 PEAK WIND IN M.P.H.
PRELIMINARY LOCAL CLIMATOLOGICAL DATA (WS FORM: F-6) , PAGE 2
STATION: GRAND RAPIDS
MONTH: JUNE
YEAR: 2023
LATITUDE: 42 52 N
LONGITUDE: 85 31 W
[TEMPERATURE DATA] [PRECIPITATION DATA] SYMBOLS USED IN COLUMN 16
AVERAGE MONTHLY: 68.8 TOTAL FOR MONTH: 1.69 1 = FOG OR MIST
DPTR FM NORMAL: -0.1 DPTR FM NORMAL: -2.25 2 = FOG REDUCING VISIBILITY
HIGHEST: 91 ON 21, 2 GRTST 24HR 0.87 ON 29-29 TO 1/4 MILE OR LESS
LOWEST: 47 ON 7 3 = THUNDER
SNOW, ICE PELLETS, HAIL 4 = ICE PELLETS
TOTAL MONTH: 0.0 INCH 5 = HAIL
GRTST 24HR 0.0 6 = FREEZING RAIN OR DRIZZLE
GRTST DEPTH: 0 7 = DUSTSTORM OR SANDSTORM:
VSBY 1/2 MILE OR LESS
8 = SMOKE OR HAZE
[NO. OF DAYS WITH] [WEATHER - DAYS WITH] 9 = BLOWING SNOW
X = TORNADO
MAX 32 OR BELOW: 0 0.01 INCH OR MORE: 7
MAX 90 OR ABOVE: 6 0.10 INCH OR MORE: 4
MIN 32 OR BELOW: 0 0.50 INCH OR MORE: 1
MIN 0 OR BELOW: 0 1.00 INCH OR MORE: 0
[HDD (BASE 65) ]
TOTAL THIS MO. 28 CLEAR (SCALE 0-3) 6
DPTR FM NORMAL -10 PTCLDY (SCALE 4-7) 21
TOTAL FM JUL 1 5946 CLOUDY (SCALE 8-10) 3
DPTR FM NORMAL -460
[CDD (BASE 65) ]
TOTAL THIS MO. 150
DPTR FM NORMAL -4 [PRESSURE DATA]
TOTAL FM JAN 1 190 HIGHEST SLP 30.17 ON 21
DPTR FM NORMAL -15 LOWEST SLP 29.48 ON 26
[REMARKS]
#FINAL-06-23#