000
CXUS53 KIWX 010910
CF6GSH
PRELIMINARY LOCAL CLIMATOLOGICAL DATA (WS FORM: F-6)
STATION: GOSHEN
MONTH: DECEMBER
YEAR: 2021
LATITUDE: 41 31 N
LONGITUDE: 85 47 W
TEMPERATURE IN F: :PCPN: SNOW: WIND :SUNSHINE: SKY :PK WND
================================================================================
1 2 3 4 5 6A 6B 7 8 9 10 11 12 13 14 15 16 17 18
12Z AVG MX 2MIN
DY MAX MIN AVG DEP HDD CDD WTR SNW DPTH SPD SPD DIR MIN PSBL S-S WX SPD DR
================================================================================
1 47 25 36 1 29 0 T M M 8.1 18 170 M M 7 18 24 220
2 56 31 44 10 21 0 0.00 M M 12.0 28 300 M M 2 1 37 300
3 43 29 36 2 29 0 T M M 4.6 12 120 M M 8 12 15 120
4 44 24 34 0 31 0 0.00 M M 5.4 21 300 M M 4 128 27 300
5 52 31 42 9 23 0 0.16 M M 9.3 21 130 M M 9 1 33 130
6 47 21 34 1 31 0 0.01 M M 17.6 29 280 M M 7 1 41 280
7 24 15 20 -13 45 0 T M M 7.0 15 260 M M 6 20 250
8 31 23 27 -5 38 0 0.00 M M 8.1 15 220 M M 10 19 240
9 44 23 34 2 31 0 0.00 M M 9.5 20 130 M M 6 18 27 130
10 58 31 45 13 20 0 0.35 M M 8.5 26 170 M M 8 123 38 180
11 61 31 46 14 19 0 0.36 M M 20.7 40 250 M M 6 13 58 230
12 46 29 38 7 27 0 0.00 M M 13.3 23 220 M M 0 30 220
13 48 29 39 8 26 0 0.00 M M 8.1 17 230 M M 0 24 240
14 53 27 40 9 25 0 T M M 9.9 17 150 M M 3 1 24 140
15 62 46 54 24 11 0 0.08 M M 16.5 25 200 M M 9 1 36 210
16 60 33 47 17 18 0 T M M 21.0 32 230 M M 5 48 210
17 40 25 33 3 32 0 T M M 5.4 16 270 M M 3 8 22 270
18 37 32 35 5 30 0 0.29 M M 9.3 18 110 M M 9 1 26 120
19 35 29 32 3 33 0 0.00 M M 5.1 12 190 M M 8 15 180
20 40 26 33 4 32 0 0.00 M M 11.1 20 230 M M 1 1 25 230
21 41 23 32 3 33 0 0.00 M M 11.4 28 290 M M 5 128 36 270
22 32 21 27 -2 38 0 0.00 M M 12.5 24 310 M M 7 34 320
23 41 21 31 3 34 0 0.00 M M 9.3 18 180 M M 6 26 170
24 56 34 45 17 20 0 T M M 11.1 22 180 M M 6 18 28 180
25 57 30 44 16 21 0 0.12 M M 8.4 17 340 M M 7 18 24 340
26 40 23 32 4 33 0 T M M 5.8 23 100 M M 3 128 32 120
27 45 34 40 12 25 0 0.37 M M 11.7 26 120 M M 8 12 42 120
28 36 31 34 7 31 0 0.40 M M 8.1 24 100 M M 7 12 32 120
29 37 32 35 8 30 0 0.00 M M 6.2 13 290 M M 9 128 20 290
30 37 31 34 7 31 0 T M M 5.7 10 30 M M 10 128 13 20
31 48 36 42 15 23 0 T M M 5.7 13 140 M M 9 18 17 150
================================================================================
SM 1398 876 870 0 2.14 M 306.4 M 188
================================================================================
AV 45.1 28.3 9.9 FASTST M M 6 MAX(MPH)
MISC ----> 40 250 58 230
================================================================================
NOTES:
# LAST OF SEVERAL OCCURRENCES
COLUMN 17 PEAK WIND IN M.P.H.
PRELIMINARY LOCAL CLIMATOLOGICAL DATA (WS FORM: F-6) , PAGE 2
STATION: GOSHEN
MONTH: DECEMBER
YEAR: 2021
LATITUDE: 41 31 N
LONGITUDE: 85 47 W
[TEMPERATURE DATA] [PRECIPITATION DATA] SYMBOLS USED IN COLUMN 16
AVERAGE MONTHLY: 36.7 TOTAL FOR MONTH: 2.14 1 = FOG OR MIST
DPTR FM NORMAL: 6.4 DPTR FM NORMAL: 0.27 2 = FOG REDUCING VISIBILITY
HIGHEST: 62 ON 15 GRTST 24HR 0.71 ON 10-11 TO 1/4 MILE OR LESS
LOWEST: 15 ON 7 3 = THUNDER
SNOW, ICE PELLETS, HAIL 4 = ICE PELLETS
TOTAL MONTH: M 5 = HAIL
GRTST 24HR M ON M 6 = FREEZING RAIN OR DRIZZLE
GRTST DEPTH: M ON M 7 = DUSTSTORM OR SANDSTORM:
VSBY 1/2 MILE OR LESS
8 = SMOKE OR HAZE
[NO. OF DAYS WITH] [WEATHER - DAYS WITH] 9 = BLOWING SNOW
X = TORNADO
MAX 32 OR BELOW: 3 0.01 INCH OR MORE: 9
MAX 90 OR ABOVE: 0 0.10 INCH OR MORE: 7
MIN 32 OR BELOW: 26 0.50 INCH OR MORE: 0
MIN 0 OR BELOW: 0 1.00 INCH OR MORE: 0
[HDD (BASE 65) ]
TOTAL THIS MO. 870 CLEAR (SCALE 0-3) 6
DPTR FM NORMAL -206 PTCLDY (SCALE 4-7) 16
TOTAL FM JUL 1 1876 CLOUDY (SCALE 8-10) 9
DPTR FM NORMAL -460
[CDD (BASE 65) ]
TOTAL THIS MO. 0
DPTR FM NORMAL 0 [PRESSURE DATA]
TOTAL FM JAN 1 993 HIGHEST SLP 30.43 ON 14
DPTR FM NORMAL 228 LOWEST SLP 29.26 ON 11
[REMARKS]
#FINAL-12-21#