000
CXUS53 KIWX 010800
CF6GSH
PRELIMINARY LOCAL CLIMATOLOGICAL DATA (WS FORM: F-6)
STATION: GOSHEN
MONTH: MAY
YEAR: 2020
LATITUDE: 41 31 N
LONGITUDE: 85 47 W
TEMPERATURE IN F: :PCPN: SNOW: WIND :SUNSHINE: SKY :PK WND
================================================================================
1 2 3 4 5 6A 6B 7 8 9 10 11 12 13 14 15 16 17 18
12Z AVG MX 2MIN
DY MAX MIN AVG DEP HDD CDD WTR SNW DPTH SPD SPD DIR MIN PSBL S-S WX SPD DR
================================================================================
1 64 36 50 -4 15 0 0.00 0.0 0 6.0 16 350 M M 1 21 340
2 78 52 65 11 0 0 0.00 0.0 0 11.6 25 280 M M 4 33 280
3 70 49 60 5 5 0 T 0.0 0 8.5 20 310 M M 2 25 280
4 61 40 51 -4 14 0 0.00 0.0 0 7.0 15 360 M M 0 21 360
5 51 42 47 -9 18 0 0.09 0.0 0 10.1 21 120 M M 9 1 29 130
6 59 35 47 -9 18 0 0.00 0.0 0 9.0 20 350 M M 1 36 360
7 62 39 51 -5 14 0 0.00 0.0 0 11.0 29 300 M M 1 41 280
8 48 28 38 -18 27 0 0.00 0.0 0 13.9 29 330 M M 2 38 340
9 53 24 39 -18 26 0 0.00 0.0 0 10.6 25 300 M M 1 40 320
10 60 36 48 -9 17 0 0.19 M M 15.7 33 270 M M 8 1 44 260
11 45 30 38 -19 27 0 T M M 10.3 24 330 M M 7 33 320
12 59 30 45 -13 20 0 0.00 0.0 0 9.2 22 310 M M 1 31 320
13 67 36 52 -6 13 0 0.00 0.0 0 9.4 20 140 M M 2 8 28 130
14 67 51 59 1 6 0 0.69 0.0 0 9.4 20 210 M M 9 13 29 190
15 71 53 62 3 3 0 0.24 0.0 0 7.6 18 230 M M 5 13 23 310
16 74 48 61 2 4 0 0.00 0.0 0 7.8 17 100 M M 2 128 25 100
17 62 53 58 -1 7 0 1.05 0.0 0 13.4 21 100 M M 10 1 29 110
18 66 57 62 2 3 0 0.61 0.0 0 7.2 22 130 M M 9 1 31 140
19 65 57 61 1 4 0 0.01 0.0 0 13.9 26 100 M M 10 1 37 80
20 61 52 57 -3 8 0 T M M 13.8 21 100 M M 8 29 100
21 69 50 60 -1 5 0 0.00 0.0 0 9.2 18 110 M M 9 1 26 100
22 71 58 65 4 0 0 T 0.0 0 2.9 13 110 M M 9 1 16 120
23 79 54 67 6 0 2 0.36 0.0 0 8.1 20 140 M M 1 138 25 140
24 89 61 75 13 0 10 0.00 0.0 0 7.4 18 200 M M 1 13 25 190
25 87 65 76 14 0 11 0.00 0.0 0 8.3 18 170 M M 2 28 170
26 88 64 76 14 0 11 T 0.0 0 7.1 17 130 M M 1 23 130
27 84 66 75 12 0 10 T 0.0 0 5.0 21 170 M M 2 138 25 170
28 76 66 71 8 0 6 0.43 0.0 0 7.6 25 200 M M 8 13 32 210
29 74 52 63 0 2 0 0.02 0.0 0 9.7 20 330 M M 6 1 27 330
30 69 49 59 -5 6 0 0.00 0.0 0 10.3 21 340 M M 2 28 350
31 68 46 57 -7 8 0 0.00 0.0 0 6.0 16 340 M M 0 20 320
================================================================================
SM 2097 1479 270 50 3.69 0.0 287.0 M 133
================================================================================
AV 67.7 47.7 9.3 FASTST M M 4 MAX(MPH)
MISC ----> # 33 270 # 44 260
================================================================================
NOTES:
# LAST OF SEVERAL OCCURRENCES
COLUMN 17 PEAK WIND IN M.P.H.
PRELIMINARY LOCAL CLIMATOLOGICAL DATA (WS FORM: F-6) , PAGE 2
STATION: GOSHEN
MONTH: MAY
YEAR: 2020
LATITUDE: 41 31 N
LONGITUDE: 85 47 W
[TEMPERATURE DATA] [PRECIPITATION DATA] SYMBOLS USED IN COLUMN 16
AVERAGE MONTHLY: 57.7 TOTAL FOR MONTH: 3.69 1 = FOG OR MIST
DPTR FM NORMAL: -1.3 DPTR FM NORMAL: -0.67 2 = FOG REDUCING VISIBILITY
HIGHEST: 89 ON 24 GRTST 24HR 1.05 ON 17-17 TO 1/4 MILE OR LESS
LOWEST: 24 ON 9 3 = THUNDER
SNOW, ICE PELLETS, HAIL 4 = ICE PELLETS
TOTAL MONTH: 0.0 INCH 5 = HAIL
GRTST 24HR 0.0 6 = FREEZING RAIN OR DRIZZLE
GRTST DEPTH: 0 7 = DUSTSTORM OR SANDSTORM:
VSBY 1/2 MILE OR LESS
8 = SMOKE OR HAZE
[NO. OF DAYS WITH] [WEATHER - DAYS WITH] 9 = BLOWING SNOW
X = TORNADO
MAX 32 OR BELOW: 0 0.01 INCH OR MORE: 10
MAX 90 OR ABOVE: 0 0.10 INCH OR MORE: 7
MIN 32 OR BELOW: 4 0.50 INCH OR MORE: 3
MIN 0 OR BELOW: 0 1.00 INCH OR MORE: 1
[HDD (BASE 65) ]
TOTAL THIS MO. 270 CLEAR (SCALE 0-3) 17
DPTR FM NORMAL 43 PTCLDY (SCALE 4-7) 5
TOTAL FM JUL 1 5770 CLOUDY (SCALE 8-10) 9
DPTR FM NORMAL -615
[CDD (BASE 65) ]
TOTAL THIS MO. 50
DPTR FM NORMAL 7 [PRESSURE DATA]
TOTAL FM JAN 1 50 HIGHEST SLP 30.37 ON 31
DPTR FM NORMAL 1 LOWEST SLP 29.68 ON 18
[REMARKS]
#FINAL-05-20#