000
CXUS56 KTFX 011110
CF6GTF
PRELIMINARY LOCAL CLIMATOLOGICAL DATA (WS FORM: F-6)
STATION: GREAT FALLS MT
MONTH: JUNE
YEAR: 2021
LATITUDE: 47 28 N
LONGITUDE: 111 22 W
TEMPERATURE IN F: :PCPN: SNOW: WIND :SUNSHINE: SKY :PK WND
================================================================================
1 2 3 4 5 6A 6B 7 8 9 10 11 12 13 14 15 16 17 18
12Z AVG MX 2MIN
DY MAX MIN AVG DEP HDD CDD WTR SNW DPTH SPD SPD DIR MIN PSBL S-S WX SPD DR
================================================================================
1 81 44 63 7 2 0 0.00 0.0 0 4.6 14 230 M M 0 23 310
2 87 49 68 12 0 3 0.00 0.0 0 7.9 14 220 M M 0 8 22 270
3 93 54 74 18 0 9 0.05 0.0 0 9.6 35 300 M M 1 38 49 300
4 89 59 74 17 0 9 0.02 0.0 0 12.0 25 280 M M 1 3 35 270
5 81 50 66 9 0 1 0.00 0.0 0 17.2 33 280 M M 0 48 260
6 66 40 53 -4 12 0 T 0.0 0 12.2 26 270 M M 2 34 270
7 72 36 54 -3 11 0 0.00 0.0 0 11.1 18 300 M M 1 29 40
8 71 47 59 1 6 0 0.01 0.0 0 8.7 24 360 M M 2 33 350
9 72 41 57 -1 8 0 0.00 0.0 0 8.3 22 350 M M 4 1 31 350
10 69 43 56 -2 9 0 0.07 0.0 0 10.8 32 290 M M 8 1 40 280
11 71 41 56 -2 9 0 0.00 0.0 0 13.1 22 250 M M 2 34 290
12 75 45 60 2 5 0 0.00 0.0 0 9.5 29 250 M M 4 39 250
13 89 46 68 9 0 3 0.00 0.0 0 7.1 25 360 M M 1 3 31 360
14 99 53 76 17 0 11 0.00 0.0 0 7.7 17 200 M M 0 22 200
15 93 58 76 17 0 11 0.00 0.0 0 12.8 32 270 M M 1 40 270
16 76 46 61 2 4 0 0.00 0.0 0 12.1 28 240 M M 0 36 230
17 81 40 61 1 4 0 0.00 0.0 0 9.8 23 300 M M 0 32 260
18 80 39 60 0 5 0 0.00 0.0 0 7.7 16 60 M M 0 22 50
19 79 50 65 5 0 0 0.03 0.0 0 10.8 22 360 M M 3 28 360
20 67 51 59 -1 6 0 0.21 0.0 0 9.2 22 10 M M 8 1 27 10
21 81 44 63 3 2 0 0.00 0.0 0 7.6 15 230 M M 0 22 230
22 88 51 70 9 0 5 0.00 0.0 0 11.9 21 260 M M 0 32 250
23 80 60 70 9 0 5 0.01 0.0 0 10.3 26 350 M M 3 36 330
24 75 51 63 2 2 0 0.05 0.0 0 7.4 23 330 M M 4 13 30 320
25 79 45 62 0 3 0 0.00 0.0 0 4.2 15 330 M M 4 21 350
26 86 51 69 7 0 4 0.00 0.0 0 11.4 23 360 M M 4 33 320
27 88 55 72 10 0 7 0.00 0.0 0 10.5 21 350 M M 2 29 350
28 91 51 71 8 0 6 0.00 0.0 0 5.5 14 70 M M 0 20 80
29 94 51 73 10 0 8 0.00 0.0 0 5.9 17 60 M M 0 8 22 40
30 96 52 74 11 0 9 0.00 0.0 0 7.4 17 70 M M 0 23 70
================================================================================
SM 2449 1443 88 91 0.45 0.0 284.3 M 55
================================================================================
AV 81.6 48.1 9.5 FASTST M M 2 MAX(MPH)
MISC ----> 35 300 49 300
================================================================================
NOTES:
# LAST OF SEVERAL OCCURRENCES
COLUMN 17 PEAK WIND IN M.P.H.
PRELIMINARY LOCAL CLIMATOLOGICAL DATA (WS FORM: F-6) , PAGE 2
STATION: GREAT FALLS MT
MONTH: JUNE
YEAR: 2021
LATITUDE: 47 28 N
LONGITUDE: 111 22 W
[TEMPERATURE DATA] [PRECIPITATION DATA] SYMBOLS USED IN COLUMN 16
AVERAGE MONTHLY: 64.9 TOTAL FOR MONTH: 0.45 1 = FOG OR MIST
DPTR FM NORMAL: 5.5 DPTR FM NORMAL: -2.27 2 = FOG REDUCING VISIBILITY
HIGHEST: 99 ON 14 GRTST 24HR 0.24 ON 19-20 TO 1/4 MILE OR LESS
LOWEST: 36 ON 7 3 = THUNDER
SNOW, ICE PELLETS, HAIL 4 = ICE PELLETS
TOTAL MONTH: 0.0 INCH 5 = HAIL
GRTST 24HR 0.0 6 = FREEZING RAIN OR DRIZZLE
GRTST DEPTH: 0 7 = DUSTSTORM OR SANDSTORM:
VSBY 1/2 MILE OR LESS
8 = SMOKE OR HAZE
[NO. OF DAYS WITH] [WEATHER - DAYS WITH] 9 = BLOWING SNOW
X = TORNADO
MAX 32 OR BELOW: 0 0.01 INCH OR MORE: 8
MAX 90 OR ABOVE: 6 0.10 INCH OR MORE: 1
MIN 32 OR BELOW: 0 0.50 INCH OR MORE: 0
MIN 0 OR BELOW: 0 1.00 INCH OR MORE: 0
[HDD (BASE 65) ]
TOTAL THIS MO. 88 CLEAR (SCALE 0-3) 22
DPTR FM NORMAL -105 PTCLDY (SCALE 4-7) 7
TOTAL FM JUL 1 7384 CLOUDY (SCALE 8-10) 1
DPTR FM NORMAL -338
[CDD (BASE 65) ]
TOTAL THIS MO. 91
DPTR FM NORMAL 67 [PRESSURE DATA]
TOTAL FM JAN 1 94 HIGHEST SLP 30.21 ON 20
DPTR FM NORMAL 67 LOWEST SLP 29.50 ON 5
[REMARKS]
#FINAL-06-21#