000
CXUS52 KFFC 011010
CF6GVL
PRELIMINARY LOCAL CLIMATOLOGICAL DATA (WS FORM: F-6)
STATION: GAINESVILLE
MONTH: JULY
YEAR: 2023
LATITUDE: 34 16 N
LONGITUDE: 83 50 W
TEMPERATURE IN F: :PCPN: SNOW: WIND :SUNSHINE: SKY :PK WND
================================================================================
1 2 3 4 5 6A 6B 7 8 9 10 11 12 13 14 15 16 17 18
12Z AVG MX 2MIN
DY MAX MIN AVG DEP HDD CDD WTR SNW DPTH SPD SPD DIR MIN PSBL S-S WX SPD DR
================================================================================
1 94 71 83 5 0 18 T M M 1.5 30 360 M M 2 123 56 360
2 91 69 80 2 0 15 0.01 M M 4.1 24 240 M M 1 13 36 230
3 87 70 79 1 0 14 T M M 5.7 16 280 M M 1 13 25 290
4 88 72 80 2 0 15 0.02 M M 5.5 10 270 M M 1 13 15 230
5 86 73 80 2 0 15 0.40 M M 4.9 16 310 M M 3 13 25 320
6 90 71 81 3 0 16 T M M M 7 290 M M 1 3 10 330
7 93 72 83 4 0 18 0.00 M M 4.7 20 40 M M 1 3 35 30
8 91 71 81 2 0 16 0.00 M M 3.2 6 310 M M 1 3 8 270
9 87 73 80 1 0 15 T M M 8.9 16 290 M M 2 23 310
10 86 69 78 -1 0 13 0.23 M M 3.5 15 320 M M 7 13 20 310
11 88 66 77 -2 0 12 0.00 M M 5.2 14 240 M M 0 19 270
12 90 67 79 0 0 14 0.00 M M 3.3 13 250 M M 1 17 250
13 92 73 83 4 0 18 0.00 M M 4.5 12 270 M M 2 13 19 180
14 91 73 82 3 0 17 0.00 M M 5.2 15 90 M M 1 13 22 70
15 91 72 82 3 0 17 T M M 6.2 17 260 M M 1 3 31 270
16 91 73 82 3 0 17 0.00 M M 8.9 14 300 M M 0 8 20 290
17 89 68 79 0 0 14 0.00 M M 3.2 8 90 M M 0 18 12 350
18 92 69 81 2 0 16 0.00 M M 5.0 13 240 M M 0 18 19 250
19 87 73 80 1 0 15 0.01 M M 6.5 16 320 M M 0 23 310
20 92 71 82 3 0 17 1.22 M M 6.6 26 300 M M 2 13 49 280
21 88 71 80 1 0 15 0.38 M M 8.6 20 250 M M 3 13 29 280
22 87 70 79 0 0 14 0.03 M M 7.8 16 260 M M 4 1 24 290
23 89 70 80 1 0 15 0.00 M M 4.2 13 330 M M 2 19 330
24 90 69 80 1 0 15 0.00 M M 4.8 9 300 M M 0 14 280
25 91 69 80 1 0 15 0.00 M M 3.8 20 70 M M 0 3 26 80
26 93 72 83 4 0 18 0.00 M M 3.2 10 90 M M 0 15 80
27 95 73 84 5 0 19 0.00 M M 2.9 8 250 M M 1 13 180
28 93 74 84 5 0 19 0.57 M M 3.1 21 360 M M 1 13 29 360
29 92 73 83 4 0 18 0.00 M M 4.6 30 360 M M 2 3 44 340
30 91 72 82 3 0 17 0.00 M M 6.3 12 300 M M 1 17 290
31 92 71 82 3 0 17 0.00 M M 5.8 13 340 M M 1 19 330
================================================================================
SM 2797 2200 0 494 2.87 M 151.7 M 42
================================================================================
AV 90.2 71.0 5.1 FASTST M M 1 MAX(MPH)
MISC ----> # 30 360 56 360
================================================================================
NOTES:
# LAST OF SEVERAL OCCURRENCES
COLUMN 17 PEAK WIND IN M.P.H.
PRELIMINARY LOCAL CLIMATOLOGICAL DATA (WS FORM: F-6) , PAGE 2
STATION: GAINESVILLE
MONTH: JULY
YEAR: 2023
LATITUDE: 34 16 N
LONGITUDE: 83 50 W
[TEMPERATURE DATA] [PRECIPITATION DATA] SYMBOLS USED IN COLUMN 16
AVERAGE MONTHLY: 80.6 TOTAL FOR MONTH: 2.87 1 = FOG OR MIST
DPTR FM NORMAL: 1.8 DPTR FM NORMAL: -1.55 2 = FOG REDUCING VISIBILITY
HIGHEST: 95 ON 27 GRTST 24HR 1.34 ON 20-21 TO 1/4 MILE OR LESS
LOWEST: 66 ON 11 3 = THUNDER
SNOW, ICE PELLETS, HAIL 4 = ICE PELLETS
TOTAL MONTH: M 5 = HAIL
GRTST 24HR M ON M 6 = FREEZING RAIN OR DRIZZLE
GRTST DEPTH: M ON M 7 = DUSTSTORM OR SANDSTORM:
VSBY 1/2 MILE OR LESS
8 = SMOKE OR HAZE
[NO. OF DAYS WITH] [WEATHER - DAYS WITH] 9 = BLOWING SNOW
X = TORNADO
MAX 32 OR BELOW: 0 0.01 INCH OR MORE: 9
MAX 90 OR ABOVE: 20 0.10 INCH OR MORE: 5
MIN 32 OR BELOW: 0 0.50 INCH OR MORE: 2
MIN 0 OR BELOW: 0 1.00 INCH OR MORE: 1
[HDD (BASE 65) ]
TOTAL THIS MO. 0 CLEAR (SCALE 0-3) 28
DPTR FM NORMAL 0 PTCLDY (SCALE 4-7) 3
TOTAL FM JUL 1 0 CLOUDY (SCALE 8-10) 0
DPTR FM NORMAL 0
[CDD (BASE 65) ]
TOTAL THIS MO. 494
DPTR FM NORMAL 66 [PRESSURE DATA]
TOTAL FM JAN 1 973 HIGHEST SLP 30.18 ON 28
DPTR FM NORMAL 24 LOWEST SLP 29.79 ON 21
[REMARKS]
#FINAL-07-23#