000
CXUS52 KFFC 011533
CF6GVL
PRELIMINARY LOCAL CLIMATOLOGICAL DATA (WS FORM: F-6)
STATION: GAINESVILLE
MONTH: NOVEMBER
YEAR: 2021
LATITUDE: 34 16 N
LONGITUDE: 83 50 W
TEMPERATURE IN F: :PCPN: SNOW: WIND :SUNSHINE: SKY :PK WND
================================================================================
1 2 3 4 5 6A 6B 7 8 9 10 11 12 13 14 15 16 17 18
12Z AVG MX 2MIN
DY MAX MIN AVG DEP HDD CDD WTR SNW DPTH SPD SPD DIR MIN PSBL S-S WX SPD DR
================================================================================
1 69 43 56 0 9 0 0.00 M M 2.7 9 310 M M 0 12 130
2 69 46 58 2 7 0 0.00 M M 4.8 13 310 M M 1 12 18 310
3 55 45 50 -6 15 0 0.02 M M 6.8 16 100 M M 6 28 110
4 46 43 45 -10 20 0 0.14 M M 7.2 12 70 M M 10 18 80
5 52 41 47 -8 18 0 0.00 M M 7.8 15 90 M M 3 1 27 80
6 58 41 50 -5 15 0 0.00 M M 6.8 15 70 M M 0 24 70
7 66 36 51 -3 14 0 0.00 M M 3.6 12 310 M M 0 17 310
8 74 43 59 5 6 0 0.00 M M 1.4 7 330 M M 0 10 310
9 76 43 60 6 5 0 0.00 M M 3.3 14 250 M M 0 19 260
10 76 46 61 8 4 0 0.00 M M 3.5 10 260 M M 0 16 230
11 68 52 60 7 5 0 0.99 M M 5.7 17 290 M M 7 1 24 320
12 65 45 55 2 10 0 0.00 M M 5.5 13 260 M M 0 20 310
13 58 38 48 -4 17 0 0.00 M M 7.8 17 260 M M 0 23 300
14 M M M M M M 0.00 M M 8.3 M M M M 0 M M
15 M M M M M M 0.00 M M 6.9 M M M M 0 M M
16 M M M M M M 0.00 M M M M M M M M M M
17 M M M M M M 0.00 M M M M M M M M M M
18 M M M M M M 0.00 M M M M M M M M M M
19 65 36 51 0 14 0 0.00 M M 5.3 14 320 M M 0 19 320
20 54 37 46 -4 19 0 0.00 M M 8.7 17 80 M M 1 30 110
21 59 45 52 2 13 0 0.00 M M 4.0 9 60 M M 8 13 50
22 61 38 50 0 15 0 0.33 M M 9.7 18 350 M M 4 1 32 360
23 56 29 43 -7 22 0 0.00 M M 6.1 9 280 M M 0 16 330
24 56 33 45 -4 20 0 0.00 M M 4.0 9 80 M M 0 13 90
25 62 34 48 -1 17 0 0.03 M M 5.0 16 270 M M 2 1 22 260
26 53 38 46 -3 19 0 T M M 11.8 21 300 M M 2 1 39 290
27 60 34 47 -2 18 0 0.00 M M 7.9 15 260 M M 0 23 300
28 60 41 51 3 14 0 0.00 0.0 M 8.4 14 250 M M 0 20 310
29 57 37 47 -1 18 0 0.00 M M 7.5 15 310 M M 0 22 300
30 63 34 49 1 16 0 0.00 M M 7.2 17 260 M M 0 24 270
================================================================================
SM 1538 998 350 0 1.51 0.0 167.7 M 44
================================================================================
AV 61.5 39.9 6.2 FASTST M M 2 MAX(MPH)
MISC ----> 21 300 39 290
================================================================================
NOTES:
# LAST OF SEVERAL OCCURRENCES
COLUMN 17 PEAK WIND IN M.P.H.
PRELIMINARY LOCAL CLIMATOLOGICAL DATA (WS FORM: F-6) , PAGE 2
STATION: GAINESVILLE
MONTH: NOVEMBER
YEAR: 2021
LATITUDE: 34 16 N
LONGITUDE: 83 50 W
[TEMPERATURE DATA] [PRECIPITATION DATA] SYMBOLS USED IN COLUMN 16
AVERAGE MONTHLY: 50.7 TOTAL FOR MONTH: 1.51 1 = FOG OR MIST
DPTR FM NORMAL: -1.1 DPTR FM NORMAL: -2.67 2 = FOG REDUCING VISIBILITY
HIGHEST: 76 ON 10, 9 GRTST 24HR 0.99 ON 11-11 TO 1/4 MILE OR LESS
LOWEST: 29 ON 23 3 = THUNDER
SNOW, ICE PELLETS, HAIL 4 = ICE PELLETS
TOTAL MONTH: 0.0 INCH 5 = HAIL
GRTST 24HR 0.0 6 = FREEZING RAIN OR DRIZZLE
GRTST DEPTH: M ON M 7 = DUSTSTORM OR SANDSTORM:
VSBY 1/2 MILE OR LESS
8 = SMOKE OR HAZE
[NO. OF DAYS WITH] [WEATHER - DAYS WITH] 9 = BLOWING SNOW
X = TORNADO
MAX 32 OR BELOW: 0 0.01 INCH OR MORE: 5
MAX 90 OR ABOVE: 0 0.10 INCH OR MORE: 3
MIN 32 OR BELOW: 1 0.50 INCH OR MORE: 1
MIN 0 OR BELOW: 0 1.00 INCH OR MORE: 0
[HDD (BASE 65) ]
TOTAL THIS MO. 350 CLEAR (SCALE 0-3) 22
DPTR FM NORMAL -48 PTCLDY (SCALE 4-7) 4
TOTAL FM JUL 1 444 CLOUDY (SCALE 8-10) 4
DPTR FM NORMAL -108
[CDD (BASE 65) ]
TOTAL THIS MO. 0
DPTR FM NORMAL -3 [PRESSURE DATA]
TOTAL FM JAN 1 1705 HIGHEST SLP 30.52 ON 20
DPTR FM NORMAL 74 LOWEST SLP 29.92 ON 28
[REMARKS]
#FINAL-11-21#