000
CXUS55 KBOU 010900
CF6GXY
PRELIMINARY LOCAL CLIMATOLOGICAL DATA (WS FORM: F-6)
STATION: GREELEY CO
MONTH: JULY
YEAR: 2022
LATITUDE: 40 25 N
LONGITUDE: 104 38 W
TEMPERATURE IN F: :PCPN: SNOW: WIND :SUNSHINE: SKY :PK WND
================================================================================
1 2 3 4 5 6A 6B 7 8 9 10 11 12 13 14 15 16 17 18
12Z AVG MX 2MIN
DY MAX MIN AVG DEP HDD CDD WTR SNW DPTH SPD SPD DIR MIN PSBL S-S WX SPD DR
================================================================================
1 87 54 71 M 0 6 M M M 6.7 24 310 M M 2 3 38 330
2 90 56 73 M 0 8 M M M 5.0 13 190 M M 0 1 M M
3 93 60 77 M 0 12 M M M 6.4 21 350 M M 1 3 23 320
4 99 56 78 M 0 13 M M M 5.8 17 200 M M 0 22 200
5 94 60 77 M 0 12 M M M 8.1 25 320 M M 2 32 320
6 89 61 75 M 0 10 M M M 6.0 15 40 M M 5 30 90
7 90 57 74 M 0 9 M M M 6.4 29 360 M M 1 13 32 360
8 96 56 76 M 0 11 M M M 7.9 15 130 M M 0 16 130
9 102 57 80 M 0 15 M M M 5.4 12 200 M M 0 M M
10 103 59 81 M 0 16 M M M 6.7 22 200 M M 1 8 33 190
11 84 60 72 M 0 7 M M M 9.7 29 10 M M 3 8 40 10
12 97 58 78 M 0 13 M M M 6.3 20 30 M M 0 33 30
13 99 56 78 M 0 13 M M M 6.2 16 250 M M 1 41 220
14 99 60 80 M 0 15 M M M 5.7 15 210 M M 1 M M
15 100 69 85 M 0 20 M M M 6.6 13 170 M M 1 18 180
16 93 67 80 M 0 15 M M M 5.7 16 290 M M 1 8 30 40
17 100 61 81 M 0 16 M M M 5.9 13 150 M M 0 M M
18 106 65 86 M 0 21 M M M 6.2 22 300 M M 0 31 350
19 99 63 81 M 0 16 M M M 5.4 12 250 M M 0 8 M M
20 97 61 79 M 0 14 M M M 6.1 15 280 M M 0 38 330
21 100 57 79 M 0 14 M M M 5.6 17 250 M M 0 31 290
22 100 65 83 M 0 18 M M M 6.1 13 320 M M 0 8 M M
23 97 60 79 M 0 14 M M M 8.6 29 340 M M 1 3 38 340
24 86 59 73 M 0 8 M M M 6.6 22 290 M M 3 1 32 290
25 95 58 77 M 0 12 M M M 6.4 13 200 M M 2 12 30 180
26 89 58 74 M 0 9 M M M 10.2 17 100 M M 2 8 22 40
27 90 59 75 M 0 10 M M M 7.7 20 20 M M 1 1 28 20
28 74 58 66 M 0 1 M M M 6.4 22 10 M M 5 13 33 300
29 84 60 72 M 0 7 M M M 7.0 20 180 M M 3 1 25 180
30 93 55 74 M 0 9 M M M 4.7 10 100 M M 2 1 M M
31 92 58 75 M 0 10 M M M 4.8 16 280 M M 0 30 270
================================================================================
SM 2917 1843 0 374 M M 202.1 M 38
================================================================================
AV 94.1 59.5 6.5 FASTST M M 1 MAX(MPH)
MISC ----> # 29 340 41 220
================================================================================
NOTES:
# LAST OF SEVERAL OCCURRENCES
COLUMN 17 PEAK WIND IN M.P.H.
PRELIMINARY LOCAL CLIMATOLOGICAL DATA (WS FORM: F-6) , PAGE 2
STATION: GREELEY CO
MONTH: JULY
YEAR: 2022
LATITUDE: 40 25 N
LONGITUDE: 104 38 W
[TEMPERATURE DATA] [PRECIPITATION DATA] SYMBOLS USED IN COLUMN 16
AVERAGE MONTHLY: 76.8 TOTAL FOR MONTH: M 1 = FOG OR MIST
DPTR FM NORMAL: 0.0 DPTR FM NORMAL: M 2 = FOG REDUCING VISIBILITY
HIGHEST: 106 ON 18 GRTST 24HR 0.55 ON 27-28 TO 1/4 MILE OR LESS
LOWEST: 54 ON 1 3 = THUNDER
SNOW, ICE PELLETS, HAIL 4 = ICE PELLETS
TOTAL MONTH: M 5 = HAIL
GRTST 24HR M ON M 6 = FREEZING RAIN OR DRIZZLE
GRTST DEPTH: M ON M 7 = DUSTSTORM OR SANDSTORM:
VSBY 1/2 MILE OR LESS
8 = SMOKE OR HAZE
[NO. OF DAYS WITH] [WEATHER - DAYS WITH] 9 = BLOWING SNOW
X = TORNADO
MAX 32 OR BELOW: 0 0.01 INCH OR MORE: 0
MAX 90 OR ABOVE: 24 0.10 INCH OR MORE: 0
MIN 32 OR BELOW: 0 0.50 INCH OR MORE: 0
MIN 0 OR BELOW: 0 1.00 INCH OR MORE: 0
[HDD (BASE 65) ]
TOTAL THIS MO. 0 CLEAR (SCALE 0-3) 29
DPTR FM NORMAL M PTCLDY (SCALE 4-7) 2
TOTAL FM JUL 1 0 CLOUDY (SCALE 8-10) 0
DPTR FM NORMAL M
[CDD (BASE 65) ]
TOTAL THIS MO. 374
DPTR FM NORMAL M [PRESSURE DATA]
TOTAL FM JAN 1 586 HIGHEST SLP 30.24 ON 11
DPTR FM NORMAL M LOWEST SLP 29.77 ON 18
[REMARKS]
#FINAL-07-22#