000
CXUS55 KBOU 010900
CF6GXY
PRELIMINARY LOCAL CLIMATOLOGICAL DATA (WS FORM: F-6)
STATION: GREELEY CO
MONTH: MARCH
YEAR: 2022
LATITUDE: 40 25 N
LONGITUDE: 104 38 W
TEMPERATURE IN F: :PCPN: SNOW: WIND :SUNSHINE: SKY :PK WND
================================================================================
1 2 3 4 5 6A 6B 7 8 9 10 11 12 13 14 15 16 17 18
12Z AVG MX 2MIN
DY MAX MIN AVG DEP HDD CDD WTR SNW DPTH SPD SPD DIR MIN PSBL S-S WX SPD DR
================================================================================
1 70 26 48 M 17 0 M M M 3.7 8 270 M M 0 M M
2 66 30 48 M 17 0 M M M 4.0 8 320 M M 0 M M
3 70 30 50 M 15 0 M M M 6.3 13 70 M M 0 M M
4 65 26 46 M 19 0 M M M 5.9 17 30 M M 2 24 40
5 40 24 32 M 33 0 M M M 12.7 22 10 M M 9 29 360
6 27 18 23 M 42 0 M M M 10.4 17 360 M M 10 M M
7 37 11 24 M 41 0 M M M 4.7 10 220 M M 0 M M
8 44 11 28 M 37 0 M M M 6.2 15 60 M M 2 16 350
9 23 8 16 M 49 0 M M M 12.3 21 20 M M 10 25 20
10 23 -10 7 M 58 0 M M M 2.5 7 290 M M 2 M M
11 36 -3 17 M 48 0 M M M 3.3 9 140 M M 1 M M
12 61 14 38 M 27 0 M M M 7.6 21 300 M M 0 31 300
13 65 22 44 M 21 0 M M M 8.4 29 330 M M 2 33 330
14 59 28 44 M 21 0 M M M 9.8 25 340 M M 0 31 340
15 71 22 47 M 18 0 M M M 2.8 9 240 M M 0 8 16 99
16 56 32 44 M 21 0 M M M 6.5 14 310 M M 6 M M
17 43 30 37 M 28 0 M M M 11.6 17 10 M M 8 23 10
18 55 24 40 M 25 0 M M M 4.4 10 340 M M 2 M M
19 62 28 45 M 20 0 M M M 6.0 12 130 M M 0 16 99
20 69 27 48 M 17 0 M M M 5.4 15 30 M M 2 M M
21 49 27 38 M 27 0 M M M 20.2 31 350 M M 4 37 350
22 48 27 38 M 27 0 M M M 19.4 31 350 M M 4 41 340
23 58 30 44 M 21 0 M M M 18.1 33 350 M M 0 46 360
24 71 23 47 M 18 0 M M M 10.2 30 330 M M 1 35 320
25 60 33 47 M 18 0 M M M 5.7 13 140 M M 4 8 16 130
26 78 26 52 M 13 0 M M M 6.9 20 80 M M 0 8 32 80
27 65 27 46 M 19 0 M M M 6.8 10 350 M M 0 M M
28 80 35 58 M 7 0 M M M 4.4 13 330 M M 0 8 M M
29 55 31 43 M 22 0 M M M 16.4 31 340 M M 7 43 360
30 50 27 39 M 26 0 M M M 19.1 31 350 M M 3 52 340
31 67 18 43 M 22 0 M M M 5.2 14 140 M M 1 8 M M
================================================================================
SM 1723 702 794 0 M M 266.7 M 80
================================================================================
AV 55.6 22.6 8.6 FASTST M M 3 MAX(MPH)
MISC ----> 33 350 52 340
================================================================================
NOTES:
# LAST OF SEVERAL OCCURRENCES
COLUMN 17 PEAK WIND IN M.P.H.
PRELIMINARY LOCAL CLIMATOLOGICAL DATA (WS FORM: F-6) , PAGE 2
STATION: GREELEY CO
MONTH: MARCH
YEAR: 2022
LATITUDE: 40 25 N
LONGITUDE: 104 38 W
[TEMPERATURE DATA] [PRECIPITATION DATA] SYMBOLS USED IN COLUMN 16
AVERAGE MONTHLY: 39.1 TOTAL FOR MONTH: M 1 = FOG OR MIST
DPTR FM NORMAL: 0.0 DPTR FM NORMAL: M 2 = FOG REDUCING VISIBILITY
HIGHEST: 80 ON 28 GRTST 24HR 1.00 ON 27-27 TO 1/4 MILE OR LESS
LOWEST: -10 ON 10 3 = THUNDER
SNOW, ICE PELLETS, HAIL 4 = ICE PELLETS
TOTAL MONTH: M 5 = HAIL
GRTST 24HR M ON M 6 = FREEZING RAIN OR DRIZZLE
GRTST DEPTH: M ON M 7 = DUSTSTORM OR SANDSTORM:
VSBY 1/2 MILE OR LESS
8 = SMOKE OR HAZE
[NO. OF DAYS WITH] [WEATHER - DAYS WITH] 9 = BLOWING SNOW
X = TORNADO
MAX 32 OR BELOW: 3 0.01 INCH OR MORE: 0
MAX 90 OR ABOVE: 0 0.10 INCH OR MORE: 0
MIN 32 OR BELOW: 29 0.50 INCH OR MORE: 0
MIN 0 OR BELOW: 2 1.00 INCH OR MORE: 0
[HDD (BASE 65) ]
TOTAL THIS MO. 794 CLEAR (SCALE 0-3) 22
DPTR FM NORMAL M PTCLDY (SCALE 4-7) 6
TOTAL FM JUL 1 5434 CLOUDY (SCALE 8-10) 3
DPTR FM NORMAL M
[CDD (BASE 65) ]
TOTAL THIS MO. 0
DPTR FM NORMAL M [PRESSURE DATA]
TOTAL FM JAN 1 0 HIGHEST SLP 30.48 ON 11
DPTR FM NORMAL M LOWEST SLP 29.38 ON 29
[REMARKS]
#FINAL-03-22#