000
CXUS54 KEWX 011011
CF6GYB
PRELIMINARY LOCAL CLIMATOLOGICAL DATA (WS FORM: F-6)
STATION: GIDDINGS-LEE COUNTY AIRPORT
MONTH: AUGUST
YEAR: 2023
LATITUDE: 30 10 N
LONGITUDE: 96 59 W
TEMPERATURE IN F: :PCPN: SNOW: WIND :SUNSHINE: SKY :PK WND
================================================================================
1 2 3 4 5 6A 6B 7 8 9 10 11 12 13 14 15 16 17 18
12Z AVG MX 2MIN
DY MAX MIN AVG DEP HDD CDD WTR SNW DPTH SPD SPD DIR MIN PSBL S-S WX SPD DR
================================================================================
1 102 77 90 M 0 25 0.00 M M 3.4 8 140 M M 1 M M
2 103 74 89 M 0 24 0.00 M M 4.2 9 160 M M 0 21 180
3 101 75 88 M 0 23 0.00 M M 5.7 13 220 M M 2 17 220
4 103 78 91 M 0 26 0.00 M M 5.8 12 190 M M 0 18 230
5 102 78 90 M 0 25 0.00 M M 7.0 12 220 M M 1 17 200
6 102 79 91 M 0 26 0.00 M M 7.5 12 190 M M 2 18 190
7 103 80 92 M 0 27 0.00 M M 8.4 12 180 M M 2 23 180
8 104 79 92 M 0 27 0.00 M M 8.9 14 180 M M 2 22 210
9 104 80 92 M 0 27 0.00 M M 11.5 16 220 M M 3 24 220
10 104 80 92 M 0 27 0.00 M M 9.7 16 200 M M 3 22 200
11 104 81 93 M 0 28 0.00 M M 9.1 13 200 M M 3 24 200
12 104 80 92 M 0 27 0.00 M M 6.2 14 190 M M 4 20 210
13 104 79 92 M 0 27 0.00 M M 6.5 13 200 M M 4 20 220
14 105 78 92 M 0 27 0.00 M M 3.5 10 190 M M 3 17 220
15 100 80 90 M 0 25 0.00 M M 5.2 13 20 M M 0 18 360
16 101 73 87 M 0 22 0.00 M M 2.2 9 20 M M 0 16 350
17 106 74 90 M 0 25 0.00 M M 2.4 8 180 M M 0 M M
18 104 76 90 M 0 25 0.00 M M 3.2 10 160 M M 0 17 90
19 103 78 91 M 0 26 0.00 M M 3.3 8 160 M M 2 M M
20 107 78 93 M 0 28 0.00 M M 2.0 8 80 M M 2 M M
21 102 78 90 M 0 25 0.00 M M 3.6 12 100 M M 1 20 110
22 98 80 89 M 0 24 0.10 M M 6.6 17 130 M M 3 25 100
23 102 76 89 M 0 24 0.00 M M 3.8 9 130 M M 2 18 110
24 105 75 90 M 0 25 0.00 M M 1.2 7 150 M M 3 M M
25 106 78 92 M 0 27 0.00 M M 2.4 9 140 M M 0 18 140
26 104 74 89 M 0 24 0.00 M M 2.0 8 100 M M 0 M M
27 108 77 93 M 0 28 0.00 M M 2.9 16 360 M M 2 8 37 0
28 98 75 87 M 0 22 0.00 M M 4.0 12 50 M M 1 20 10
29 98 77 88 M 0 23 0.00 M M 4.0 16 360 M M 3 23 360
30 100 68 84 M 0 19 0.00 M M 2.7 14 330 M M 1 21 330
31 100 69 85 M 0 20 0.00 M M 1.8 12 80 M M 1 M M
================================================================================
SM 3187 2384 0 778 0.10 M 150.8 M 51
================================================================================
AV102.8 76.9 4.9 FASTST M M 2 MAX(MPH)
MISC ----> 17 130 37 0
================================================================================
NOTES:
# LAST OF SEVERAL OCCURRENCES
COLUMN 17 PEAK WIND IN M.P.H.
PRELIMINARY LOCAL CLIMATOLOGICAL DATA (WS FORM: F-6) , PAGE 2
STATION: GIDDINGS-LEE COUNTY AIRPORT
MONTH: AUGUST
YEAR: 2023
LATITUDE: 30 10 N
LONGITUDE: 96 59 W
[TEMPERATURE DATA] [PRECIPITATION DATA] SYMBOLS USED IN COLUMN 16
AVERAGE MONTHLY: 89.9 TOTAL FOR MONTH: 0.10 1 = FOG OR MIST
DPTR FM NORMAL: 0.0 DPTR FM NORMAL: M 2 = FOG REDUCING VISIBILITY
HIGHEST: 108 ON 27 GRTST 24HR 0.10 ON 22-22 TO 1/4 MILE OR LESS
LOWEST: 68 ON 30 3 = THUNDER
SNOW, ICE PELLETS, HAIL 4 = ICE PELLETS
TOTAL MONTH: M 5 = HAIL
GRTST 24HR M ON M 6 = FREEZING RAIN OR DRIZZLE
GRTST DEPTH: M ON M 7 = DUSTSTORM OR SANDSTORM:
VSBY 1/2 MILE OR LESS
8 = SMOKE OR HAZE
[NO. OF DAYS WITH] [WEATHER - DAYS WITH] 9 = BLOWING SNOW
X = TORNADO
MAX 32 OR BELOW: 0 0.01 INCH OR MORE: 1
MAX 90 OR ABOVE: 31 0.10 INCH OR MORE: 1
MIN 32 OR BELOW: 0 0.50 INCH OR MORE: 0
MIN 0 OR BELOW: 0 1.00 INCH OR MORE: 0
[HDD (BASE 65) ]
TOTAL THIS MO. 0 CLEAR (SCALE 0-3) 26
DPTR FM NORMAL M PTCLDY (SCALE 4-7) 5
TOTAL FM JUL 1 0 CLOUDY (SCALE 8-10) 0
DPTR FM NORMAL M
[CDD (BASE 65) ]
TOTAL THIS MO. 778
DPTR FM NORMAL M [PRESSURE DATA]
TOTAL FM JAN 1 2667 HIGHEST SLP M ON M
DPTR FM NORMAL M LOWEST SLP M ON M
[REMARKS]
#FINAL-08-23#