000
CXUS54 KFWD 010831
CF6GYI
PRELIMINARY LOCAL CLIMATOLOGICAL DATA (WS FORM: F-6)
STATION: SHERMAN/DENISON
MONTH: JANUARY
YEAR: 2023
LATITUDE: 33 42 N
LONGITUDE: 96 40 W
TEMPERATURE IN F: :PCPN: SNOW: WIND :SUNSHINE: SKY :PK WND
================================================================================
1 2 3 4 5 6A 6B 7 8 9 10 11 12 13 14 15 16 17 18
12Z AVG MX 2MIN
DY MAX MIN AVG DEP HDD CDD WTR SNW DPTH SPD SPD DIR MIN PSBL S-S WX SPD DR
================================================================================
1 78 53 66 24 0 1 0.00 M M 12.3 18 190 M M 0 24 190
2 75 56 66 24 0 1 0.00 M M 12.4 20 170 M M 6 18 25 170
3 64 39 52 10 13 0 0.00 M M 7.3 12 260 M M 2 17 260
4 58 30 44 2 21 0 0.00 M M 2.4 9 260 M M 0 M M
5 63 31 47 5 18 0 0.00 M M 3.4 7 140 M M 0 M M
6 69 43 56 14 9 0 0.00 M M 12.5 21 170 M M 1 28 190
7 63 45 54 12 11 0 0.00 M M 9.6 18 190 M M 0 25 190
8 63 32 48 6 17 0 0.00 M M 4.7 13 360 M M 0 M M
9 68 35 52 10 13 0 0.00 M M 9.4 18 190 M M 0 8 21 170
10 80 44 62 20 3 0 0.00 M M 10.8 18 200 M M 0 20 210
11 83 49 66 24 0 1 0.00 M M 11.4 17 210 M M 0 21 170
12 64 37 51 9 14 0 0.00 M M 16.3 25 280 M M 2 32 330
13 58 28 43 1 22 0 0.00 M M 4.6 10 310 M M 0 M M
14 61 36 49 7 16 0 0.00 M M 11.3 20 170 M M 0 22 160
15 69 45 57 15 8 0 0.00 M M 16.2 24 180 M M 1 33 180
16 73 55 64 22 1 0 0.00 M M 14.1 24 200 M M 0 33 190
17 72 46 59 17 6 0 0.00 M M 6.2 14 160 M M 0 M M
18 69 45 57 15 8 0 0.02 M M 12.0 30 290 M M 4 1 36 290
19 59 36 48 6 17 0 0.00 M M 8.7 18 300 M M 0 24 300
20 64 36 50 7 15 0 0.00 M M 5.6 10 80 M M 3 M M
21 58 41 50 7 15 0 T M M 8.0 14 100 M M 5 25 100
22 51 32 42 -1 23 0 0.00 M M 9.4 15 320 M M 5 22 310
23 56 25 41 -2 24 0 0.00 M M 3.9 7 100 M M 2 M M
24 44 33 39 -4 26 0 0.23 M M 9.3 14 30 M M 9 18 40
25 44 30 37 -6 28 0 0.00 M M 8.2 14 270 M M 7 17 300
26 53 26 40 -3 25 0 0.00 M M 5.4 14 270 M M 0 18 270
27 62 33 48 5 17 0 0.00 M M 12.9 17 180 M M 0 25 220
28 63 41 52 9 13 0 0.00 M M 11.2 20 190 M M 5 1 24 190
29 57 27 42 -1 23 0 0.00 M M 12.9 20 340 M M 8 1 25 340
30 27 24 26 -18 39 0 M M M 12.6 16 350 M M 10 146 22 360
31 27 24 26 -18 39 0 0.00 M M 10.5 15 360 M M 6 22 360
================================================================================
SM 1895 1157 484 3 0.25 M 295.0 M 76
================================================================================
AV 61.1 37.3 9.5 FASTST M M 2 MAX(MPH)
MISC ----> 30 290 36 290
================================================================================
NOTES:
# LAST OF SEVERAL OCCURRENCES
COLUMN 17 PEAK WIND IN M.P.H.
PRELIMINARY LOCAL CLIMATOLOGICAL DATA (WS FORM: F-6) , PAGE 2
STATION: SHERMAN/DENISON
MONTH: JANUARY
YEAR: 2023
LATITUDE: 33 42 N
LONGITUDE: 96 40 W
[TEMPERATURE DATA] [PRECIPITATION DATA] SYMBOLS USED IN COLUMN 16
AVERAGE MONTHLY: 49.2 TOTAL FOR MONTH: 0.25 1 = FOG OR MIST
DPTR FM NORMAL: 6.7 DPTR FM NORMAL: -2.22 2 = FOG REDUCING VISIBILITY
HIGHEST: 83 ON 11 GRTST 24HR 1.51 ON 24-24 TO 1/4 MILE OR LESS
LOWEST: 24 ON 31,30 3 = THUNDER
SNOW, ICE PELLETS, HAIL 4 = ICE PELLETS
TOTAL MONTH: M 5 = HAIL
GRTST 24HR M ON M 6 = FREEZING RAIN OR DRIZZLE
GRTST DEPTH: M ON M 7 = DUSTSTORM OR SANDSTORM:
VSBY 1/2 MILE OR LESS
8 = SMOKE OR HAZE
[NO. OF DAYS WITH] [WEATHER - DAYS WITH] 9 = BLOWING SNOW
X = TORNADO
MAX 32 OR BELOW: 2 0.01 INCH OR MORE: 2
MAX 90 OR ABOVE: 0 0.10 INCH OR MORE: 1
MIN 32 OR BELOW: 11 0.50 INCH OR MORE: 0
MIN 0 OR BELOW: 0 1.00 INCH OR MORE: 0
[HDD (BASE 65) ]
TOTAL THIS MO. 484 CLEAR (SCALE 0-3) 21
DPTR FM NORMAL -214 PTCLDY (SCALE 4-7) 7
TOTAL FM JUL 1 1516 CLOUDY (SCALE 8-10) 3
DPTR FM NORMAL -325
[CDD (BASE 65) ]
TOTAL THIS MO. 3
DPTR FM NORMAL 3 [PRESSURE DATA]
TOTAL FM JAN 1 3 HIGHEST SLP M ON M
DPTR FM NORMAL 3 LOWEST SLP M ON M
[REMARKS]
#FINAL-01-23#