000
CXUS54 KEWX 051854
CF6HDO
PRELIMINARY LOCAL CLIMATOLOGICAL DATA (WS FORM: F-6)
STATION: HONDO
MONTH: JUNE
YEAR: 2022
LATITUDE: 29 21 N
LONGITUDE: 99 10 W
TEMPERATURE IN F: :PCPN: SNOW: WIND :SUNSHINE: SKY :PK WND
================================================================================
1 2 3 4 5 6A 6B 7 8 9 10 11 12 13 14 15 16 17 18
12Z AVG MX 2MIN
DY MAX MIN AVG DEP HDD CDD WTR SNW DPTH SPD SPD DIR MIN PSBL S-S WX SPD DR
================================================================================
1 100 77 89 8 0 24 T M M 12.8 22 140 M M 5 29 140
2 97 74 86 5 0 21 0.00 M M 7.3 20 110 M M 3 26 120
3 97 76 87 6 0 22 0.00 M M 7.2 18 120 M M 4 24 120
4 100 73 87 5 0 22 T M M 8.8 33 330 M M 2 45 330
5 104 70 87 5 0 22 0.00 M M 12.4 25 130 M M 0 35 140
6 106 74 90 8 0 25 0.00 M M 12.6 24 140 M M 2 32 140
7 105 75 90 8 0 25 0.00 M M 12.9 24 130 M M 3 32 140
8 102 74 88 6 0 23 0.00 M M 12.0 25 140 M M 2 32 140
9 100 71 86 4 0 21 0.00 M M 8.6 20 160 M M 4 26 160
10 103 77 90 8 0 25 0.00 M M 8.3 17 170 M M 3 26 190
11 105 75 90 7 0 25 0.00 M M 7.6 20 160 M M 0 26 160
12 107 75 91 8 0 26 0.00 M M 12.0 24 150 M M 1 32 140
13 103 74 89 6 0 24 0.00 M M 16.1 28 160 M M 2 36 160
14 102 76 89 6 0 24 T M M 18.6 32 160 M M 3 45 160
15 100 78 89 6 0 24 T M M 14.7 26 140 M M 5 35 150
16 102 75 89 6 0 24 0.00 M M 11.9 23 160 M M 3 29 150
17 99 68 84 1 0 19 0.00 M M 7.5 20 150 M M 3 26 140
18 99 71 85 2 0 20 0.00 M M 9.8 22 140 M M 2 28 140
19 100 71 86 3 0 21 0.00 M M 10.3 22 150 M M 2 29 150
20 102 72 87 4 0 22 0.00 M M 9.3 23 150 M M 2 31 150
21 101 75 88 5 0 23 0.00 M M 9.8 23 140 M M 1 30 140
22 99 75 87 3 0 22 0.00 M M 9.2 17 150 M M 2 23 150
23 101 71 86 2 0 21 0.00 M M 6.7 17 160 M M 0 26 160
24 102 71 87 3 0 22 0.00 M M 9.1 24 150 M M 0 31 150
25 101 72 87 3 0 22 0.00 M M 11.3 26 150 M M 0 34 140
26 101 73 87 3 0 22 0.00 M M 7.7 18 150 M M 3 26 150
27 103 71 87 3 0 22 0.00 M M 9.1 26 90 M M 1 3 36 30
28 96 71 84 0 0 19 0.04 M M 7.6 26 340 M M 3 3 34 350
29 99 69 84 0 0 19 0.00 M M 7.4 17 110 M M 0 28 90
30 101 70 86 2 0 21 0.00 M M 7.3 17 140 M M 1 23 130
================================================================================
SM 3037 2194 0 672 0.04 M 305.9 M 62
================================================================================
AV101.2 73.1 10.2 FASTST M M 2 MAX(MPH)
MISC ----> 33 330 # 45 160
================================================================================
NOTES:
# LAST OF SEVERAL OCCURRENCES
COLUMN 17 PEAK WIND IN M.P.H.
PRELIMINARY LOCAL CLIMATOLOGICAL DATA (WS FORM: F-6) , PAGE 2
STATION: HONDO
MONTH: JUNE
YEAR: 2022
LATITUDE: 29 21 N
LONGITUDE: 99 10 W
[TEMPERATURE DATA] [PRECIPITATION DATA] SYMBOLS USED IN COLUMN 16
AVERAGE MONTHLY: 87.2 TOTAL FOR MONTH: 0.04 1 = FOG OR MIST
DPTR FM NORMAL: 4.4 DPTR FM NORMAL: -2.90 2 = FOG REDUCING VISIBILITY
HIGHEST: 107 ON 12 GRTST 24HR 0.04 ON 28-28 TO 1/4 MILE OR LESS
LOWEST: 68 ON 17 3 = THUNDER
SNOW, ICE PELLETS, HAIL 4 = ICE PELLETS
TOTAL MONTH: M 5 = HAIL
GRTST 24HR M ON M 6 = FREEZING RAIN OR DRIZZLE
GRTST DEPTH: M ON M 7 = DUSTSTORM OR SANDSTORM:
VSBY 1/2 MILE OR LESS
8 = SMOKE OR HAZE
[NO. OF DAYS WITH] [WEATHER - DAYS WITH] 9 = BLOWING SNOW
X = TORNADO
MAX 32 OR BELOW: 0 0.01 INCH OR MORE: 1
MAX 90 OR ABOVE: 30 0.10 INCH OR MORE: 0
MIN 32 OR BELOW: 0 0.50 INCH OR MORE: 0
MIN 0 OR BELOW: 0 1.00 INCH OR MORE: 0
[HDD (BASE 65) ]
TOTAL THIS MO. 0 CLEAR (SCALE 0-3) 23
DPTR FM NORMAL 0 PTCLDY (SCALE 4-7) 7
TOTAL FM JUL 1 1303 CLOUDY (SCALE 8-10) 0
DPTR FM NORMAL -152
[CDD (BASE 65) ]
TOTAL THIS MO. 672
DPTR FM NORMAL 138 [PRESSURE DATA]
TOTAL FM JAN 1 1643 HIGHEST SLP 30.12 ON 29
DPTR FM NORMAL 450 LOWEST SLP 29.55 ON 6
[REMARKS]
#FINAL-06-22#