000
CXUS53 KBIS 010830
CF6HEI
PRELIMINARY LOCAL CLIMATOLOGICAL DATA (WS FORM: F-6)
STATION: HETTINGER ND
MONTH: JUNE
YEAR: 2021
LATITUDE: 46 0 N
LONGITUDE: 102 39 W
TEMPERATURE IN F: :PCPN: SNOW: WIND :SUNSHINE: SKY :PK WND
================================================================================
1 2 3 4 5 6A 6B 7 8 9 10 11 12 13 14 15 16 17 18
12Z AVG MX 2MIN
DY MAX MIN AVG DEP HDD CDD WTR SNW DPTH SPD SPD DIR MIN PSBL S-S WX SPD DR
================================================================================
1 79 46 63 5 2 0 T M M 5.9 17 100 M M 2 22 100
2 82 48 65 7 0 0 0.00 M M 4.8 15 360 M M 0 23 360
3 90 49 70 12 0 5 0.00 M M 5.8 15 280 M M 0 20 280
4 97 58 78 19 0 13 0.00 M M 5.3 18 280 M M 0 3 26 230
5 95 59 77 18 0 12 0.00 M M 6.2 38 320 M M 0 3 53 320
6 77 51 64 5 1 0 0.00 M M 13.8 35 330 M M 0 43 320
7 87 52 70 10 0 5 0.00 M M 10.4 23 140 M M 0 32 120
8 96 58 77 17 0 12 0.29 M M 18.1 40 100 M M 2 138 60 100
9 82 60 71 11 0 6 0.00 M M 8.3 16 170 M M 2 23 110
10 93 64 79 18 0 14 0.05 M M 17.4 41 240 M M 1 3 56 180
11 74 41 58 -3 7 0 0.00 M M 21.4 45 280 M M 1 60 290
12 84 36 60 -1 5 0 0.00 M M 7.0 20 130 M M 0 27 140
13 84 49 67 6 0 2 0.00 M M 12.2 24 30 M M 0 32 30
14 86 53 70 8 0 5 0.00 M M 13.2 22 110 M M 0 31 100
15 89 61 75 13 0 10 0.00 M M 18.3 30 110 M M 0 42 140
16 86 54 70 8 0 5 0.00 M M 14.5 36 340 M M 0 51 330
17 86 44 65 2 0 0 0.00 M M 4.5 15 250 M M 1 20 250
18 82 44 63 0 2 0 0.00 M M 9.0 23 340 M M 0 31 330
19 82 39 61 -2 4 0 0.00 M M 11.5 32 350 M M 1 46 360
20 74 41 58 -5 7 0 0.00 M M 13.7 33 360 M M 4 1 45 350
21 75 35 55 -9 10 0 0.00 M M 9.6 21 320 M M 0 32 310
22 88 38 63 -1 2 0 0.00 M M 8.1 18 120 M M 0 27 130
23 98 46 72 8 0 7 0.00 M M 10.8 25 350 M M 0 37 350
24 86 55 71 6 0 6 0.00 M M 8.5 22 180 M M 2 31 180
25 72 51 62 -3 3 0 0.03 M M 8.4 17 350 M M 7 1 23 350
26 77 47 62 -3 3 0 0.10 M M 4.4 15 20 M M 7 12 20 300
27 82 51 67 2 0 2 0.15 M M 7.5 26 310 M M 3 13 32 320
28 80 50 65 -1 0 0 0.00 M M 8.4 15 40 M M 1 21 10
29 87 43 65 -1 0 0 0.00 M M 4.8 13 110 M M 0 19 90
30 92 50 71 5 0 6 0.00 M M 6.0 16 100 M M 0 24 80
================================================================================
SM 2542 1473 46 110 0.62 M 297.8 M 34
================================================================================
AV 84.7 49.1 9.9 FASTST M M 1 MAX(MPH)
MISC ----> 45 280 # 60 100
================================================================================
NOTES:
# LAST OF SEVERAL OCCURRENCES
COLUMN 17 PEAK WIND IN M.P.H.
PRELIMINARY LOCAL CLIMATOLOGICAL DATA (WS FORM: F-6) , PAGE 2
STATION: HETTINGER ND
MONTH: JUNE
YEAR: 2021
LATITUDE: 46 0 N
LONGITUDE: 102 39 W
[TEMPERATURE DATA] [PRECIPITATION DATA] SYMBOLS USED IN COLUMN 16
AVERAGE MONTHLY: 66.9 TOTAL FOR MONTH: 0.62 1 = FOG OR MIST
DPTR FM NORMAL: 4.8 DPTR FM NORMAL: -2.14 2 = FOG REDUCING VISIBILITY
HIGHEST: 98 ON 23 GRTST 24HR 0.29 ON 8- 8 TO 1/4 MILE OR LESS
LOWEST: 35 ON 21 3 = THUNDER
SNOW, ICE PELLETS, HAIL 4 = ICE PELLETS
TOTAL MONTH: M 5 = HAIL
GRTST 24HR M ON M 6 = FREEZING RAIN OR DRIZZLE
GRTST DEPTH: M ON M 7 = DUSTSTORM OR SANDSTORM:
VSBY 1/2 MILE OR LESS
8 = SMOKE OR HAZE
[NO. OF DAYS WITH] [WEATHER - DAYS WITH] 9 = BLOWING SNOW
X = TORNADO
MAX 32 OR BELOW: 0 0.01 INCH OR MORE: 5
MAX 90 OR ABOVE: 7 0.10 INCH OR MORE: 3
MIN 32 OR BELOW: 0 0.50 INCH OR MORE: 0
MIN 0 OR BELOW: 0 1.00 INCH OR MORE: 0
[HDD (BASE 65) ]
TOTAL THIS MO. 46 CLEAR (SCALE 0-3) 26
DPTR FM NORMAL -89 PTCLDY (SCALE 4-7) 4
TOTAL FM JUL 1 8036 CLOUDY (SCALE 8-10) 0
DPTR FM NORMAL -566
[CDD (BASE 65) ]
TOTAL THIS MO. 110
DPTR FM NORMAL 62 [PRESSURE DATA]
TOTAL FM JAN 1 112 HIGHEST SLP M ON M
DPTR FM NORMAL 58 LOWEST SLP 29.34 ON 5
[REMARKS]
#FINAL-06-21#