000
CXUS53 KBIS 010930
CF6HEI
PRELIMINARY LOCAL CLIMATOLOGICAL DATA (WS FORM: F-6)
STATION: HETTINGER ND
MONTH: DECEMBER
YEAR: 2023
LATITUDE: 46 0 N
LONGITUDE: 102 39 W
TEMPERATURE IN F: :PCPN: SNOW: WIND :SUNSHINE: SKY :PK WND
================================================================================
1 2 3 4 5 6A 6B 7 8 9 10 11 12 13 14 15 16 17 18
12Z AVG MX 2MIN
DY MAX MIN AVG DEP HDD CDD WTR SNW DPTH SPD SPD DIR MIN PSBL S-S WX SPD DR
================================================================================
1 35 15 25 2 40 0 0.00 M M 8.7 18 170 M M 6 24 150
2 46 9 28 5 37 0 0.00 M M 4.0 16 260 M M 1 1 20 240
3 43 19 31 8 34 0 0.00 M M 9.8 29 280 M M 2 42 300
4 45 14 30 8 35 0 0.00 M M 16.2 37 300 M M 7 53 310
5 50 13 32 10 33 0 0.00 M M 4.4 15 180 M M 3 1 19 170
6 63 32 48 26 17 0 0.00 M M 5.2 16 280 M M 0 21 290
7 61 18 40 19 25 0 T M M 13.8 37 290 M M 0 48 290
8 37 26 32 11 33 0 M M M 26.5 36 290 M M 4 12 47 310
9 33 11 22 1 43 0 0.00 M M 13.3 25 300 M M 1 1 36 320
10 39 11 25 4 40 0 0.00 M M 5.3 14 280 M M 3 17 290
11 38 11 25 5 40 0 0.00 M M 10.5 23 330 M M 4 31 340
12 38 1 20 0 45 0 0.00 M M 5.8 17 200 M M 3 1 23 190
13 45 16 31 11 34 0 0.00 M M 5.9 16 190 M M 0 1 22 200
14 43 18 31 11 34 0 0.00 M M 2.9 10 180 M M 1 1 14 180
15 31 21 26 7 39 0 T M M 9.9 21 310 M M 6 18 27 310
16 49 22 36 17 29 0 T M M 7.6 13 290 M M 5 12 17 220
17 45 13 29 10 36 0 0.00 M M 9.4 28 330 M M 3 39 330
18 41 7 24 5 41 0 0.00 M M 6.2 18 160 M M 0 24 160
19 47 22 35 17 30 0 0.00 M M 5.4 13 80 M M 2 16 80
20 42 21 32 14 33 0 0.00 M M 7.5 15 140 M M 2 20 140
21 57 20 39 21 26 0 0.00 M M 3.2 15 290 M M 2 20 290
22 56 19 38 20 27 0 0.00 M M 1.6 9 200 M M 0 1 12 240
23 51 18 35 17 30 0 T M M 8.1 32 330 M M 2 1 46 320
24 31 12 22 4 43 0 T M M 15.6 28 320 M M 3 1 39 320
25 30 13 22 5 43 0 0.00 M M 11.6 23 330 M M 5 30 340
26 33 27 30 13 35 0 0.02 M M 16.3 24 340 M M 10 6 36 340
27 46 14 30 13 35 0 0.00 M M 7.1 14 330 M M 1 18 340
28 47 8 28 11 37 0 0.00 M M 3.6 12 300 M M 0 13 300
29 51 24 38 21 27 0 0.00 M M 9.7 21 310 M M 0 28 310
30 36 12 24 7 41 0 0.00 M M 8.7 18 330 M M 0 25 330
31 26 14 20 3 45 0 0.00 M M 7.0 13 160 M M 10 12 16 160
================================================================================
SM 1335 501 1087 0 0.02 M 270.8 M 86
================================================================================
AV 43.1 16.2 8.7 FASTST M M 3 MAX(MPH)
MISC ----> # 37 300 53 310
================================================================================
NOTES:
# LAST OF SEVERAL OCCURRENCES
COLUMN 17 PEAK WIND IN M.P.H.
PRELIMINARY LOCAL CLIMATOLOGICAL DATA (WS FORM: F-6) , PAGE 2
STATION: HETTINGER ND
MONTH: DECEMBER
YEAR: 2023
LATITUDE: 46 0 N
LONGITUDE: 102 39 W
[TEMPERATURE DATA] [PRECIPITATION DATA] SYMBOLS USED IN COLUMN 16
AVERAGE MONTHLY: 29.6 TOTAL FOR MONTH: 0.02 1 = FOG OR MIST
DPTR FM NORMAL: 10.2 DPTR FM NORMAL: -0.12 2 = FOG REDUCING VISIBILITY
HIGHEST: 63 ON 6 GRTST 24HR 0.02 ON 26-26 TO 1/4 MILE OR LESS
LOWEST: 1 ON 12 3 = THUNDER
SNOW, ICE PELLETS, HAIL 4 = ICE PELLETS
TOTAL MONTH: M 5 = HAIL
GRTST 24HR M ON M 6 = FREEZING RAIN OR DRIZZLE
GRTST DEPTH: M ON M 7 = DUSTSTORM OR SANDSTORM:
VSBY 1/2 MILE OR LESS
8 = SMOKE OR HAZE
[NO. OF DAYS WITH] [WEATHER - DAYS WITH] 9 = BLOWING SNOW
X = TORNADO
MAX 32 OR BELOW: 4 0.01 INCH OR MORE: 1
MAX 90 OR ABOVE: 0 0.10 INCH OR MORE: 0
MIN 32 OR BELOW: 31 0.50 INCH OR MORE: 0
MIN 0 OR BELOW: 0 1.00 INCH OR MORE: 0
[HDD (BASE 65) ]
TOTAL THIS MO. 1087 CLEAR (SCALE 0-3) 20
DPTR FM NORMAL -326 PTCLDY (SCALE 4-7) 9
TOTAL FM JUL 1 2898 CLOUDY (SCALE 8-10) 2
DPTR FM NORMAL -591
[CDD (BASE 65) ]
TOTAL THIS MO. 0
DPTR FM NORMAL 0 [PRESSURE DATA]
TOTAL FM JAN 1 434 HIGHEST SLP 30.52 ON 13
DPTR FM NORMAL 47 LOWEST SLP 29.29 ON 7
[REMARKS]
#FINAL-12-23#