000
CXUS51 KLWX 010700
CF6HGR
PRELIMINARY LOCAL CLIMATOLOGICAL DATA (WS FORM: F-6)
STATION: HAGERSTOWN MD
MONTH: OCTOBER
YEAR: 2020
LATITUDE: 39 42 N
LONGITUDE: 77 43 W
TEMPERATURE IN F: :PCPN: SNOW: WIND :SUNSHINE: SKY :PK WND
================================================================================
1 2 3 4 5 6A 6B 7 8 9 10 11 12 13 14 15 16 17 18
12Z AVG MX 2MIN
DY MAX MIN AVG DEP HDD CDD WTR SNW DPTH SPD SPD DIR MIN PSBL S-S WX SPD DR
================================================================================
1 72 55 64 4 1 0 0.00 M M 7.9 18 300 M M 3 23 280
2 65 48 57 -2 8 0 0.01 M M 7.4 20 300 M M 4 26 310
3 66 42 54 -5 11 0 0.00 M M 3.7 13 290 M M 1 16 330
4 64 41 53 -6 12 0 T M M 4.6 20 280 M M 3 26 290
5 67 47 57 -1 8 0 0.09 M M 5.2 17 310 M M 4 1 23 310
6 71 43 57 -1 8 0 0.00 M M 5.5 13 280 M M 0 1 17 250
7 81 53 67 9 0 2 0.00 M M 10.9 25 280 M M 2 32 230
8 68 50 59 2 6 0 0.00 M M 8.1 22 310 M M 2 31 300
9 72 45 59 2 6 0 0.00 M M 6.8 14 190 M M 0 19 190
10 77 55 66 10 0 1 0.00 M M 7.2 15 190 M M 2 18 190
11 72 60 66 10 0 1 0.31 M M 6.5 14 60 M M 7 18 16 60
12 60 52 56 0 9 0 0.35 M M 9.7 17 70 M M 10 1 24 70
13 69 52 61 5 4 0 0.06 M M 7.6 21 320 M M 6 1 25 310
14 72 45 59 4 6 0 0.00 M M 5.7 15 250 M M 0 19 260
15 76 53 65 10 0 0 0.00 M M 9.8 21 310 M M 1 27 320
16 62 40 51 -4 14 0 0.00 M M 7.5 24 310 M M 7 30 310
17 62 34 48 -6 17 0 0.00 M M 3.3 10 280 M M 1 12 20 170
18 62 39 51 -3 14 0 0.00 M M 6.4 18 160 M M 1 24 170
19 68 49 59 5 6 0 0.00 M M 4.5 17 150 M M 6 22 150
20 75 55 65 12 0 0 0.00 M M 5.2 12 150 M M 1 15 150
21 79 55 67 14 0 2 0.00 M M 5.1 13 170 M M 1 12 16 140
22 80 57 69 16 0 4 0.00 M M 3.3 13 180 M M 3 128 16 180
23 78 56 67 14 0 2 0.00 M M 7.0 16 170 M M 1 12 22 140
24 67 51 59 7 6 0 T M M 8.1 21 320 M M 7 24 320
25 51 44 48 -4 17 0 0.11 M M 6.3 14 40 M M 9 18 17 50
26 56 45 51 -1 14 0 0.00 M M 1.9 7 310 M M 10 1 8 360
27 65 53 59 8 6 0 0.00 M M 3.7 12 10 M M 6 1 14 340
28 66 53 60 9 5 0 0.00 M M 4.2 10 10 M M 9 12 10
29 60 49 55 4 10 0 1.16 M M 10.0 18 350 M M 10 1 24 350
30 51 38 45 -6 20 0 0.07 M M 8.9 17 320 M M 9 1 22 330
31 49 34 42 -8 23 0 0.00 M M 5.2 13 150 M M 4 17 150
================================================================================
SM 2083 1493 231 12 2.16 M 197.2 M 130
================================================================================
AV 67.2 48.2 6.4 FASTST M M 4 MAX(MPH)
MISC ----> 25 280 32 230
================================================================================
NOTES:
# LAST OF SEVERAL OCCURRENCES
COLUMN 17 PEAK WIND IN M.P.H.
PRELIMINARY LOCAL CLIMATOLOGICAL DATA (WS FORM: F-6) , PAGE 2
STATION: HAGERSTOWN MD
MONTH: OCTOBER
YEAR: 2020
LATITUDE: 39 42 N
LONGITUDE: 77 43 W
[TEMPERATURE DATA] [PRECIPITATION DATA] SYMBOLS USED IN COLUMN 16
AVERAGE MONTHLY: 57.7 TOTAL FOR MONTH: 2.16 1 = FOG OR MIST
DPTR FM NORMAL: 2.9 DPTR FM NORMAL: -0.72 2 = FOG REDUCING VISIBILITY
HIGHEST: 81 ON 7 GRTST 24HR 1.16 ON 29-29 TO 1/4 MILE OR LESS
LOWEST: 34 ON 31,17 3 = THUNDER
SNOW, ICE PELLETS, HAIL 4 = ICE PELLETS
TOTAL MONTH: M 5 = HAIL
GRTST 24HR M ON M 6 = FREEZING RAIN OR DRIZZLE
GRTST DEPTH: M ON M 7 = DUSTSTORM OR SANDSTORM:
VSBY 1/2 MILE OR LESS
8 = SMOKE OR HAZE
[NO. OF DAYS WITH] [WEATHER - DAYS WITH] 9 = BLOWING SNOW
X = TORNADO
MAX 32 OR BELOW: 0 0.01 INCH OR MORE: 8
MAX 90 OR ABOVE: 0 0.10 INCH OR MORE: 4
MIN 32 OR BELOW: 0 0.50 INCH OR MORE: 1
MIN 0 OR BELOW: 0 1.00 INCH OR MORE: 1
[HDD (BASE 65) ]
TOTAL THIS MO. 231 CLEAR (SCALE 0-3) 16
DPTR FM NORMAL -97 PTCLDY (SCALE 4-7) 9
TOTAL FM JUL 1 291 CLOUDY (SCALE 8-10) 6
DPTR FM NORMAL -111
[CDD (BASE 65) ]
TOTAL THIS MO. 12
DPTR FM NORMAL 2 [PRESSURE DATA]
TOTAL FM JAN 1 1381 HIGHEST SLP M ON M
DPTR FM NORMAL 412 LOWEST SLP 29.51 ON 29
[REMARKS]
#FINAL-10-20#