000
CXUS56 KLOX 011255
CF6HHR
PRELIMINARY LOCAL CLIMATOLOGICAL DATA (WS FORM: F-6)
STATION: HAWTHORNE AIRPORT CA
MONTH: FEBRUARY
YEAR: 2024
LATITUDE: 33 55 N
LONGITUDE: 118 20 W
TEMPERATURE IN F: :PCPN: SNOW: WIND :SUNSHINE: SKY :PK WND
================================================================================
1 2 3 4 5 6A 6B 7 8 9 10 11 12 13 14 15 16 17 18
12Z AVG MX 2MIN
DY MAX MIN AVG DEP HDD CDD WTR SNW DPTH SPD SPD DIR MIN PSBL S-S WX SPD DR
================================================================================
1 60 50 55 -3 10 0 1.67 M M 6.7 20 80 M M 9 13 36 80
2 62 50 56 -2 9 0 0.05 M M 7.8 21 260 M M 2 18 32 260
3 61 48 55 -3 10 0 0.08 M M 3.3 12 260 M M 3 8 15 250
4 60 52 56 -2 9 0 1.40 M M 12.7 26 130 M M 7 1 40 150
5 58 54 56 -2 9 0 2.22 M M 6.4 18 120 M M 10 1 28 130
6 55 50 53 -5 12 0 1.46 M M 2.8 12 120 M M 10 1 16 80
7 61 48 55 -3 10 0 0.33 M M 6.5 22 230 M M 7 1 34 220
8 59 46 53 -5 12 0 0.00 M M 6.7 22 270 M M 4 31 250
9 62 49 56 -2 9 0 0.05 M M 5.2 15 260 M M 2 1 22 260
10 66 47 57 -1 8 0 0.00 M M 4.0 15 250 M M 0 8 21 120
11 65 45 55 -3 10 0 0.00 M M 2.8 12 250 M M 0 8 16 250
12 68 46 57 -1 8 0 0.00 M M 2.9 13 250 M M 0 17 260
13 65 48 57 -2 8 0 0.00 M M 2.9 16 260 M M 1 21 240
14 63 52 58 -1 7 0 0.00 M M 3.2 12 250 M M 4 17 250
15 65 50 58 -1 7 0 0.00 M M 4.8 17 260 M M 3 22 250
16 65 57 61 2 4 0 0.00 M M 4.2 14 250 M M 5 8 19 250
17 64 56 60 1 5 0 T M M 3.2 15 250 M M 7 8 19 240
18 65 56 61 2 4 0 T M M 2.6 12 250 M M 9 15 260
19 59 56 58 -1 7 0 0.81 M M 7.4 16 130 M M 10 1 24 140
20 60 56 58 -1 7 0 0.62 M M 5.3 14 120 M M 10 1 19 90
21 65 55 60 1 5 0 0.34 M M 4.6 15 250 M M 3 1 20 270
22 68 53 61 2 4 0 0.00 M M 3.3 14 240 M M 2 18 19 260
23 80 53 67 8 0 2 0.00 M M 2.2 10 260 M M 0 15 210
24 77 58 68 9 0 3 0.00 M M 1.8 16 260 M M 0 21 260
25 67 55 61 2 4 0 0.00 M M 3.5 14 250 M M 0 1 18 240
26 65 54 60 1 5 0 0.04 M M 1.8 15 240 M M 6 18 21 250
27 66 55 61 2 4 0 0.00 M M 2.9 14 250 M M 5 20 250
28 68 52 60 1 5 0 0.00 M M 4.7 15 260 M M 1 1 23 240
29 64 57 61 2 4 0 0.00 M M 4.9 13 260 M M 9 20 270
================================================================================
SM 1863 1508 196 5 9.07 M 131.1 M 129
================================================================================
AV 64.2 52.0 4.5 FASTST M M 4 MAX(MPH)
MISC ----> 26 130 40 150
================================================================================
NOTES:
# LAST OF SEVERAL OCCURRENCES
COLUMN 17 PEAK WIND IN M.P.H.
PRELIMINARY LOCAL CLIMATOLOGICAL DATA (WS FORM: F-6) , PAGE 2
STATION: HAWTHORNE AIRPORT CA
MONTH: FEBRUARY
YEAR: 2024
LATITUDE: 33 55 N
LONGITUDE: 118 20 W
[TEMPERATURE DATA] [PRECIPITATION DATA] SYMBOLS USED IN COLUMN 16
AVERAGE MONTHLY: 58.1 TOTAL FOR MONTH: 9.07 1 = FOG OR MIST
DPTR FM NORMAL: -0.6 DPTR FM NORMAL: 6.11 2 = FOG REDUCING VISIBILITY
HIGHEST: 80 ON 23 GRTST 24HR 3.32 ON 4- 5 TO 1/4 MILE OR LESS
LOWEST: 45 ON 11 3 = THUNDER
SNOW, ICE PELLETS, HAIL 4 = ICE PELLETS
TOTAL MONTH: M 5 = HAIL
GRTST 24HR M ON M 6 = FREEZING RAIN OR DRIZZLE
GRTST DEPTH: M ON M 7 = DUSTSTORM OR SANDSTORM:
VSBY 1/2 MILE OR LESS
8 = SMOKE OR HAZE
[NO. OF DAYS WITH] [WEATHER - DAYS WITH] 9 = BLOWING SNOW
X = TORNADO
MAX 32 OR BELOW: 0 0.01 INCH OR MORE: 12
MAX 90 OR ABOVE: 0 0.10 INCH OR MORE: 8
MIN 32 OR BELOW: 0 0.50 INCH OR MORE: 6
MIN 0 OR BELOW: 0 1.00 INCH OR MORE: 4
[HDD (BASE 65) ]
TOTAL THIS MO. 196 CLEAR (SCALE 0-3) 13
DPTR FM NORMAL 10 PTCLDY (SCALE 4-7) 9
TOTAL FM JUL 1 519 CLOUDY (SCALE 8-10) 7
DPTR FM NORMAL -258
[CDD (BASE 65) ]
TOTAL THIS MO. 5
DPTR FM NORMAL -4 [PRESSURE DATA]
TOTAL FM JAN 1 11 HIGHEST SLP 30.26 ON 22
DPTR FM NORMAL -4 LOWEST SLP 29.65 ON 6
[REMARKS]
#FINAL-02-24#