000
CXUS56 KLOX 011255
CF6HHR
PRELIMINARY LOCAL CLIMATOLOGICAL DATA (WS FORM: F-6)
STATION: HAWTHORNE AIRPORT CA
MONTH: DECEMBER
YEAR: 2023
LATITUDE: 33 55 N
LONGITUDE: 118 20 W
TEMPERATURE IN F: :PCPN: SNOW: WIND :SUNSHINE: SKY :PK WND
================================================================================
1 2 3 4 5 6A 6B 7 8 9 10 11 12 13 14 15 16 17 18
12Z AVG MX 2MIN
DY MAX MIN AVG DEP HDD CDD WTR SNW DPTH SPD SPD DIR MIN PSBL S-S WX SPD DR
================================================================================
1 69 52 61 2 4 0 0.00 M M 4.8 15 250 M M 0 8 29 10
2 67 50 59 0 6 0 0.00 M M 2.0 9 250 M M 0 13 90
3 68 50 59 0 6 0 0.00 M M 2.3 10 240 M M 0 18 14 260
4 75 53 64 6 1 0 0.00 M M 1.6 10 250 M M 0 18 14 250
5 85 54 70 12 0 5 0.00 M M 1.8 9 260 M M 0 13 270
6 73 54 64 6 1 0 0.00 M M 3.9 13 260 M M 1 21 220
7 68 55 62 4 3 0 0.00 M M 3.3 15 260 M M 2 1 20 260
8 69 51 60 2 5 0 0.00 M M 1.8 12 250 M M 0 8 16 270
9 74 49 62 4 3 0 0.00 M M 0.5 6 320 M M 0 9 270
10 78 52 65 7 0 0 0.00 M M 2.1 10 260 M M 0 8 14 40
11 74 51 63 5 2 0 0.00 M M 1.8 9 250 M M 0 12 13 250
12 68 52 60 2 5 0 0.00 M M 2.5 9 260 M M 3 128 13 230
13 68 54 61 4 4 0 0.00 M M 2.9 10 260 M M 3 8 15 250
14 78 50 64 7 1 0 0.00 M M 1.1 12 260 M M 0 1 15 250
15 82 55 69 12 0 4 0.00 M M 1.8 9 260 M M 0 12 250
16 81 57 69 12 0 4 0.00 M M 2.6 15 260 M M 0 8 20 270
17 79 54 67 10 0 2 0.00 M M 1.4 12 260 M M 0 15 260
18 74 59 67 10 0 2 T M M 2.3 10 250 M M 7 15 260
19 68 59 64 7 1 0 0.14 M M 2.1 10 230 M M 10 1 14 220
20 65 60 63 6 2 0 0.69 M M 7.5 13 130 M M 10 18 18 140
21 66 59 63 6 2 0 1.29 M M 6.4 17 130 M M 8 1 24 140
22 69 58 64 7 1 0 0.47 M M 4.6 13 70 M M 5 1 28 70
23 66 54 60 3 5 0 0.00 M M 2.2 13 250 M M 4 18 17 240
24 68 55 62 5 3 0 0.00 M M 2.0 14 250 M M 3 18 16 250
25 66 50 58 1 7 0 0.00 M M 2.0 9 260 M M 0 18 13 230
26 68 52 60 3 5 0 0.00 M M 1.6 12 250 M M 1 18 15 260
27 65 53 59 2 6 0 0.00 M M 2.3 15 260 M M 1 18 18 250
28 66 53 60 3 5 0 0.00 M M 2.4 12 260 M M 2 18 15 250
29 66 52 59 2 6 0 0.00 M M 1.4 13 260 M M 4 18 15 260
30 64 55 60 2 5 0 0.50 M M 5.7 16 260 M M 6 18 21 260
31 61 53 57 -1 8 0 0.00 M M 2.2 9 110 M M 5 18 12 130
================================================================================
SM 2188 1665 97 17 3.09 M 82.9 M 75
================================================================================
AV 70.6 53.7 2.7 FASTST M M 2 MAX(MPH)
MISC ----> 17 130 29 10
================================================================================
NOTES:
# LAST OF SEVERAL OCCURRENCES
COLUMN 17 PEAK WIND IN M.P.H.
PRELIMINARY LOCAL CLIMATOLOGICAL DATA (WS FORM: F-6) , PAGE 2
STATION: HAWTHORNE AIRPORT CA
MONTH: DECEMBER
YEAR: 2023
LATITUDE: 33 55 N
LONGITUDE: 118 20 W
[TEMPERATURE DATA] [PRECIPITATION DATA] SYMBOLS USED IN COLUMN 16
AVERAGE MONTHLY: 62.1 TOTAL FOR MONTH: 3.09 1 = FOG OR MIST
DPTR FM NORMAL: 4.5 DPTR FM NORMAL: 0.90 2 = FOG REDUCING VISIBILITY
HIGHEST: 85 ON 5 GRTST 24HR 1.59 ON 21-22 TO 1/4 MILE OR LESS
LOWEST: 49 ON 9 3 = THUNDER
SNOW, ICE PELLETS, HAIL 4 = ICE PELLETS
TOTAL MONTH: M 5 = HAIL
GRTST 24HR M ON M 6 = FREEZING RAIN OR DRIZZLE
GRTST DEPTH: M ON M 7 = DUSTSTORM OR SANDSTORM:
VSBY 1/2 MILE OR LESS
8 = SMOKE OR HAZE
[NO. OF DAYS WITH] [WEATHER - DAYS WITH] 9 = BLOWING SNOW
X = TORNADO
MAX 32 OR BELOW: 0 0.01 INCH OR MORE: 5
MAX 90 OR ABOVE: 0 0.10 INCH OR MORE: 5
MIN 32 OR BELOW: 0 0.50 INCH OR MORE: 3
MIN 0 OR BELOW: 0 1.00 INCH OR MORE: 1
[HDD (BASE 65) ]
TOTAL THIS MO. 97 CLEAR (SCALE 0-3) 21
DPTR FM NORMAL -135 PTCLDY (SCALE 4-7) 8
TOTAL FM JUL 1 126 CLOUDY (SCALE 8-10) 2
DPTR FM NORMAL -239
[CDD (BASE 65) ]
TOTAL THIS MO. 17
DPTR FM NORMAL 15 [PRESSURE DATA]
TOTAL FM JAN 1 1252 HIGHEST SLP 30.25 ON 9
DPTR FM NORMAL 329 LOWEST SLP 29.80 ON 22
[REMARKS]
#FINAL-12-23#