000
CXUS56 KPQR 011155
CF6HIO
PRELIMINARY LOCAL CLIMATOLOGICAL DATA (WS FORM: F-6)
STATION: HILLSBORO OR
MONTH: MAY
YEAR: 2021
LATITUDE: 45 32 N
LONGITUDE: 122 57 W
TEMPERATURE IN F: :PCPN: SNOW: WIND :SUNSHINE: SKY :PK WND
================================================================================
1 2 3 4 5 6A 6B 7 8 9 10 11 12 13 14 15 16 17 18
12Z AVG MX 2MIN
DY MAX MIN AVG DEP HDD CDD WTR SNW DPTH SPD SPD DIR MIN PSBL S-S WX SPD DR
================================================================================
1 62 46 54 1 11 0 0.00 M M 6.5 15 310 M M 9 18 310
2 67 43 55 1 10 0 0.00 M M 4.5 14 320 M M 6 19 310
3 62 42 52 -2 13 0 0.03 M M 1.8 10 260 M M 8 13 260
4 68 45 57 3 8 0 0.00 M M 5.9 10 40 M M 4 16 300
5 82 40 61 7 4 0 0.00 M M 2.0 10 70 M M 0 1 14 80
6 64 44 54 -1 11 0 T M M 7.2 17 250 M M 4 23 250
7 60 36 48 -7 17 0 0.01 M M 7.2 21 290 M M 6 27 310
8 60 33 47 -8 18 0 0.00 M M 3.4 10 260 M M 7 13 250
9 63 48 56 0 9 0 T M M 5.0 14 300 M M 8 16 290
10 70 40 55 -1 10 0 0.00 M M 6.4 17 330 M M 3 23 330
11 75 41 58 2 7 0 0.00 M M 5.0 14 20 M M 0 19 10
12 79 43 61 5 4 0 0.00 M M 5.6 20 320 M M 0 23 320
13 79 46 63 7 2 0 0.00 M M 5.9 14 10 M M 0 8 17 10
14 81 50 66 9 0 1 0.00 M M 8.1 23 310 M M 0 32 20
15 81 43 62 5 3 0 0.00 M M 5.6 18 310 M M 0 22 310
16 83 42 63 6 2 0 0.00 M M 4.6 16 320 M M 0 21 340
17 65 44 55 -2 10 0 T M M 6.4 16 270 M M 7 20 280
18 63 41 52 -5 13 0 0.06 M M 6.8 20 260 M M 6 24 260
19 58 37 48 -10 17 0 0.01 M M 5.7 17 340 M M 6 24 360
20 63 34 49 -9 16 0 0.01 M M 7.0 21 300 M M 6 27 300
21 67 38 53 -5 12 0 0.00 M M 6.1 18 300 M M 5 25 290
22 71 38 55 -3 10 0 0.00 M M 5.3 18 320 M M 2 23 320
23 67 50 59 1 6 0 T M M 5.2 15 260 M M 9 18 20 240
24 62 50 56 -2 9 0 0.19 M M 5.7 14 150 M M 10 18 16 150
25 63 52 58 0 7 0 0.07 M M 5.8 14 320 M M 10 1 16 330
26 72 46 59 1 6 0 0.00 M M 3.7 13 160 M M 4 15 160
27 63 50 57 -2 8 0 0.11 M M 11.3 25 230 M M 8 1 38 240
28 69 45 57 -2 8 0 0.00 M M 4.6 15 30 M M 5 21 30
29 82 41 62 3 3 0 0.00 M M 4.5 10 290 M M 0 13 290
30 84 48 66 7 0 1 0.00 M M 3.2 10 50 M M 0 14 40
31 88 51 70 11 0 5 0.00 M M 4.5 14 50 M M 0 21 30
================================================================================
SM 2173 1347 254 7 0.49 M 170.5 M 133
================================================================================
AV 70.1 43.5 5.5 FASTST M M 4 MAX(MPH)
MISC ----> 25 230 38 240
================================================================================
NOTES:
# LAST OF SEVERAL OCCURRENCES
COLUMN 17 PEAK WIND IN M.P.H.
PRELIMINARY LOCAL CLIMATOLOGICAL DATA (WS FORM: F-6) , PAGE 2
STATION: HILLSBORO OR
MONTH: MAY
YEAR: 2021
LATITUDE: 45 32 N
LONGITUDE: 122 57 W
[TEMPERATURE DATA] [PRECIPITATION DATA] SYMBOLS USED IN COLUMN 16
AVERAGE MONTHLY: 56.8 TOTAL FOR MONTH: 0.49 1 = FOG OR MIST
DPTR FM NORMAL: 0.1 DPTR FM NORMAL: -1.53 2 = FOG REDUCING VISIBILITY
HIGHEST: 88 ON 31 GRTST 24HR 0.24 ON 24-25 TO 1/4 MILE OR LESS
LOWEST: 33 ON 8 3 = THUNDER
SNOW, ICE PELLETS, HAIL 4 = ICE PELLETS
TOTAL MONTH: M 5 = HAIL
GRTST 24HR M ON M 6 = FREEZING RAIN OR DRIZZLE
GRTST DEPTH: M ON M 7 = DUSTSTORM OR SANDSTORM:
VSBY 1/2 MILE OR LESS
8 = SMOKE OR HAZE
[NO. OF DAYS WITH] [WEATHER - DAYS WITH] 9 = BLOWING SNOW
X = TORNADO
MAX 32 OR BELOW: 0 0.01 INCH OR MORE: 8
MAX 90 OR ABOVE: 0 0.10 INCH OR MORE: 2
MIN 32 OR BELOW: 0 0.50 INCH OR MORE: 0
MIN 0 OR BELOW: 0 1.00 INCH OR MORE: 0
[HDD (BASE 65) ]
TOTAL THIS MO. 254 CLEAR (SCALE 0-3) 11
DPTR FM NORMAL -12 PTCLDY (SCALE 4-7) 13
TOTAL FM JUL 1 4443 CLOUDY (SCALE 8-10) 7
DPTR FM NORMAL -243
[CDD (BASE 65) ]
TOTAL THIS MO. 7
DPTR FM NORMAL -2 [PRESSURE DATA]
TOTAL FM JAN 1 7 HIGHEST SLP 30.43 ON 8
DPTR FM NORMAL -3 LOWEST SLP 29.79 ON 5
[REMARKS]
#FINAL-05-21#