000
CXUS53 KGID 011302
CF6HJH
PRELIMINARY LOCAL CLIMATOLOGICAL DATA (WS FORM: F-6)
STATION: HEBRON NE
MONTH: SEPTEMBER
YEAR: 2022
LATITUDE: 40 9 N
LONGITUDE: 97 35 W
TEMPERATURE IN F: :PCPN: SNOW: WIND :SUNSHINE: SKY :PK WND
================================================================================
1 2 3 4 5 6A 6B 7 8 9 10 11 12 13 14 15 16 17 18
12Z AVG MX 2MIN
DY MAX MIN AVG DEP HDD CDD WTR SNW DPTH SPD SPD DIR MIN PSBL S-S WX SPD DR
================================================================================
1 91 68 80 M 0 15 0.04 M M 5.4 14 180 M M 3 23 260
2 93 61 77 M 0 12 0.00 M M 4.7 13 220 M M 0 20 220
3 82 54 68 M 0 3 0.00 M M 7.5 15 30 M M 0 20 30
4 83 48 66 M 0 1 0.00 M M 3.1 9 70 M M 0 16 110
5 87 56 72 M 0 7 0.00 M M 3.3 10 160 M M 4 12 M M
6 94 60 77 M 0 12 0.00 M M 5.4 12 200 M M 0 1 20 200
7 91 61 76 M 0 11 0.00 M M 4.2 10 160 M M 0 M M
8 92 62 77 M 0 12 0.00 M M 8.3 15 200 M M 0 21 210
9 85 57 71 M 0 6 0.00 M M 7.3 16 350 M M 1 24 10
10 64 49 57 M 8 0 0.58 M M 7.5 21 20 M M 7 3 31 20
11 78 46 62 M 3 0 0.00 M M 2.8 9 320 M M 0 16 320
12 85 47 66 M 0 1 0.00 M M 3.5 9 270 M M 0 16 270
13 91 52 72 M 0 7 0.00 M M 4.3 10 150 M M 0 18 150
14 92 62 77 M 0 12 0.00 M M 9.8 16 170 M M 0 23 170
15 91 65 78 M 0 13 T M M 13.1 20 170 M M 1 28 180
16 88 63 76 M 0 11 T M M 6.2 12 150 M M 3 18 160
17 91 65 78 M 0 13 0.18 M M 7.4 18 150 M M 3 3 29 160
18 93 62 78 M 0 13 0.00 M M 4.3 13 10 M M 1 16 10
19 99 64 82 M 0 17 0.00 M M 6.2 14 180 M M 1 1 21 170
20 101 72 87 M 0 22 T M M 10.1 18 220 M M 1 3 37 220
21 73 55 64 M 1 0 0.65 M M 7.7 18 40 M M 5 27 50
22 60 54 57 M 8 0 0.01 M M 4.0 8 90 M M 6 M M
23 70 53 62 M 3 0 0.16 M M 4.7 9 170 M M 6 M M
24 89 50 70 M 0 5 0.00 M M 3.4 10 10 M M 0 1 16 280
25 79 51 65 M 0 0 0.00 M M 6.8 20 340 M M 1 27 340
26 79 41 60 M 5 0 0.00 M M 1.3 7 310 M M 0 M M
27 83 45 64 M 1 0 0.00 M M 3.4 9 90 M M 0 8 20 70
28 76 44 60 M 5 0 0.00 M M 4.1 10 100 M M 1 8 18 130
29 79 42 61 M 4 0 0.00 M M 7.4 18 150 M M 0 24 150
30 82 55 69 M 0 4 0.00 M M 10.9 20 160 M M 0 25 160
================================================================================
SM 2541 1664 38 197 1.62 M 178.1 M 44
================================================================================
AV 84.7 55.5 5.9 FASTST M M 1 MAX(MPH)
MISC ----> 21 20 M M
================================================================================
NOTES:
# LAST OF SEVERAL OCCURRENCES
COLUMN 17 PEAK WIND IN M.P.H.
PRELIMINARY LOCAL CLIMATOLOGICAL DATA (WS FORM: F-6) , PAGE 2
STATION: HEBRON NE
MONTH: SEPTEMBER
YEAR: 2022
LATITUDE: 40 9 N
LONGITUDE: 97 35 W
[TEMPERATURE DATA] [PRECIPITATION DATA] SYMBOLS USED IN COLUMN 16
AVERAGE MONTHLY: 70.1 TOTAL FOR MONTH: 1.62 1 = FOG OR MIST
DPTR FM NORMAL: M DPTR FM NORMAL: M 2 = FOG REDUCING VISIBILITY
HIGHEST: 101 ON 20 GRTST 24HR 0.65 ON 21-21 TO 1/4 MILE OR LESS
LOWEST: 41 ON 26 3 = THUNDER
SNOW, ICE PELLETS, HAIL 4 = ICE PELLETS
TOTAL MONTH: M 5 = HAIL
GRTST 24HR M ON M 6 = FREEZING RAIN OR DRIZZLE
GRTST DEPTH: M ON M 7 = DUSTSTORM OR SANDSTORM:
VSBY 1/2 MILE OR LESS
8 = SMOKE OR HAZE
[NO. OF DAYS WITH] [WEATHER - DAYS WITH] 9 = BLOWING SNOW
X = TORNADO
MAX 32 OR BELOW: 0 0.01 INCH OR MORE: 6
MAX 90 OR ABOVE: 12 0.10 INCH OR MORE: 4
MIN 32 OR BELOW: 0 0.50 INCH OR MORE: 2
MIN 0 OR BELOW: 0 1.00 INCH OR MORE: 0
[HDD (BASE 65) ]
TOTAL THIS MO. 38 CLEAR (SCALE 0-3) 25
DPTR FM NORMAL M PTCLDY (SCALE 4-7) 5
TOTAL FM JUL 1 38 CLOUDY (SCALE 8-10) 0
DPTR FM NORMAL M
[CDD (BASE 65) ]
TOTAL THIS MO. 197
DPTR FM NORMAL M [PRESSURE DATA]
TOTAL FM JAN 1 1406 HIGHEST SLP M ON M
DPTR FM NORMAL M LOWEST SLP M ON M
[REMARKS]
#FINAL-09-22#