000
CXUS53 KGID 110422 CCA
CF6HJH
PRELIMINARY LOCAL CLIMATOLOGICAL DATA (WS FORM: F-6)
STATION: HEBRON NE
MONTH: FEBRUARY
YEAR: 2022
LATITUDE: 40 9 N
LONGITUDE: 97 35 W
TEMPERATURE IN F: :PCPN: SNOW: WIND :SUNSHINE: SKY :PK WND
================================================================================
1 2 3 4 5 6A 6B 7 8 9 10 11 12 13 14 15 16 17 18
12Z AVG MX 2MIN
DY MAX MIN AVG DEP HDD CDD WTR SNW DPTH SPD SPD DIR MIN PSBL S-S WX SPD DR
================================================================================
1 41 24 33 M 32 0 0.00 M M 12.6 20 20 M M 5 28 20
2 24 11 18 M 47 0 0.00 M M 16.7 23 40 M M 9 29 40
3 23 2 13 M 52 0 0.00 M M 6.1 13 40 M M 1 17 40
4 39 3 21 M 44 0 0.00 M M 7.0 16 330 M M 1 22 330
5 58 18 38 M 27 0 0.00 M M 11.0 22 210 M M 0 28 220
6 47 17 32 M 33 0 0.00 M M 7.5 20 350 M M 2 30 350
7 61 17 39 M 26 0 0.00 M M 7.2 16 300 M M 3 20 300
8 63 30 47 M 18 0 0.00 M M 10.3 21 330 M M 0 30 330
9 55 31 43 M 22 0 T M M 9.0 20 310 M M 4 28 330
10 58 22 40 M 25 0 0.00 M M 8.5 17 220 M M 3 27 220
11 53 17 35 M 30 0 0.00 M M 15.2 30 350 M M 4 38 330
12 42 6 24 M 41 0 0.00 M M 6.1 14 250 M M 4 21 250
13 38 18 28 M 37 0 0.00 M M 7.3 14 330 M M 0 22 300
14 49 23 36 M 29 0 0.00 M M 5.3 15 40 M M 0 20 40
15 66 23 45 M 20 0 0.00 M M 9.2 21 200 M M 0 30 200
16 44 28 36 M 29 0 0.00 M M 14.2 22 20 M M 3 33 20
17 32 17 25 M 40 0 0.00 M M 13.0 24 10 M M 3 33 10
18 60 22 41 M 24 0 0.00 M M 11.4 17 10 M M 2 27 10
19 44 20 32 M 33 0 0.00 M M 11.0 22 180 M M 2 28 180
20 67 35 51 M 14 0 0.00 M M 8.2 20 200 M M 0 27 200
21 46 10 28 M 37 0 M M M 11.7 24 350 M M 5 37 360
22 15 2 9 M 56 0 M M M 19.3 24 330 M M 8 8 33 350
23 19 -1 9 M 56 0 0.00 M M 12.6 20 360 M M 1 28 350
24 19 4 12 M 53 0 T M M 6.3 12 330 M M 5 16 330
25 31 -2 15 M 50 0 0.00 M M 2.5 9 190 M M 0 M M
26 46 10 28 M 37 0 0.00 M M 5.5 10 210 M M 0 M M
27 58 13 36 M 29 0 0.00 M M 5.7 14 260 M M 0 22 260
28 66 21 44 M 21 0 0.00 M M 3.0 7 230 M M 0 M M
================================================================================
SM 1264 441 962 0 M M 263.4 M 65
================================================================================
AV 45.1 15.8 9.4 FASTST M M 2 MAX(MPH)
MISC ----> 30 350 M M
================================================================================
NOTES:
# LAST OF SEVERAL OCCURRENCES
COLUMN 17 PEAK WIND IN M.P.H.
PRELIMINARY LOCAL CLIMATOLOGICAL DATA (WS FORM: F-6) , PAGE 2
STATION: HEBRON NE
MONTH: FEBRUARY
YEAR: 2022
LATITUDE: 40 9 N
LONGITUDE: 97 35 W
[TEMPERATURE DATA] [PRECIPITATION DATA] SYMBOLS USED IN COLUMN 16
AVERAGE MONTHLY: 30.4 TOTAL FOR MONTH: M 1 = FOG OR MIST
DPTR FM NORMAL: M DPTR FM NORMAL: M 2 = FOG REDUCING VISIBILITY
HIGHEST: 67 ON 20 GRTST 24HR M ON M TO 1/4 MILE OR LESS
LOWEST: -2 ON 25 3 = THUNDER
SNOW, ICE PELLETS, HAIL 4 = ICE PELLETS
TOTAL MONTH: M 5 = HAIL
GRTST 24HR M ON M 6 = FREEZING RAIN OR DRIZZLE
GRTST DEPTH: M ON M 7 = DUSTSTORM OR SANDSTORM:
VSBY 1/2 MILE OR LESS
8 = SMOKE OR HAZE
[NO. OF DAYS WITH] [WEATHER - DAYS WITH] 9 = BLOWING SNOW
X = TORNADO
MAX 32 OR BELOW: 7 0.01 INCH OR MORE: M
MAX 90 OR ABOVE: 0 0.10 INCH OR MORE: M
MIN 32 OR BELOW: 27 0.50 INCH OR MORE: M
MIN 0 OR BELOW: 2 1.00 INCH OR MORE: M
[HDD (BASE 65) ]
TOTAL THIS MO. 962 CLEAR (SCALE 0-3) 17
DPTR FM NORMAL M PTCLDY (SCALE 4-7) 10
TOTAL FM JUL 1 3807 CLOUDY (SCALE 8-10) 1
DPTR FM NORMAL M
[CDD (BASE 65) ]
TOTAL THIS MO. 0
DPTR FM NORMAL M [PRESSURE DATA]
TOTAL FM JAN 1 0 HIGHEST SLP M ON M
DPTR FM NORMAL M LOWEST SLP M ON M
[REMARKS]
#FINAL-02-22#