000
CXUS54 KJAN 011530
CF6HKS
PRELIMINARY LOCAL CLIMATOLOGICAL DATA (WS FORM: F-6)
STATION: JACKSON HAWKINS
MONTH: OCTOBER
YEAR: 2020
LATITUDE: 32 20 N
LONGITUDE: 90 14 W
TEMPERATURE IN F: :PCPN: SNOW: WIND :SUNSHINE: SKY :PK WND
================================================================================
1 2 3 4 5 6A 6B 7 8 9 10 11 12 13 14 15 16 17 18
12Z AVG MX 2MIN
DY MAX MIN AVG DEP HDD CDD WTR SNW DPTH SPD SPD DIR MIN PSBL S-S WX SPD DR
================================================================================
1 80 54 67 -4 0 2 0.00 0.0 0 3.1 14 10 M M 0 22 50
2 74 49 62 -9 3 0 0.00 0.0 0 3.7 12 70 M M 0 21 100
3 75 49 62 -8 3 0 0.00 0.0 0 2.3 10 100 M M 0 8 13 120
4 80 52 66 -4 0 1 0.00 0.0 0 3.4 13 310 M M 0 22 310
5 77 52 65 -5 0 0 0.00 0.0 0 3.1 8 30 M M 1 13 40
6 82 54 68 -1 0 3 0.00 0.0 0 2.0 9 20 M M 0 1 14 360
7 88 58 73 4 0 8 0.00 0.0 0 2.6 9 50 M M 1 1 15 50
8 80 69 75 6 0 10 0.55 0.0 0 4.2 10 70 M M 5 1 13 M
9 78 68 73 5 0 8 0.36 0.0 0 8.8 24 100 M M 4 1 40 100
10 76 68 72 4 0 7 0.82 0.0 0 18.1 36 160 M M 10 18 50 140
11 77 64 71 3 0 6 0.01 0.0 0 5.8 14 260 M M 8 128 19 280
12 87 63 75 8 0 10 0.00 0.0 0 6.2 16 290 M M 5 12 22 280
13 79 55 67 0 0 2 0.00 0.0 0 3.3 12 360 M M 0 17 360
14 82 50 66 -1 0 1 0.00 0.0 0 1.6 8 180 M M 0 8 11 180
15 83 56 70 4 0 5 0.00 0.0 0 4.8 13 350 M M 3 1 19 360
16 69 49 59 -7 6 0 0.03 0.0 0 5.8 15 20 M M 5 23 20
17 74 46 60 -6 5 0 0.00 0.0 0 6.0 15 130 M M 0 21 150
18 81 54 68 3 0 3 0.00 0.0 0 5.1 15 150 M M 2 25 170
19 83 62 73 8 0 8 0.00 0.0 0 3.6 15 160 M M 2 12 19 170
20 86 62 74 9 0 9 0.00 0.0 0 3.1 12 130 M M 0 18 17 70
21 87 64 76 12 0 11 0.00 0.0 0 3.7 10 70 M M 1 12 14 80
22 86 65 76 12 0 11 0.00 0.0 0 5.5 13 140 M M 1 18 160
23 88 64 76 12 0 11 0.31 0.0 0 3.3 23 140 M M 2 13 31 140
24 70 53 62 -2 3 0 0.06 0.0 0 6.5 16 300 M M 10 1 22 300
25 64 54 59 -4 6 0 T 0.0 0 3.1 10 90 M M 10 1 16 90
26 78 59 69 6 0 4 0.00 0.0 0 3.5 9 70 M M 6 16 30
27 82 59 71 8 0 6 0.23 0.0 0 4.6 9 50 M M 6 1 15 40
28 79 66 73 11 0 8 1.80 0.0 0 7.6 21 290 M M 8 1 30 300
29 66 48 57 -5 8 0 0.03 0.0 0 13.4 23 280 M M 7 1 34 270
30 62 46 54 -8 11 0 0.00 0.0 0 4.6 12 360 M M 5 20 360
31 69 42 56 -5 9 0 0.00 0.0 0 1.6 9 110 M M 0 1 12 120
================================================================================
SM 2422 1754 54 134 4.20 0.0 154.0 M 102
================================================================================
AV 78.1 56.6 5.0 FASTST M M 3 MAX(MPH)
MISC ----> # 36 160 # 50 140
================================================================================
NOTES:
# LAST OF SEVERAL OCCURRENCES
COLUMN 17 PEAK WIND IN M.P.H.
PRELIMINARY LOCAL CLIMATOLOGICAL DATA (WS FORM: F-6) , PAGE 2
STATION: JACKSON HAWKINS
MONTH: OCTOBER
YEAR: 2020
LATITUDE: 32 20 N
LONGITUDE: 90 14 W
[TEMPERATURE DATA] [PRECIPITATION DATA] SYMBOLS USED IN COLUMN 16
AVERAGE MONTHLY: 67.4 TOTAL FOR MONTH: 4.20 1 = FOG OR MIST
DPTR FM NORMAL: 1.2 DPTR FM NORMAL: 0.21 2 = FOG REDUCING VISIBILITY
HIGHEST: 88 ON 23, 7 GRTST 24HR 1.80 ON 28-28 TO 1/4 MILE OR LESS
LOWEST: 42 ON 31 3 = THUNDER
SNOW, ICE PELLETS, HAIL 4 = ICE PELLETS
TOTAL MONTH: 0.0 INCH 5 = HAIL
GRTST 24HR 0.0 6 = FREEZING RAIN OR DRIZZLE
GRTST DEPTH: 0 7 = DUSTSTORM OR SANDSTORM:
VSBY 1/2 MILE OR LESS
8 = SMOKE OR HAZE
[NO. OF DAYS WITH] [WEATHER - DAYS WITH] 9 = BLOWING SNOW
X = TORNADO
MAX 32 OR BELOW: 0 0.01 INCH OR MORE: 10
MAX 90 OR ABOVE: 0 0.10 INCH OR MORE: 6
MIN 32 OR BELOW: 0 0.50 INCH OR MORE: 3
MIN 0 OR BELOW: 0 1.00 INCH OR MORE: 1
[HDD (BASE 65) ]
TOTAL THIS MO. 54 CLEAR (SCALE 0-3) 18
DPTR FM NORMAL -28 PTCLDY (SCALE 4-7) 9
TOTAL FM JUL 1 54 CLOUDY (SCALE 8-10) 4
DPTR FM NORMAL -31
[CDD (BASE 65) ]
TOTAL THIS MO. 134
DPTR FM NORMAL 16 [PRESSURE DATA]
TOTAL FM JAN 1 2482 HIGHEST SLP M ON M
DPTR FM NORMAL 173 LOWEST SLP 29.40 ON 10
[REMARKS]
#FINAL-10-20#