000
CXUS52 KGSP 011557
CF6HKY
PRELIMINARY LOCAL CLIMATOLOGICAL DATA (WS FORM: F-6)
STATION: HICKORY NC
MONTH: OCTOBER
YEAR: 2021
LATITUDE: 35 45 N
LONGITUDE: 81 23 W
TEMPERATURE IN F: :PCPN: SNOW: WIND :SUNSHINE: SKY :PK WND
================================================================================
1 2 3 4 5 6A 6B 7 8 9 10 11 12 13 14 15 16 17 18
12Z AVG MX 2MIN
DY MAX MIN AVG DEP HDD CDD WTR SNW DPTH SPD SPD DIR MIN PSBL S-S WX SPD DR
================================================================================
1 80 57 69 4 0 4 0.00 M M 2.3 8 90 M M 3 12 12 90
2 83 57 70 5 0 5 0.00 M M 3.2 14 190 M M 3 1 19 220
3 82 63 73 9 0 8 0.02 M M 5.5 18 220 M M 6 1 25 220
4 78 65 72 8 0 7 0.08 M M 4.0 14 230 M M 6 1 20 230
5 80 65 73 9 0 8 T M M 2.4 8 50 M M 7 12 10 50
6 80 68 74 11 0 9 0.37 M M 5.1 14 80 M M 8 13 18 100
7 72 65 69 6 0 4 2.28 M M 6.3 20 10 M M 10 13 23 10
8 68 65 67 5 0 2 0.17 M M 5.0 9 60 M M 10 1 12 60
9 75 61 68 6 0 3 T M M 5.0 13 60 M M 8 1 19 50
10 80 59 70 8 0 5 0.00 M M 4.0 10 60 M M 3 14 100
11 75 59 67 6 0 2 0.00 M M 1.4 8 60 M M 6 1 10 60
12 81 64 73 12 0 8 0.00 M M 1.2 8 320 M M 6 11 300
13 81 61 71 10 0 6 0.00 M M 1.3 8 240 M M 4 12 12 230
14 85 61 73 13 0 8 0.00 M M 2.2 9 290 M M 0 12 300
15 84 60 72 12 0 7 0.00 M M 2.1 9 220 M M 1 12 13 190
16 78 53 66 6 0 1 0.00 M M 7.0 21 310 M M 1 1 31 320
17 66 44 55 -4 10 0 0.00 M M 5.1 15 320 M M 0 22 330
18 72 43 58 -1 7 0 0.00 M M 2.9 12 230 M M 0 14 270
19 72 42 57 -1 8 0 0.00 M M 2.2 12 230 M M 0 15 230
20 78 44 61 3 4 0 0.00 M M 3.5 9 290 M M 0 12 280
21 76 45 61 3 4 0 0.00 M M 6.1 20 210 M M 3 27 200
22 73 54 64 7 1 0 0.00 M M 2.1 9 220 M M 5 12 11 210
23 73 49 61 4 4 0 0.00 M M 2.4 8 190 M M 0 11 340
24 75 47 61 4 4 0 0.00 M M 1.9 12 230 M M 0 1 15 230
25 78 55 67 11 0 2 0.04 M M 4.2 18 300 M M 3 1 25 300
26 65 46 56 0 9 0 0.00 M M 10.2 23 310 M M 0 35 320
27 70 38 54 -2 11 0 0.00 M M 2.8 13 310 M M 0 17 320
28 60 45 53 -2 12 0 0.90 M M 3.2 12 90 M M 5 1 17 100
29 63 51 57 2 8 0 0.08 M M 8.5 17 220 M M 8 1 23 200
30 61 48 55 1 10 0 0.03 M M 4.6 10 190 M M 9 1 14 210
31 67 45 56 2 9 0 0.00 M M 4.3 13 250 M M 2 1 17 360
================================================================================
SM 2311 1679 101 89 3.97 M 122.0 M 117
================================================================================
AV 74.5 54.2 3.9 FASTST M M 4 MAX(MPH)
MISC ----> 23 310 35 320
================================================================================
NOTES:
# LAST OF SEVERAL OCCURRENCES
COLUMN 17 PEAK WIND IN M.P.H.
PRELIMINARY LOCAL CLIMATOLOGICAL DATA (WS FORM: F-6) , PAGE 2
STATION: HICKORY NC
MONTH: OCTOBER
YEAR: 2021
LATITUDE: 35 45 N
LONGITUDE: 81 23 W
[TEMPERATURE DATA] [PRECIPITATION DATA] SYMBOLS USED IN COLUMN 16
AVERAGE MONTHLY: 64.4 TOTAL FOR MONTH: 3.97 1 = FOG OR MIST
DPTR FM NORMAL: 4.8 DPTR FM NORMAL: 0.48 2 = FOG REDUCING VISIBILITY
HIGHEST: 85 ON 14 GRTST 24HR 2.47 ON 6- 7 TO 1/4 MILE OR LESS
LOWEST: 38 ON 27 3 = THUNDER
SNOW, ICE PELLETS, HAIL 4 = ICE PELLETS
TOTAL MONTH: M 5 = HAIL
GRTST 24HR M ON M 6 = FREEZING RAIN OR DRIZZLE
GRTST DEPTH: M ON M 7 = DUSTSTORM OR SANDSTORM:
VSBY 1/2 MILE OR LESS
8 = SMOKE OR HAZE
[NO. OF DAYS WITH] [WEATHER - DAYS WITH] 9 = BLOWING SNOW
X = TORNADO
MAX 32 OR BELOW: 0 0.01 INCH OR MORE: 9
MAX 90 OR ABOVE: 0 0.10 INCH OR MORE: 4
MIN 32 OR BELOW: 0 0.50 INCH OR MORE: 2
MIN 0 OR BELOW: 0 1.00 INCH OR MORE: 1
[HDD (BASE 65) ]
TOTAL THIS MO. 101 CLEAR (SCALE 0-3) 17
DPTR FM NORMAL -97 PTCLDY (SCALE 4-7) 10
TOTAL FM JUL 1 108 CLOUDY (SCALE 8-10) 4
DPTR FM NORMAL -113
[CDD (BASE 65) ]
TOTAL THIS MO. 89
DPTR FM NORMAL 60 [PRESSURE DATA]
TOTAL FM JAN 1 1571 HIGHEST SLP 30.24 ON 19
DPTR FM NORMAL 178 LOWEST SLP 29.41 ON 29
[REMARKS]
#FINAL-10-21#