168
CXUS52 KGSP 010817
CF6HKY
PRELIMINARY LOCAL CLIMATOLOGICAL DATA (WS FORM: F-6)
STATION: HICKORY NC
MONTH: MAY
YEAR: 2020
LATITUDE: 35 45 N
LONGITUDE: 81 23 W
TEMPERATURE IN F: :PCPN: SNOW: WIND :SUNSHINE: SKY :PK WND
================================================================================
1 2 3 4 5 6A 6B 7 8 9 10 11 12 13 14 15 16 17 18
12Z AVG MX 2MIN
DY MAX MIN AVG DEP HDD CDD WTR SNW DPTH SPD SPD DIR MIN PSBL S-S WX SPD DR
================================================================================
1 67 45 56 -6 9 0 0.00 M M 6.7 18 330 M M 3 30 290
2 74 43 59 -4 6 0 0.00 M M 4.0 13 200 M M 0 18 180
3 83 51 67 4 0 2 0.00 M M 5.9 18 200 M M 0 25 180
4 81 60 71 8 0 6 0.00 M M 5.2 15 270 M M 1 21 340
5 64 57 61 -2 4 0 0.00 M M 5.3 17 20 M M 9 24 20
6 67 43 55 -9 10 0 0.01 M M 8.0 23 260 M M 3 37 260
7 66 37 52 -12 13 0 0.00 M M 3.8 13 280 M M 0 19 270
8 59 42 51 -13 14 0 0.05 M M 6.2 18 210 M M 6 28 210
9 61 37 49 -15 16 0 0.00 M M 7.0 17 330 M M 0 26 330
10 67 36 52 -13 13 0 0.00 M M 4.5 16 200 M M 1 23 230
11 61 43 52 -13 13 0 0.00 M M 8.8 20 320 M M 1 29 310
12 65 39 52 -13 13 0 0.00 M M 3.9 14 230 M M 2 18 200
13 65 48 57 -8 8 0 0.06 M M 1.8 9 60 M M 8 12 60
14 77 51 64 -2 1 0 0.00 M M 5.6 17 210 M M 4 26 180
15 79 57 68 2 0 3 0.00 M M 6.5 17 210 M M 0 24 190
16 84 54 69 3 0 4 0.00 M M 1.4 8 110 M M 1 13 160
17 82 57 70 4 0 5 0.00 M M 2.4 12 70 M M 2 1 17 70
18 74 62 68 1 0 3 0.04 M M 4.4 12 90 M M 8 1 17 70
19 65 51 58 -9 7 0 2.60 M M 12.3 24 50 M M 9 1 31 60
20 53 48 51 -16 14 0 1.51 M M 9.1 17 50 M M 10 1 25 10
21 60 52 56 -12 9 0 1.07 M M 9.1 14 60 M M 9 1 22 50
22 74 52 63 -5 2 0 0.07 M M 3.3 13 220 M M 7 12 19 220
23 86 61 74 6 0 9 0.00 M M 3.3 10 200 M M 5 123 15 190
24 86 62 74 6 0 9 0.00 M M 4.1 16 320 M M 2 13 22 330
25 74 62 68 -1 0 3 0.00 M M 4.9 9 50 M M 9 12 100
26 73 66 70 1 0 5 0.00 M M 4.8 9 70 M M 9 13 90
27 70 63 67 -2 0 2 1.05 M M 7.2 13 360 M M 10 1 19 340
28 81 61 71 1 0 6 0.16 M M 2.9 10 200 M M 5 138 17 150
29 81 64 73 3 0 8 0.32 M M 3.5 16 290 M M 6 123 26 320
30 84 62 73 3 0 8 0.00 M M 3.3 10 360 M M 5 12 13 360
31 79 58 69 -1 0 4 0.00 M M 3.3 13 60 M M 5 16 50
================================================================================
SM 2242 1624 152 77 6.94 M 162.5 M 140
================================================================================
AV 72.3 52.4 5.2 FASTST M M 5 MAX(MPH)
MISC ----> 24 50 37 260
================================================================================
NOTES:
# LAST OF SEVERAL OCCURRENCES
COLUMN 17 PEAK WIND IN M.P.H.
PRELIMINARY LOCAL CLIMATOLOGICAL DATA (WS FORM: F-6) , PAGE 2
STATION: HICKORY NC
MONTH: MAY
YEAR: 2020
LATITUDE: 35 45 N
LONGITUDE: 81 23 W
[TEMPERATURE DATA] [PRECIPITATION DATA] SYMBOLS USED IN COLUMN 16
AVERAGE MONTHLY: 62.4 TOTAL FOR MONTH: 6.94 1 = FOG OR MIST
DPTR FM NORMAL: -3.9 DPTR FM NORMAL: 3.26 2 = FOG REDUCING VISIBILITY
HIGHEST: 86 ON 24,23 GRTST 24HR 2.62 ON 19-20 TO 1/4 MILE OR LESS
LOWEST: 36 ON 10 3 = THUNDER
SNOW, ICE PELLETS, HAIL 4 = ICE PELLETS
TOTAL MONTH: M 5 = HAIL
GRTST 24HR M ON M 6 = FREEZING RAIN OR DRIZZLE
GRTST DEPTH: M ON M 7 = DUSTSTORM OR SANDSTORM:
VSBY 1/2 MILE OR LESS
8 = SMOKE OR HAZE
[NO. OF DAYS WITH] [WEATHER - DAYS WITH] 9 = BLOWING SNOW
X = TORNADO
MAX 32 OR BELOW: 0 0.01 INCH OR MORE: 11
MAX 90 OR ABOVE: 0 0.10 INCH OR MORE: 6
MIN 32 OR BELOW: 0 0.50 INCH OR MORE: 4
MIN 0 OR BELOW: 0 1.00 INCH OR MORE: 4
[HDD (BASE 65) ]
TOTAL THIS MO. 152 CLEAR (SCALE 0-3) 13
DPTR FM NORMAL 87 PTCLDY (SCALE 4-7) 11
TOTAL FM JUL 1 3147 CLOUDY (SCALE 8-10) 7
DPTR FM NORMAL -468
[CDD (BASE 65) ]
TOTAL THIS MO. 77
DPTR FM NORMAL -28 [PRESSURE DATA]
TOTAL FM JAN 1 110 HIGHEST SLP 30.34 ON 13
DPTR FM NORMAL -24 LOWEST SLP 29.69 ON 3
[REMARKS]
#FINAL-05-20#