000
CXHW50 PHFO 011250
CF6HNL
PRELIMINARY LOCAL CLIMATOLOGICAL DATA (WS FORM: F-6)
STATION: HONOLULU HI
MONTH: MAY
YEAR: 2022
LATITUDE: 21 21 N
LONGITUDE: 157 56 W
TEMPERATURE IN F: :PCPN: SNOW: WIND :SUNSHINE: SKY :PK WND
================================================================================
1 2 3 4 5 6A 6B 7 8 9 10 11 12 13 14 15 16 17 18
12Z AVG MX 2MIN
DY MAX MIN AVG DEP HDD CDD WTR SNW DPTH SPD SPD DIR MIN PSBL S-S WX SPD DR
================================================================================
1 84 72 78 1 0 13 T M M 16.6 29 80 M M 6 39 60
2 83 72 78 1 0 13 0.04 M M 15.0 24 60 M M 7 33 70
3 84 71 78 1 0 13 0.04 M M 12.6 24 70 M M 6 1 30 70
4 84 71 78 1 0 13 0.11 M M 13.9 26 60 M M 5 32 60
5 84 72 78 0 0 13 T M M 14.3 25 50 M M 6 34 70
6 83 74 79 1 0 14 T M M 16.1 26 60 M M 8 33 70
7 84 74 79 1 0 14 T M M 16.1 28 60 M M 6 37 60
8 86 74 80 2 0 15 0.00 M M 13.3 22 60 M M 7 28 60
9 85 73 79 1 0 14 T M M 13.0 21 70 M M 6 28 20
10 85 72 79 1 0 14 T M M 13.6 24 70 M M 4 29 60
11 86 73 80 2 0 15 0.00 M M 13.6 23 60 M M 5 30 40
12 86 73 80 2 0 15 0.00 M M 14.2 24 60 M M 4 32 70
13 86 72 79 1 0 14 T M M 11.2 23 70 M M 4 28 80
14 86 71 79 1 0 14 0.01 M M 11.8 21 50 M M 3 27 50
15 83 72 78 0 0 13 T M M 8.7 17 100 M M 6 22 100
16 80 70 75 -3 0 10 T M M 5.1 12 360 M M 7 17 10
17 83 67 75 -3 0 10 T M M 7.7 16 150 M M 4 19 150
18 79 70 75 -3 0 10 0.18 M M 10.0 16 170 M M 8 1 23 190
19 82 75 79 1 0 14 0.00 M M 6.7 13 180 M M 8 17 180
20 81 73 77 -1 0 12 0.98 M M 4.9 10 330 M M 8 1 15 180
21 89 74 82 4 0 17 0.00 M M 9.9 20 60 M M 6 25 70
22 86 75 81 3 0 16 0.00 M M 12.1 20 60 M M 6 27 40
23 86 73 80 1 0 15 0.00 M M 9.9 20 80 M M 4 29 70
24 86 71 79 0 0 14 0.00 M M 9.2 17 30 M M 4 24 20
25 85 70 78 -1 0 13 0.00 M M 10.4 22 60 M M 3 29 60
26 85 72 79 0 0 14 0.00 M M 10.4 18 60 M M 3 25 50
27 85 73 79 0 0 14 0.00 M M 9.6 23 80 M M 5 27 70
28 85 73 79 0 0 14 0.00 M M 10.6 22 60 M M 7 26 70
29 81 72 77 -2 0 12 0.04 M M 5.6 17 90 M M 7 18 20 80
30 86 69 78 -1 0 13 0.00 M M 9.2 21 40 M M 3 25 30
31 86 72 79 0 0 14 T M M 10.9 20 70 M M 4 25 50
================================================================================
SM 2614 2235 0 419 1.40 M 346.2 M 170
================================================================================
AV 84.3 72.1 11.2 FASTST M M 5 MAX(MPH)
MISC ----> 29 80 39 60
================================================================================
NOTES:
# LAST OF SEVERAL OCCURRENCES
COLUMN 17 PEAK WIND IN M.P.H.
PRELIMINARY LOCAL CLIMATOLOGICAL DATA (WS FORM: F-6) , PAGE 2
STATION: HONOLULU HI
MONTH: MAY
YEAR: 2022
LATITUDE: 21 21 N
LONGITUDE: 157 56 W
[TEMPERATURE DATA] [PRECIPITATION DATA] SYMBOLS USED IN COLUMN 16
AVERAGE MONTHLY: 78.2 TOTAL FOR MONTH: 1.40 1 = FOG OR MIST
DPTR FM NORMAL: 0.0 DPTR FM NORMAL: 0.58 2 = FOG REDUCING VISIBILITY
HIGHEST: 89 ON 21 GRTST 24HR 0.98 ON 20-20 TO 1/4 MILE OR LESS
LOWEST: 67 ON 17 3 = THUNDER
SNOW, ICE PELLETS, HAIL 4 = ICE PELLETS
TOTAL MONTH: M 5 = HAIL
GRTST 24HR M ON M 6 = FREEZING RAIN OR DRIZZLE
GRTST DEPTH: M ON M 7 = DUSTSTORM OR SANDSTORM:
VSBY 1/2 MILE OR LESS
8 = SMOKE OR HAZE
[NO. OF DAYS WITH] [WEATHER - DAYS WITH] 9 = BLOWING SNOW
X = TORNADO
MAX 32 OR BELOW: 0 0.01 INCH OR MORE: 7
MAX 90 OR ABOVE: 0 0.10 INCH OR MORE: 3
MIN 32 OR BELOW: 0 0.50 INCH OR MORE: 1
MIN 0 OR BELOW: 0 1.00 INCH OR MORE: 0
[HDD (BASE 65) ]
TOTAL THIS MO. 0 CLEAR (SCALE 0-3) 1
DPTR FM NORMAL 0 PTCLDY (SCALE 4-7) 30
TOTAL FM JUL 1 0 CLOUDY (SCALE 8-10) 0
DPTR FM NORMAL 0
[CDD (BASE 65) ]
TOTAL THIS MO. 419
DPTR FM NORMAL 11 [PRESSURE DATA]
TOTAL FM JAN 1 1719 HIGHEST SLP 30.18 ON 7
DPTR FM NORMAL 150 LOWEST SLP 29.93 ON 26
[REMARKS]
#FINAL-05-22#