000
CXUS54 KMAF 011110
CF6HOB
PRELIMINARY LOCAL CLIMATOLOGICAL DATA (WS FORM: F-6)
STATION: LEA AIRPORT, HOBBS
MONTH: SEPTEMBER
YEAR: 2023
LATITUDE: 32 40 N
LONGITUDE: 103-12 E
TEMPERATURE IN F: :PCPN: SNOW: WIND :SUNSHINE: SKY :PK WND
================================================================================
1 2 3 4 5 6A 6B 7 8 9 10 11 12 13 14 15 16 17 18
12Z AVG MX 2MIN
DY MAX MIN AVG DEP HDD CDD WTR SNW DPTH SPD SPD DIR MIN PSBL S-S WX SPD DR
================================================================================
1 93 64 79 M 0 14 0.00 M M 6.9 13 190 M M 0 18 170
2 95 63 79 M 0 14 0.00 M M 5.8 9 210 M M 0 17 190
3 95 63 79 M 0 14 0.00 M M 9.0 15 170 M M 0 24 180
4 99 70 85 M 0 20 0.00 M M 10.3 16 160 M M 2 23 160
5 99 70 85 M 0 20 0.00 M M 8.5 15 170 M M 0 18 170
6 99 68 84 M 0 19 0.00 M M 7.5 12 90 M M 0 23 90
7 99 68 84 M 0 19 0.00 M M 8.5 15 180 M M 1 18 170
8 102 68 85 M 0 20 0.00 M M 7.4 15 360 M M 0 25 360
9 99 70 85 M 0 20 0.00 M M 9.2 29 340 M M 1 8 37 120
10 93 66 80 M 0 15 0.04 M M 9.4 23 320 M M 5 3 44 150
11 93 64 79 M 0 14 0.08 M M 11.0 31 10 M M 6 38 10
12 66 61 64 M 1 0 0.01 M M 9.4 17 20 M M 10 26 20
13 73 63 68 M 0 3 0.00 M M 9.1 17 150 M M 8 1 20 160
14 82 66 74 M 0 9 0.00 M M 7.0 13 110 M M 5 18 17 110
15 82 61 72 M 0 7 0.00 M M 6.9 12 100 M M 3 1 M M
16 79 59 69 M 0 4 0.00 M M 7.4 18 350 M M 6 35 350
17 82 63 73 M 0 8 0.00 M M 3.8 9 110 M M 6 M M
18 88 63 76 M 0 11 0.00 M M 8.3 14 170 M M 3 18 170
19 93 63 78 M 0 13 0.00 M M 9.3 15 240 M M 1 23 240
20 93 57 75 M 0 10 0.00 M M 6.0 9 90 M M 0 17 280
21 84 66 75 M 0 10 0.00 M M 8.5 16 340 M M 4 23 340
22 95 66 81 M 0 16 0.00 M M 7.2 14 230 M M 0 18 250
23 97 63 80 M 0 15 0.00 M M 8.4 14 250 M M 0 23 240
24 93 61 77 M 0 12 0.00 M M 8.2 16 330 M M 0 20 300
25 86 66 76 M 0 11 0.00 M M 9.6 16 50 M M 4 20 50
26 86 64 75 M 0 10 0.00 M M 6.7 13 140 M M 4 23 140
27 91 61 76 M 0 11 0.00 M M 7.1 16 140 M M 0 22 140
28 93 61 77 M 0 12 0.00 M M 9.0 15 160 M M 0 22 160
29 93 63 78 M 0 13 0.09 M M 11.7 32 290 M M 3 3 40 290
30 84 66 75 M 0 10 0.00 M M 11.8 20 130 M M 3 23 170
================================================================================
SM 2706 1927 1 374 0.22 M 248.8 M 75
================================================================================
AV 90.2 64.2 8.3 FASTST M M 3 MAX(MPH)
MISC ----> 32 290 44 150
================================================================================
NOTES:
# LAST OF SEVERAL OCCURRENCES
COLUMN 17 PEAK WIND IN M.P.H.
PRELIMINARY LOCAL CLIMATOLOGICAL DATA (WS FORM: F-6) , PAGE 2
STATION: LEA AIRPORT, HOBBS
MONTH: SEPTEMBER
YEAR: 2023
LATITUDE: 32 40 N
LONGITUDE: 103-12 E
[TEMPERATURE DATA] [PRECIPITATION DATA] SYMBOLS USED IN COLUMN 16
AVERAGE MONTHLY: 77.2 TOTAL FOR MONTH: 0.22 1 = FOG OR MIST
DPTR FM NORMAL: 0.0 DPTR FM NORMAL: -2.42 2 = FOG REDUCING VISIBILITY
HIGHEST: 102 ON 8 GRTST 24HR 0.09 ON 29-29 TO 1/4 MILE OR LESS
LOWEST: 57 ON 20 3 = THUNDER
SNOW, ICE PELLETS, HAIL 4 = ICE PELLETS
TOTAL MONTH: M 5 = HAIL
GRTST 24HR M ON M 6 = FREEZING RAIN OR DRIZZLE
GRTST DEPTH: M ON M 7 = DUSTSTORM OR SANDSTORM:
VSBY 1/2 MILE OR LESS
8 = SMOKE OR HAZE
[NO. OF DAYS WITH] [WEATHER - DAYS WITH] 9 = BLOWING SNOW
X = TORNADO
MAX 32 OR BELOW: 0 0.01 INCH OR MORE: 4
MAX 90 OR ABOVE: 19 0.10 INCH OR MORE: 0
MIN 32 OR BELOW: 0 0.50 INCH OR MORE: 0
MIN 0 OR BELOW: 0 1.00 INCH OR MORE: 0
[HDD (BASE 65) ]
TOTAL THIS MO. 1 CLEAR (SCALE 0-3) 19
DPTR FM NORMAL M PTCLDY (SCALE 4-7) 9
TOTAL FM JUL 1 1 CLOUDY (SCALE 8-10) 2
DPTR FM NORMAL M
[CDD (BASE 65) ]
TOTAL THIS MO. 374
DPTR FM NORMAL M [PRESSURE DATA]
TOTAL FM JAN 1 2795 HIGHEST SLP M ON M
DPTR FM NORMAL M LOWEST SLP M ON M
[REMARKS]
#FINAL-09-23#