000
CXUS54 KLZK 011230
CF6HOT
PRELIMINARY LOCAL CLIMATOLOGICAL DATA (WS FORM: F-6)
STATION: HOT SPRINGS MEMORIAL FIELD
MONTH: MARCH
YEAR: 2023
LATITUDE: 34 28 N
LONGITUDE: 93 6 W
TEMPERATURE IN F: :PCPN: SNOW: WIND :SUNSHINE: SKY :PK WND
================================================================================
1 2 3 4 5 6A 6B 7 8 9 10 11 12 13 14 15 16 17 18
12Z AVG MX 2MIN
DY MAX MIN AVG DEP HDD CDD WTR SNW DPTH SPD SPD DIR MIN PSBL S-S WX SPD DR
================================================================================
1 74 54 64 14 1 0 0.27 M M 3.3 21 270 M M 6 138 30 260
2 67 57 62 12 3 0 0.55 M M 7.8 18 230 M M 10 13 26 230
3 65 48 57 6 8 0 0.16 M M 7.0 17 270 M M 9 13 27 270
4 67 39 53 2 12 0 0.00 M M 2.3 8 100 M M 2 13 200
5 75 43 59 8 6 0 0.00 M M 5.3 14 190 M M 0 19 180
6 81 56 69 17 0 4 0.00 M M 4.0 15 230 M M 0 21 230
7 73 51 62 10 3 0 0.00 M M 9.1 17 70 M M 2 1 26 70
8 55 48 52 0 13 0 0.29 M M 6.6 14 70 M M 10 13 18 70
9 59 50 55 3 10 0 0.95 M M 2.6 10 110 M M 10 13 14 350
10 64 43 54 1 11 0 0.00 M M 4.7 9 100 M M 1 17 360
11 53 44 49 -4 16 0 0.18 M M 5.9 14 100 M M 8 138 17 110
12 62 49 56 3 9 0 0.00 M M 5.3 15 340 M M 8 1 20 340
13 58 41 50 -4 15 0 0.00 M M 6.0 14 50 M M 2 20 290
14 55 33 44 -10 21 0 0.00 M M 5.7 13 70 M M 0 15 70
15 60 32 46 -8 19 0 0.00 M M 4.8 13 180 M M 0 18 17 190
16 64 45 55 1 10 0 1.52 M M 6.8 18 310 M M 9 13 31 310
17 54 39 47 -8 18 0 0.00 M M 7.9 20 320 M M 3 30 330
18 51 32 42 -13 23 0 0.00 M M 6.7 18 290 M M 0 30 350
19 49 27 38 -17 27 0 0.00 M M 4.0 12 350 M M 0 22 270
20 57 25 41 -15 24 0 T M M 6.5 10 160 M M 2 8 18 160
21 58 42 50 -6 15 0 0.13 M M 5.8 15 160 M M 10 18 21 160
22 77 56 67 11 0 2 T M M 9.1 17 190 M M 8 1 25 200
23 82 67 75 18 0 10 0.00 M M 10.3 18 230 M M 6 27 230
24 72 50 61 4 4 0 0.87 M M 6.9 17 90 M M 8 123 27 190
25 75 46 61 4 4 0 0.00 M M 4.2 20 230 M M 1 128 25 240
26 80 41 61 3 4 0 0.00 M M 3.3 10 140 M M 0 14 170
27 70 46 58 0 7 0 0.00 M M 7.3 15 70 M M 1 20 70
28 66 45 56 -2 9 0 0.00 M M 5.7 15 320 M M 2 23 290
29 68 38 53 -5 12 0 0.00 M M 4.0 10 130 M M 2 14 160
30 74 51 63 4 2 0 0.00 M M 7.4 20 200 M M 7 28 170
31 79 52 66 7 0 1 0.43 M M 9.0 30 220 M M 7 13 43 190
================================================================================
SM 2044 1390 306 17 5.35 M 185.3 M 134
================================================================================
AV 65.9 44.8 6.0 FASTST M M 4 MAX(MPH)
MISC ----> 30 220 43 190
================================================================================
NOTES:
# LAST OF SEVERAL OCCURRENCES
COLUMN 17 PEAK WIND IN M.P.H.
PRELIMINARY LOCAL CLIMATOLOGICAL DATA (WS FORM: F-6) , PAGE 2
STATION: HOT SPRINGS MEMORIAL FIELD
MONTH: MARCH
YEAR: 2023
LATITUDE: 34 28 N
LONGITUDE: 93 6 W
[TEMPERATURE DATA] [PRECIPITATION DATA] SYMBOLS USED IN COLUMN 16
AVERAGE MONTHLY: 55.4 TOTAL FOR MONTH: 5.35 1 = FOG OR MIST
DPTR FM NORMAL: 0.9 DPTR FM NORMAL: 0.45 2 = FOG REDUCING VISIBILITY
HIGHEST: 82 ON 23 GRTST 24HR 1.52 ON 16-16 TO 1/4 MILE OR LESS
LOWEST: 25 ON 20 3 = THUNDER
SNOW, ICE PELLETS, HAIL 4 = ICE PELLETS
TOTAL MONTH: M 5 = HAIL
GRTST 24HR M ON M 6 = FREEZING RAIN OR DRIZZLE
GRTST DEPTH: M ON M 7 = DUSTSTORM OR SANDSTORM:
VSBY 1/2 MILE OR LESS
8 = SMOKE OR HAZE
[NO. OF DAYS WITH] [WEATHER - DAYS WITH] 9 = BLOWING SNOW
X = TORNADO
MAX 32 OR BELOW: 0 0.01 INCH OR MORE: 10
MAX 90 OR ABOVE: 0 0.10 INCH OR MORE: 10
MIN 32 OR BELOW: 4 0.50 INCH OR MORE: 4
MIN 0 OR BELOW: 0 1.00 INCH OR MORE: 1
[HDD (BASE 65) ]
TOTAL THIS MO. 306 CLEAR (SCALE 0-3) 17
DPTR FM NORMAL -36 PTCLDY (SCALE 4-7) 7
TOTAL FM JUL 1 2377 CLOUDY (SCALE 8-10) 7
DPTR FM NORMAL -328
[CDD (BASE 65) ]
TOTAL THIS MO. 17
DPTR FM NORMAL 0 [PRESSURE DATA]
TOTAL FM JAN 1 20 HIGHEST SLP 30.56 ON 19
DPTR FM NORMAL 0 LOWEST SLP 29.17 ON 3
[REMARKS]
#FINAL-03-23#