000
CXUS54 KHGX 011410
CF6HOU
PRELIMINARY LOCAL CLIMATOLOGICAL DATA (WS FORM: F-6)
STATION: HOUSTON/HOBBY AIRPORT
MONTH: AUGUST
YEAR: 2022
LATITUDE: 29 38 N
LONGITUDE: 95 17 W
TEMPERATURE IN F: :PCPN: SNOW: WIND :SUNSHINE: SKY :PK WND
================================================================================
1 2 3 4 5 6A 6B 7 8 9 10 11 12 13 14 15 16 17 18
12Z AVG MX 2MIN
DY MAX MIN AVG DEP HDD CDD WTR SNW DPTH SPD SPD DIR MIN PSBL S-S WX SPD DR
================================================================================
1 94 79 87 1 0 22 0.09 0.0 0 8.9 17 210 M M 5 3 22 200
2 100 79 90 4 0 25 0.00 0.0 0 9.7 21 180 M M 4 27 170
3 100 79 90 4 0 25 0.00 0.0 0 11.5 25 210 M M 4 3 32 180
4 100 79 90 4 0 25 0.00 0.0 0 8.4 17 180 M M 5 23 190
5 91 76 84 -2 0 19 0.29 0.0 0 5.1 25 180 M M 8 138 34 180
6 90 77 84 -2 0 19 0.41 0.0 0 5.6 21 180 M M 7 13 29 190
7 95 77 86 0 0 21 0.00 0.0 0 8.0 18 130 M M 5 26 140
8 95 78 87 1 0 22 0.00 0.0 0 6.2 20 160 M M 4 30 140
9 97 79 88 2 0 23 0.00 0.0 0 6.7 18 170 M M 4 28 120
10 98 74 86 0 0 21 0.11 0.0 0 5.3 32 50 M M 6 3 45 30
11 96 76 86 0 0 21 T 0.0 0 6.6 16 110 M M 8 19 120
12 95 76 86 0 0 21 0.65 0.0 0 7.2 22 100 M M 7 13 29 110
13 93 80 87 1 0 22 0.02 0.0 0 10.8 25 110 M M 7 13 35 100
14 93 79 86 1 0 21 0.06 0.0 0 7.7 26 160 M M 7 1 32 150
15 95 79 87 2 0 22 0.00 0.0 0 7.6 17 120 M M 6 28 140
16 97 77 87 2 0 22 0.00 0.0 0 6.8 18 160 M M 5 17 110
17 100 78 89 4 0 24 0.00 0.0 0 7.5 20 170 M M 6 28 170
18 98 73 86 1 0 21 0.43 0.0 0 6.2 21 310 M M 7 13 27 300
19 80 74 77 -8 0 12 0.58 0.0 0 5.1 14 200 M M 7 13 17 280
20 91 76 84 -1 0 19 1.29 0.0 0 5.4 29 220 M M 6 13 40 200
21 92 77 85 0 0 20 0.01 0.0 0 8.8 25 230 M M 6 3 32 230
22 94 79 87 2 0 22 T 0.0 0 10.7 21 170 M M 8 30 180
23 92 80 86 1 0 21 0.01 0.0 0 8.4 17 190 M M 8 22 190
24 87 78 83 -2 0 18 0.16 0.0 0 5.6 14 230 M M 9 13 21 290
25 95 77 86 1 0 21 0.00 0.0 0 5.8 16 160 M M 7 20 160
26 92 78 85 1 0 20 0.06 0.0 0 5.7 17 170 M M 6 24 170
27 89 78 84 0 0 19 0.01 0.0 0 7.1 18 160 M M 5 3 23 150
28 93 78 86 2 0 21 0.01 0.0 0 8.3 28 140 M M 4 34 140
29 90 76 83 -1 0 18 0.31 0.0 0 6.1 21 140 M M 8 13 28 130
30 89 77 83 -1 0 18 0.02 0.0 0 7.3 15 50 M M 9 3 19 300
31 94 78 86 2 0 21 0.00 0.0 0 5.3 13 130 M M 8 18 110
================================================================================
SM 2905 2401 0 646 4.52 0.0 225.4 M 196
================================================================================
AV 93.7 77.5 7.3 FASTST M M 6 MAX(MPH)
MISC ----> 32 50 45 30
================================================================================
NOTES:
# LAST OF SEVERAL OCCURRENCES
COLUMN 17 PEAK WIND IN M.P.H.
PRELIMINARY LOCAL CLIMATOLOGICAL DATA (WS FORM: F-6) , PAGE 2
STATION: HOUSTON/HOBBY AIRPORT
MONTH: AUGUST
YEAR: 2022
LATITUDE: 29 38 N
LONGITUDE: 95 17 W
[TEMPERATURE DATA] [PRECIPITATION DATA] SYMBOLS USED IN COLUMN 16
AVERAGE MONTHLY: 85.6 TOTAL FOR MONTH: 4.52 1 = FOG OR MIST
DPTR FM NORMAL: 0.5 DPTR FM NORMAL: -0.92 2 = FOG REDUCING VISIBILITY
HIGHEST: 100 ON 17, 4 GRTST 24HR 1.30 ON 19-20 TO 1/4 MILE OR LESS
LOWEST: 73 ON 18 3 = THUNDER
SNOW, ICE PELLETS, HAIL 4 = ICE PELLETS
TOTAL MONTH: 0.0 INCH 5 = HAIL
GRTST 24HR 0.0 6 = FREEZING RAIN OR DRIZZLE
GRTST DEPTH: 0 7 = DUSTSTORM OR SANDSTORM:
VSBY 1/2 MILE OR LESS
8 = SMOKE OR HAZE
[NO. OF DAYS WITH] [WEATHER - DAYS WITH] 9 = BLOWING SNOW
X = TORNADO
MAX 32 OR BELOW: 0 0.01 INCH OR MORE: 18
MAX 90 OR ABOVE: 27 0.10 INCH OR MORE: 9
MIN 32 OR BELOW: 0 0.50 INCH OR MORE: 3
MIN 0 OR BELOW: 0 1.00 INCH OR MORE: 1
[HDD (BASE 65) ]
TOTAL THIS MO. 0 CLEAR (SCALE 0-3) 0
DPTR FM NORMAL 0 PTCLDY (SCALE 4-7) 27
TOTAL FM JUL 1 0 CLOUDY (SCALE 8-10) 4
DPTR FM NORMAL 0
[CDD (BASE 65) ]
TOTAL THIS MO. 646
DPTR FM NORMAL 23 [PRESSURE DATA]
TOTAL FM JAN 1 2936 HIGHEST SLP 30.13 ON 7
DPTR FM NORMAL 441 LOWEST SLP 29.80 ON 23
[REMARKS]
#FINAL-08-22#