000
CXUS55 KSEW 011030
CF6HQM
PRELIMINARY LOCAL CLIMATOLOGICAL DATA (WS FORM: F-6)
STATION: HOQUIAM WA AIRPORT
MONTH: FEBRUARY
YEAR: 2022
LATITUDE: 46 58 N
LONGITUDE: 123 56 W
TEMPERATURE IN F: :PCPN: SNOW: WIND :SUNSHINE: SKY :PK WND
================================================================================
1 2 3 4 5 6A 6B 7 8 9 10 11 12 13 14 15 16 17 18
12Z AVG MX 2MIN
DY MAX MIN AVG DEP HDD CDD WTR SNW DPTH SPD SPD DIR MIN PSBL S-S WX SPD DR
================================================================================
1 45 35 40 -3 25 0 0.07 M M 5.5 17 290 M M 8 1 23 280
2 47 34 41 -2 24 0 0.14 M M 7.5 17 220 M M 8 1 22 210
3 50 44 47 4 18 0 0.04 M M 6.4 12 240 M M 9 1 15 280
4 50 43 47 4 18 0 0.08 M M 9.6 25 230 M M 10 1 33 220
5 50 42 46 3 19 0 0.00 M M 6.6 16 100 M M 5 21 80
6 56 40 48 5 17 0 0.00 M M 9.9 18 100 M M 1 27 80
7 52 40 46 3 19 0 0.08 M M 8.1 22 240 M M 8 1 30 240
8 48 42 45 2 20 0 0.01 M M 1.8 6 330 M M 10 1 8 250
9 54 44 49 6 16 0 0.07 M M 1.9 9 110 M M 9 1 11 110
10 53 45 49 6 16 0 0.00 M M 5.0 15 70 M M 10 1 22 60
11 59 45 52 9 13 0 0.00 M M 12.6 23 70 M M 2 31 70
12 63 41 52 9 13 0 0.00 M M 11.4 20 100 M M 0 25 100
13 59 36 48 5 17 0 0.00 M M 10.2 18 210 M M 2 23 180
14 50 39 45 1 20 0 0.20 M M 10.2 23 250 M M 8 18 31 250
15 50 37 44 0 21 0 0.00 M M 6.7 14 290 M M 6 1 19 310
16 52 39 46 2 19 0 0.02 M M 5.0 14 300 M M 6 1 22 320
17 49 40 45 1 20 0 0.02 M M 6.4 14 250 M M 10 1 16 240
18 49 43 46 2 19 0 0.00 M M 2.8 9 260 M M 10 1 11 280
19 49 43 46 2 19 0 0.30 M M 11.9 23 250 M M 10 1 28 250
20 50 39 45 1 20 0 0.19 M M 10.4 24 290 M M 7 1 36 290
21 49 36 43 -1 22 0 0.23 M M 6.4 14 350 M M 7 1 22 70
22 42 32 37 -7 28 0 0.00 M M 11.1 22 80 M M 6 29 80
23 40 29 35 -9 30 0 0.00 M M 8.0 14 200 M M 3 17 290
24 47 31 39 -5 26 0 0.00 M M 8.1 20 110 M M 3 27 110
25 51 27 39 -5 26 0 0.00 M M 11.1 16 80 M M 0 22 90
26 49 37 43 -1 22 0 0.50 M M 12.7 35 180 M M 7 1 46 190
27 53 47 50 6 15 0 1.07 M M 18.4 36 180 M M 10 18 49 170
28 53 51 52 8 13 0 2.14 M M 23.0 36 200 M M 10 1 49 200
================================================================================
SM 1419 1101 555 0 5.16 M 248.7 M 185
================================================================================
AV 50.7 39.3 8.9 FASTST M M 7 MAX(MPH)
MISC ----> # 36 180 # 49 170
================================================================================
NOTES:
# LAST OF SEVERAL OCCURRENCES
COLUMN 17 PEAK WIND IN M.P.H.
PRELIMINARY LOCAL CLIMATOLOGICAL DATA (WS FORM: F-6) , PAGE 2
STATION: HOQUIAM WA AIRPORT
MONTH: FEBRUARY
YEAR: 2022
LATITUDE: 46 58 N
LONGITUDE: 123 56 W
[TEMPERATURE DATA] [PRECIPITATION DATA] SYMBOLS USED IN COLUMN 16
AVERAGE MONTHLY: 45.0 TOTAL FOR MONTH: 5.16 1 = FOG OR MIST
DPTR FM NORMAL: 1.4 DPTR FM NORMAL: -1.49 2 = FOG REDUCING VISIBILITY
HIGHEST: 63 ON 12 GRTST 24HR 2.41 ON 27-28 TO 1/4 MILE OR LESS
LOWEST: 27 ON 25 3 = THUNDER
SNOW, ICE PELLETS, HAIL 4 = ICE PELLETS
TOTAL MONTH: M 5 = HAIL
GRTST 24HR M ON M 6 = FREEZING RAIN OR DRIZZLE
GRTST DEPTH: M ON M 7 = DUSTSTORM OR SANDSTORM:
VSBY 1/2 MILE OR LESS
8 = SMOKE OR HAZE
[NO. OF DAYS WITH] [WEATHER - DAYS WITH] 9 = BLOWING SNOW
X = TORNADO
MAX 32 OR BELOW: 0 0.01 INCH OR MORE: 16
MAX 90 OR ABOVE: 0 0.10 INCH OR MORE: 8
MIN 32 OR BELOW: 4 0.50 INCH OR MORE: 3
MIN 0 OR BELOW: 0 1.00 INCH OR MORE: 2
[HDD (BASE 65) ]
TOTAL THIS MO. 555 CLEAR (SCALE 0-3) 7
DPTR FM NORMAL -44 PTCLDY (SCALE 4-7) 11
TOTAL FM JUL 1 3070 CLOUDY (SCALE 8-10) 10
DPTR FM NORMAL -362
[CDD (BASE 65) ]
TOTAL THIS MO. 0
DPTR FM NORMAL 0 [PRESSURE DATA]
TOTAL FM JAN 1 0 HIGHEST SLP 30.66 ON 8
DPTR FM NORMAL 0 LOWEST SLP 29.84 ON 21
[REMARKS]
#FINAL-02-22#