000
CXUS54 KBRO 060529
CF6HRL
PRELIMINARY LOCAL CLIMATOLOGICAL DATA (WS FORM: F-6)
STATION: HARLINGEN
MONTH: JUNE
YEAR: 2021
LATITUDE: 26 13 N
LONGITUDE: 97 40 W
TEMPERATURE IN F: :PCPN: SNOW: WIND :SUNSHINE: SKY :PK WND
================================================================================
1 2 3 4 5 6A 6B 7 8 9 10 11 12 13 14 15 16 17 18
12Z AVG MX 2MIN
DY MAX MIN AVG DEP HDD CDD WTR SNW DPTH SPD SPD DIR MIN PSBL S-S WX SPD DR
================================================================================
1 79 71 75 -9 0 10 0.52 0.0 0 7.8 23 120 M M 4 13 29 30
2 89 70 80 -4 0 15 0.01 0.0 0 6.6 21 100 M M 2 3 26 110
3 90 69 80 -4 0 15 0.78 0.0 0 9.1 22 160 M M 4 13 28 160
4 84 69 77 -7 0 12 0.59 0.0 0 4.6 15 170 M M 5 13 21 170
5 89 68 79 -5 0 14 0.00 0.0 0 6.2 15 110 M M 2 1 19 80
6 93 72 83 -1 0 18 0.00 0.0 0 13.6 26 160 M M 1 1 32 170
7 92 80 86 2 0 21 0.00 0.0 0 18.8 29 170 M M 5 1 36 170
8 92 80 86 1 0 21 0.00 0.0 0 15.3 25 150 M M 6 31 160
9 93 78 86 1 0 21 0.00 0.0 0 13.4 21 170 M M 5 26 170
10 93 77 85 0 0 20 0.00 0.0 0 11.1 21 150 M M 5 1 26 150
11 94 75 85 0 0 20 0.00 0.0 0 11.3 21 190 M M 1 25 190
12 92 75 84 -1 0 19 0.00 0.0 0 8.5 17 180 M M 2 24 160
13 93 71 82 -3 0 17 0.00 0.0 0 4.7 15 100 M M 1 12 18 80
14 94 73 84 -1 0 19 0.00 0.0 0 5.6 16 90 M M 1 1 21 80
15 94 73 84 -1 0 19 0.00 0.0 0 M M M M M 2 1 M M
16 92 73 83 -2 0 18 0.00 0.0 0 8.4 18 60 M M 2 1 23 60
17 93 72 83 -2 0 18 0.00 0.0 0 8.2 18 80 M M 1 26 80
18 93 72 83 -2 0 18 0.00 0.0 0 6.6 17 80 M M 1 1 22 80
19 95 73 84 -1 0 19 0.00 0.0 0 7.3 21 140 M M 2 25 130
20 95 79 87 2 0 22 T 0.0 0 14.9 26 160 M M 5 8 32 180
21 97 82 90 5 0 25 0.00 0.0 0 17.4 26 160 M M 7 34 160
22 90 75 83 -2 0 18 1.12 0.0 0 7.3 25 140 M M 6 13 31 140
23 89 75 82 -3 0 17 0.15 0.0 0 9.9 24 120 M M 3 13 30 110
24 94 77 86 1 0 21 0.00 0.0 0 11.9 22 140 M M 4 1 27 160
25 95 79 87 2 0 22 0.00 0.0 0 14.5 24 160 M M 3 1 29 160
26 94 78 86 1 0 21 0.00 0.0 0 14.2 23 140 M M 2 28 160
27 93 75 84 -1 0 19 T 0.0 0 9.3 20 110 M M 1 3 24 120
28 91 73 82 -3 0 17 0.00 0.0 0 8.3 17 140 M M 2 3 20 140
29 88 75 82 -3 0 17 0.10 0.0 0 7.0 20 90 M M 5 1 23 90
30 89 74 82 -3 0 17 0.25 0.0 0 7.6 18 170 M M 1 13 25 160
================================================================================
SM 2749 2233 0 550 3.52 0.0 289.4 M 91
================================================================================
AV 91.6 74.4 10.0 FASTST M M 3 MAX(MPH)
MISC ----> 29 170 36 170
================================================================================
NOTES:
# LAST OF SEVERAL OCCURRENCES
COLUMN 17 PEAK WIND IN M.P.H.
PRELIMINARY LOCAL CLIMATOLOGICAL DATA (WS FORM: F-6) , PAGE 2
STATION: HARLINGEN
MONTH: JUNE
YEAR: 2021
LATITUDE: 26 13 N
LONGITUDE: 97 40 W
[TEMPERATURE DATA] [PRECIPITATION DATA] SYMBOLS USED IN COLUMN 16
AVERAGE MONTHLY: 83.0 TOTAL FOR MONTH: 3.52 1 = FOG OR MIST
DPTR FM NORMAL: -1.8 DPTR FM NORMAL: 1.26 2 = FOG REDUCING VISIBILITY
HIGHEST: 97 ON 21 GRTST 24HR 1.37 ON 3- 4 TO 1/4 MILE OR LESS
LOWEST: 68 ON 5 3 = THUNDER
SNOW, ICE PELLETS, HAIL 4 = ICE PELLETS
TOTAL MONTH: 0.0 INCH 5 = HAIL
GRTST 24HR 0.0 6 = FREEZING RAIN OR DRIZZLE
GRTST DEPTH: 0 7 = DUSTSTORM OR SANDSTORM:
VSBY 1/2 MILE OR LESS
8 = SMOKE OR HAZE
[NO. OF DAYS WITH] [WEATHER - DAYS WITH] 9 = BLOWING SNOW
X = TORNADO
MAX 32 OR BELOW: 0 0.01 INCH OR MORE: 8
MAX 90 OR ABOVE: 23 0.10 INCH OR MORE: 7
MIN 32 OR BELOW: 0 0.50 INCH OR MORE: 4
MIN 0 OR BELOW: 0 1.00 INCH OR MORE: 1
[HDD (BASE 65) ]
TOTAL THIS MO. 0 CLEAR (SCALE 0-3) 16
DPTR FM NORMAL 0 PTCLDY (SCALE 4-7) 14
TOTAL FM JUL 1 639 CLOUDY (SCALE 8-10) 0
DPTR FM NORMAL 68
[CDD (BASE 65) ]
TOTAL THIS MO. 550
DPTR FM NORMAL -44 [PRESSURE DATA]
TOTAL FM JAN 1 1740 HIGHEST SLP 30.07 ON 1
DPTR FM NORMAL -49 LOWEST SLP 29.66 ON 6
[REMARKS]
#FINAL-06-21#