000
CXUS52 KMHX 011420
CLMHSE
CLIMATE REPORT
NATIONAL WEATHER SERVICE NEWPORT/MOREHEAD CITY
920 AM EST THU FEB 01 2024
...................................
...THE CAPE HATTERAS NC CLIMATE SUMMARY FOR THE MONTH OF JANUARY 2024...
CLIMATE NORMAL PERIOD 1991 TO 2020
CLIMATE RECORD PERIOD 1874 TO 2024
WEATHER OBSERVED NORMAL DEPART LAST YEAR`S
VALUE DATE(S) VALUE FROM VALUE DATE(S)
NORMAL
................................................................
TEMPERATURE (F)
RECORD
HIGH 99 01/21/2018
LOW 6 01/21/1985
HIGHEST 68 01/13 71
01/25
01/26
LOWEST 25 01/21 32
AVG. MAXIMUM 55.3 55.4 -0.1 59.2
AVG. MINIMUM 41.7 40.6 1.1 42.9
MEAN 48.5 48.0 0.5 51.1
DAYS MAX >= 90 0 0.0 0.0 0
DAYS MAX <= 32 0 0.6 -0.6 0
DAYS MIN <= 32 6 7.1 -1.1 3
DAYS MIN <= 0 0 0.0 0.0 0
PRECIPITATION (INCHES)
RECORD
MAXIMUM 12.45 1991
MINIMUM MM 2006
TOTALS 2.27 4.91 -2.64 3.76
DAYS >= .01 12 10.9 1.1 11
DAYS >= .10 8 7.5 0.5 7
DAYS >= .50 2 3.3 -1.3 2
DAYS >= 1.00 0 1.5 -1.5 2
SNOWFALL (INCHES)
RECORDS
TOTAL MM 2021
SNOW DEPTH MM MM
TOTALS 0.0 MM MM 0.0
LIQUID EQUIV 0.00 MM MM 0.00
SINCE 7/1 0.0 MM MM MM
LIQUID 7/1 0.00 MM MM MM
SNOWDEPTH AVG. 0 0
DAYS >= TRACE 0 MM MM 0
DAYS >= 1.0 0 MM MM 0
GREATEST
SNOW DEPTH 0 0 MM
STORM TOTAL 0.0
(MM/DD(HH))
DEGREE DAYS
HEATING TOTAL 503 528 -25 427
SINCE 7/1 1142 1199 -57 MM
................................................................
WIND (MPH)
AVERAGE WIND SPEED 8.3
HIGHEST WIND SPEED/DIRECTION 41/180 DATE 01/09
HIGHEST GUST SPEED/DIRECTION 56/170 DATE 01/09
SKY COVER
POSSIBLE SUNSHINE (PERCENT) MM
AVERAGE SKY COVER 0.37
NUMBER OF DAYS FAIR 17
NUMBER OF DAYS PC 9
NUMBER OF DAYS CLOUDY 5
AVERAGE RH (PERCENT) 73
WEATHER CONDITIONS. NUMBER OF DAYS WITH
THUNDERSTORM 2 MIXED PRECIP 0
HEAVY RAIN 2 RAIN 5
LIGHT RAIN 16 FREEZING RAIN 0
LT FREEZING RAIN 0 HAIL 0
HEAVY SNOW 0 SNOW 0
LIGHT SNOW 1 SLEET 0
FOG 14 FOG W/VIS <= 1/4 MILE 4
HAZE 7
- INDICATES NEGATIVE NUMBERS.
R INDICATES RECORD WAS SET OR TIED.
MM INDICATES DATA IS MISSING.
T INDICATES TRACE AMOUNT.
$$